INSERT INTO `wphs_15_posts` (`ID`, `post_author`, `post_date`, `post_date_gmt`, `post_content`, `post_title`, `post_excerpt`, `post_status`, `comment_status`, `ping_status`, `post_password`, `post_name`, `to_ping`, `pinged`, `post_modified`, `post_modified_gmt`, `post_content_filtered`, `post_parent`, `guid`, `menu_order`, `post_type`, `post_mime_type`, `comment_count`) VALUES
(1118, 1, '2024-02-13 18:09:28', '2024-02-13 23:09:28', '[fusion_builder_container admin_label=\"Hero\" type=\"flex\" hundred_percent=\"yes\" hundred_percent_height=\"min\" min_height_medium=\"\" min_height_small=\"200px\" min_height=\"\" hundred_percent_height_scroll=\"no\" align_content=\"center\" flex_align_items=\"flex-end\" flex_justify_content=\"flex-start\" flex_wrap_medium=\"\" flex_wrap_small=\"\" flex_wrap=\"wrap\" flex_column_spacing=\"\" hundred_percent_height_center_content=\"yes\" equal_height_columns=\"no\" container_tag=\"div\" menu_anchor=\"\" hide_on_mobile=\"small-visibility,medium-visibility,large-visibility\" status=\"published\" publish_date=\"\" class=\"\" id=\"\" margin_top_medium=\"\" margin_bottom_medium=\"\" margin_top_small=\"\" margin_bottom_small=\"0px\" margin_top=\"\" margin_bottom=\"\" padding_top_medium=\"\" padding_right_medium=\"\" padding_bottom_medium=\"\" padding_left_medium=\"\" padding_top_small=\"\" padding_right_small=\"\" padding_bottom_small=\"\" padding_left_small=\"\" padding_top=\"5%\" padding_right=\"\" padding_bottom=\"\" padding_left=\"\" link_hover_color=\"\" hue=\"\" saturation=\"\" lightness=\"\" alpha=\"\" link_color=\"\" border_sizes_top=\"\" border_sizes_right=\"\" border_sizes_bottom=\"\" border_sizes_left=\"\" border_color=\"\" border_style=\"solid\" border_radius_top_left=\"\" border_radius_top_right=\"\" border_radius_bottom_right=\"\" border_radius_bottom_left=\"\" box_shadow=\"no\" box_shadow_vertical=\"\" box_shadow_horizontal=\"\" box_shadow_blur=\"0\" box_shadow_spread=\"0\" box_shadow_color=\"\" box_shadow_style=\"\" z_index=\"\" overflow=\"\" gradient_start_color=\"hsla(var(--awb-color5-h),var(--awb-color5-s),var(--awb-color5-l),calc(var(--awb-color5-a) - 20%))\" gradient_end_color=\"hsla(var(--awb-color8-h),var(--awb-color8-s),calc( var(--awb-color8-l) - 20% ),calc( var(--awb-color8-a) - 55% ))\" gradient_start_position=\"0\" gradient_end_position=\"100\" gradient_type=\"linear\" radial_direction=\"center center\" linear_angle=\"0\" background_color_medium=\"\" background_color_small=\"\" background_color=\"\" background_image_medium=\"\" background_image_small=\"\" background_image=\"\" skip_lazy_load=\"\" background_position_medium=\"\" background_position_small=\"\" background_position=\"center center\" background_repeat_medium=\"\" background_repeat_small=\"\" background_repeat=\"no-repeat\" background_size_medium=\"\" background_size_small=\"\" background_size=\"\" background_custom_size=\"\" background_custom_size_medium=\"\" background_custom_size_small=\"\" fade=\"no\" background_parallax=\"none\" enable_mobile=\"no\" parallax_speed=\"0.3\" background_blend_mode_medium=\"\" background_blend_mode_small=\"\" background_blend_mode=\"none\" video_mp4=\"\" video_webm=\"\" video_ogv=\"\" video_url=\"\" video_aspect_ratio=\"16:9\" video_loop=\"yes\" video_mute=\"yes\" video_preview_image=\"\" pattern_bg=\"none\" pattern_custom_bg=\"\" pattern_bg_color=\"\" pattern_bg_style=\"default\" pattern_bg_opacity=\"100\" pattern_bg_size=\"\" pattern_bg_blend_mode=\"normal\" mask_bg=\"none\" mask_custom_bg=\"\" mask_bg_color=\"\" mask_bg_accent_color=\"\" mask_bg_style=\"default\" mask_bg_opacity=\"100\" mask_bg_transform=\"left\" mask_bg_blend_mode=\"normal\" render_logics=\"W3sib3BlcmF0b3IiOiJhbmQiLCJjb21wYXJpc29uIjoiZXF1YWwiLCJmaWVsZCI6InVzZXJfc3RhdGUiLCJ2YWx1ZSI6ImxvZ2dlZF9pbiJ9XQ==\" logics=\"\" absolute=\"off\" absolute_devices=\"small,medium,large\" sticky=\"off\" sticky_devices=\"small-visibility,medium-visibility,large-visibility\" sticky_background_color=\"\" sticky_height=\"\" sticky_offset=\"\" sticky_transition_offset=\"0\" scroll_offset=\"0\" animation_type=\"\" animation_direction=\"left\" animation_color=\"\" animation_speed=\"0.3\" animation_delay=\"0\" animation_offset=\"\" filter_hue=\"0\" filter_saturation=\"100\" filter_brightness=\"100\" filter_contrast=\"100\" filter_invert=\"0\" filter_sepia=\"0\" filter_opacity=\"100\" filter_blur=\"0\" filter_hue_hover=\"0\" filter_saturation_hover=\"100\" filter_brightness_hover=\"100\" filter_contrast_hover=\"100\" filter_invert_hover=\"0\" filter_sepia_hover=\"0\" filter_opacity_hover=\"100\" filter_blur_hover=\"0\" dynamic_params=\"eyJiYWNrZ3JvdW5kX2ltYWdlIjp7ImRhdGEiOiJzaG9ydGNvZGUiLCJiYWNrZ3JvdW5kX2ltYWdlIjoiIiwic2hvcnRjb2RlIjoiW2ltYWdlT3B0aW9uIHZhbHVlPVwib3B0aW9uc19kaWdpdGFsX2J1c2luZXNzX2NhcmRfZ3JvdXBfaGVyb19iYWNrZ3JvdW5kXCJdIiwiYmVmb3JlIjoiIiwiYWZ0ZXIiOiIiLCJmYWxsYmFjayI6IiJ9fQ==\"][fusion_builder_row][fusion_builder_column type=\"1_1\" layout=\"1_1\" center_content=\"no\" target=\"_self\" hide_on_mobile=\"small-visibility,medium-visibility,large-visibility\" hover_type=\"none\" border_style=\"solid\" border_position=\"all\" box_shadow=\"no\" box_shadow_blur=\"0\" box_shadow_spread=\"0\" background_type=\"single\" gradient_start_position=\"0\" gradient_end_position=\"100\" gradient_type=\"linear\" radial_direction=\"center center\" linear_angle=\"180\" background_position=\"center center\" background_repeat=\"no-repeat\" background_blend_mode=\"none\" animation_type=\"fade\" animation_direction=\"up\" animation_speed=\"1.0\" filter_type=\"regular\" filter_hue=\"0\" filter_saturation=\"100\" filter_brightness=\"100\" filter_contrast=\"100\" filter_invert=\"0\" filter_sepia=\"0\" filter_opacity=\"100\" filter_blur=\"0\" filter_hue_hover=\"0\" filter_saturation_hover=\"100\" filter_brightness_hover=\"100\" filter_contrast_hover=\"100\" filter_invert_hover=\"0\" filter_sepia_hover=\"0\" filter_opacity_hover=\"100\" filter_blur_hover=\"0\" first=\"true\" last=\"true\" padding_bottom=\"50px9px\" border_sizes_top=\"0px\" border_sizes_bottom=\"0px\" border_sizes_left=\"0px\" border_sizes_right=\"0px\" element_content=\"\" align_self=\"flex-end\" align_content=\"flex-end\" margin_bottom_small=\"-100px\" min_height=\"\" link=\"\"][fusion_section_separator divider_type=\"waves\" divider_position=\"right\" divider_candy=\"top\" hide_on_mobile=\"small-visibility,medium-visibility,large-visibility\" /][/fusion_builder_column][/fusion_builder_row][/fusion_builder_container][fusion_builder_container type=\"flex\" hundred_percent=\"no\" hundred_percent_height=\"min\" min_height_medium=\"\" min_height_small=\"\" min_height=\"250px\" hundred_percent_height_scroll=\"no\" align_content=\"stretch\" flex_align_items=\"flex-start\" flex_justify_content=\"flex-start\" flex_wrap_medium=\"\" flex_wrap_small=\"\" flex_wrap=\"wrap\" flex_column_spacing=\"\" hundred_percent_height_center_content=\"yes\" equal_height_columns=\"no\" container_tag=\"div\" menu_anchor=\"\" hide_on_mobile=\"small-visibility,medium-visibility,large-visibility\" status=\"published\" publish_date=\"\" class=\"\" id=\"\" margin_top_medium=\"\" margin_bottom_medium=\"\" margin_top_small=\"\" margin_bottom_small=\"\" margin_top=\"0px\" margin_bottom=\"\" padding_top_medium=\"\" padding_right_medium=\"\" padding_bottom_medium=\"\" padding_left_medium=\"\" padding_top_small=\"\" padding_right_small=\"\" padding_bottom_small=\"\" padding_left_small=\"\" padding_top=\"\" padding_right=\"\" padding_bottom=\"\" padding_left=\"\" link_hover_color=\"\" hue=\"\" saturation=\"\" lightness=\"\" alpha=\"\" link_color=\"\" border_sizes_top=\"\" border_sizes_right=\"\" border_sizes_bottom=\"\" border_sizes_left=\"\" border_color=\"\" border_style=\"solid\" border_radius_top_left=\"\" border_radius_top_right=\"\" border_radius_bottom_right=\"\" border_radius_bottom_left=\"\" box_shadow=\"no\" box_shadow_vertical=\"\" box_shadow_horizontal=\"\" box_shadow_blur=\"0\" box_shadow_spread=\"0\" box_shadow_color=\"\" box_shadow_style=\"\" z_index=\"\" overflow=\"\" gradient_start_color=\"\" gradient_end_color=\"\" gradient_start_position=\"0\" gradient_end_position=\"100\" gradient_type=\"linear\" radial_direction=\"center center\" linear_angle=\"180\" background_color_medium=\"\" background_color_small=\"\" background_color=\"\" background_image_medium=\"\" background_image_small=\"\" background_image=\"\" skip_lazy_load=\"\" background_position_medium=\"\" background_position_small=\"\" background_position=\"center center\" background_repeat_medium=\"\" background_repeat_small=\"\" background_repeat=\"no-repeat\" background_size_medium=\"\" background_size_small=\"\" background_size=\"\" background_custom_size=\"\" background_custom_size_medium=\"\" background_custom_size_small=\"\" fade=\"no\" background_parallax=\"none\" enable_mobile=\"no\" parallax_speed=\"0.3\" background_blend_mode_medium=\"\" background_blend_mode_small=\"\" background_blend_mode=\"none\" video_mp4=\"\" video_webm=\"\" video_ogv=\"\" video_url=\"\" video_aspect_ratio=\"16:9\" video_loop=\"yes\" video_mute=\"yes\" video_preview_image=\"\" pattern_bg=\"none\" pattern_custom_bg=\"\" pattern_bg_color=\"\" pattern_bg_style=\"default\" pattern_bg_opacity=\"100\" pattern_bg_size=\"\" pattern_bg_blend_mode=\"normal\" mask_bg=\"none\" mask_custom_bg=\"\" mask_bg_color=\"\" mask_bg_accent_color=\"\" mask_bg_style=\"default\" mask_bg_opacity=\"100\" mask_bg_transform=\"left\" mask_bg_blend_mode=\"normal\" render_logics=\"W3sib3BlcmF0b3IiOiJhbmQiLCJjb21wYXJpc29uIjoiZXF1YWwiLCJmaWVsZCI6InVzZXJfc3RhdGUiLCJ2YWx1ZSI6ImxvZ2dlZF9pbiJ9XQ==\" logics=\"\" absolute=\"off\" absolute_devices=\"small,medium,large\" sticky=\"off\" sticky_devices=\"small-visibility,medium-visibility,large-visibility\" sticky_background_color=\"\" sticky_height=\"\" sticky_offset=\"\" sticky_transition_offset=\"0\" scroll_offset=\"0\" animation_type=\"\" animation_direction=\"left\" animation_color=\"\" animation_speed=\"0.3\" animation_delay=\"0\" animation_offset=\"\" filter_hue=\"0\" filter_saturation=\"100\" filter_brightness=\"100\" filter_contrast=\"100\" filter_invert=\"0\" filter_sepia=\"0\" filter_opacity=\"100\" filter_blur=\"0\" filter_hue_hover=\"0\" filter_saturation_hover=\"100\" filter_brightness_hover=\"100\" filter_contrast_hover=\"100\" filter_invert_hover=\"0\" filter_sepia_hover=\"0\" filter_opacity_hover=\"100\" filter_blur_hover=\"0\"][fusion_builder_row][fusion_builder_column type=\"1_1\" layout=\"1_1\" center_content=\"no\" target=\"_self\" hide_on_mobile=\"small-visibility,medium-visibility,large-visibility\" hover_type=\"none\" border_style=\"solid\" border_position=\"all\" box_shadow=\"no\" box_shadow_blur=\"0\" box_shadow_spread=\"0\" background_type=\"single\" gradient_start_position=\"0\" gradient_end_position=\"100\" gradient_type=\"linear\" radial_direction=\"center center\" linear_angle=\"180\" background_position=\"left top\" background_repeat=\"no-repeat\" background_blend_mode=\"none\" animation_direction=\"left\" animation_speed=\"0.3\" filter_type=\"regular\" filter_hue=\"0\" filter_saturation=\"100\" filter_brightness=\"100\" filter_contrast=\"100\" filter_invert=\"0\" filter_sepia=\"0\" filter_opacity=\"100\" filter_blur=\"0\" filter_hue_hover=\"0\" filter_saturation_hover=\"100\" filter_brightness_hover=\"100\" filter_contrast_hover=\"100\" filter_invert_hover=\"0\" filter_sepia_hover=\"0\" filter_opacity_hover=\"100\" filter_blur_hover=\"0\" first=\"true\" last=\"true\" border_sizes_top=\"0px\" border_sizes_bottom=\"0px\" border_sizes_left=\"0px\" border_sizes_right=\"0px\" margin_top_small=\"30px\" min_height=\"\" link=\"\"][fusion_imageframe aspect_ratio=\"\" custom_aspect_ratio=\"100\" aspect_ratio_position=\"\" lightbox=\"no\" linktarget=\"_self\" align_medium=\"none\" align_small=\"right\" align=\"none\" mask=\"\" custom_mask=\"\" mask_size=\"\" mask_custom_size=\"\" mask_position=\"\" mask_custom_position=\"\" mask_repeat=\"\" style_type=\"\" hover_type=\"none\" magnify_duration=\"120\" scroll_height=\"100\" scroll_speed=\"1\" margin_medium=\"\" margin_small=\"\" caption_style=\"off\" caption_align_medium=\"none\" caption_align_small=\"none\" caption_align=\"none\" caption_title_tag=\"2\" animation_direction=\"left\" animation_color=\"\" animation_speed=\"0.3\" animation_delay=\"0\" hide_on_mobile=\"small-visibility,medium-visibility,large-visibility\" sticky_display=\"normal,sticky\" filter_hue=\"0\" filter_saturation=\"100\" filter_brightness=\"100\" filter_contrast=\"100\" filter_invert=\"0\" filter_sepia=\"0\" filter_opacity=\"100\" filter_blur=\"0\" filter_hue_hover=\"0\" filter_saturation_hover=\"100\" filter_brightness_hover=\"100\" filter_contrast_hover=\"100\" filter_invert_hover=\"0\" filter_sepia_hover=\"0\" filter_opacity_hover=\"100\" filter_blur_hover=\"0\" dynamic_params=\"eyJlbGVtZW50X2NvbnRlbnQiOnsiZGF0YSI6InNob3J0Y29kZSIsInNob3J0Y29kZSI6IltpbWFnZU9wdGlvbiB2YWx1ZT1cIm9wdGlvbnNfZGlnaXRhbF9idXNpbmVzc19jYXJkX2dyb3VwX3Byb2ZpbGVfcGljdHVyZVwiXSJ9fQ==\" max_width=\"100px\" borderradius=\"50px\" /][fusion_title title_type=\"text\" rotation_effect=\"bounceIn\" display_time=\"1200\" highlight_effect=\"circle\" loop_animation=\"off\" highlight_width=\"9\" highlight_top_margin=\"0\" content_align=\"left\" size=\"2\" font_size=\"30px\" letter_spacing=\"-2px\" style_type=\"none\" hide_on_mobile=\"small-visibility,medium-visibility,large-visibility\" margin_bottom=\"10px\" margin_bottom_mobile=\"0px\" margin_top=\"-30px\" margin_top_mobile=\"-30px\" margin_top_small=\"-30px\" margin_bottom_small=\"0px\"][option value=\"options_digital_business_card_group_first_name\"] [option value=\"options_digital_business_card_group_last_name\"][/fusion_title][fusion_text rule_style=\"default\" animation_direction=\"left\" animation_speed=\"0.3\" hide_on_mobile=\"small-visibility,medium-visibility,large-visibility\"]\r\n<div id=\"title\">[option value=\"options_digital_business_card_group_title\"]</div>\r\n<div id=\"company\">[option value=\"options_digital_business_card_group_company\"]</div>\r\n[/fusion_text][fusion_text rule_style=\"default\" animation_direction=\"left\" animation_speed=\"0.3\" hide_on_mobile=\"small-visibility,medium-visibility,large-visibility\"]\r\n<div id=\"bio\">[option value=\"options_digital_business_card_group_biography\"]</div>\r\n[/fusion_text][fusion_button target=\"_self\" color=\"default\" linear_angle=\"180\" stretch=\"yes\" icon_position=\"left\" icon_divider=\"no\" hover_transition=\"none\" animation_direction=\"left\" animation_speed=\"0.3\" animation_delay=\"0\" hide_on_mobile=\"small-visibility,medium-visibility,large-visibility\" sticky_display=\"normal,sticky\" link=\"#\" alignment=\"center\"]Send Contact[/fusion_button][fusion_text animation_direction=\"left\" animation_speed=\"0.3\" animation_delay=\"0\" hide_on_mobile=\"small-visibility,medium-visibility,large-visibility\" sticky_display=\"normal,sticky\"][/fusion_text][/fusion_builder_column][/fusion_builder_row][/fusion_builder_container][fusion_builder_container admin_label=\"From The Blog\" type=\"flex\" hundred_percent=\"yes\" hundred_percent_height=\"no\" min_height_medium=\"\" min_height_small=\"\" min_height=\"\" hundred_percent_height_scroll=\"no\" align_content=\"stretch\" flex_align_items=\"flex-start\" flex_justify_content=\"flex-start\" flex_wrap_medium=\"\" flex_wrap_small=\"\" flex_wrap=\"wrap\" flex_column_spacing=\"\" hundred_percent_height_center_content=\"yes\" equal_height_columns=\"no\" container_tag=\"div\" menu_anchor=\"\" hide_on_mobile=\"small-visibility,medium-visibility,large-visibility\" status=\"published\" publish_date=\"\" class=\"\" id=\"\" margin_top_medium=\"\" margin_bottom_medium=\"\" margin_top_small=\"\" margin_bottom_small=\"\" margin_top=\"\" margin_bottom=\"\" padding_top_medium=\"\" padding_right_medium=\"\" padding_bottom_medium=\"\" padding_left_medium=\"\" padding_top_small=\"\" padding_right_small=\"\" padding_bottom_small=\"\" padding_left_small=\"\" padding_top=\"\" padding_right=\"10%\" padding_bottom=\"8%\" padding_left=\"10%\" link_hover_color=\"\" hue=\"\" saturation=\"\" lightness=\"\" alpha=\"\" link_color=\"\" border_sizes_top=\"\" border_sizes_right=\"\" border_sizes_bottom=\"\" border_sizes_left=\"\" border_color=\"\" border_style=\"solid\" border_radius_top_left=\"\" border_radius_top_right=\"\" border_radius_bottom_right=\"\" border_radius_bottom_left=\"\" box_shadow=\"no\" box_shadow_vertical=\"\" box_shadow_horizontal=\"\" box_shadow_blur=\"0\" box_shadow_spread=\"0\" box_shadow_color=\"\" box_shadow_style=\"\" z_index=\"\" overflow=\"\" gradient_start_color=\"var(--awb-color5)\" gradient_end_color=\"hsla(var(--awb-color5-h),var(--awb-color5-s),var(--awb-color5-l),calc(var(--awb-color5-a) - 20%))\" gradient_start_position=\"0\" gradient_end_position=\"78\" gradient_type=\"linear\" radial_direction=\"center center\" linear_angle=\"0\" background_color_medium=\"\" background_color_small=\"\" background_color=\"\" background_image_medium=\"\" background_image_small=\"\" background_image=\"\" skip_lazy_load=\"\" background_position_medium=\"\" background_position_small=\"\" background_position=\"center bottom\" background_repeat_medium=\"\" background_repeat_small=\"\" background_repeat=\"no-repeat\" background_size_medium=\"\" background_size_small=\"\" background_size=\"\" background_custom_size=\"\" background_custom_size_medium=\"\" background_custom_size_small=\"\" fade=\"no\" background_parallax=\"none\" enable_mobile=\"no\" parallax_speed=\"0.2\" background_blend_mode_medium=\"\" background_blend_mode_small=\"\" background_blend_mode=\"none\" video_mp4=\"\" video_webm=\"\" video_ogv=\"\" video_url=\"\" video_aspect_ratio=\"16:9\" video_loop=\"yes\" video_mute=\"yes\" video_preview_image=\"\" pattern_bg=\"none\" pattern_custom_bg=\"\" pattern_bg_color=\"\" pattern_bg_style=\"default\" pattern_bg_opacity=\"100\" pattern_bg_size=\"\" pattern_bg_blend_mode=\"normal\" mask_bg=\"none\" mask_custom_bg=\"\" mask_bg_color=\"\" mask_bg_accent_color=\"\" mask_bg_style=\"default\" mask_bg_opacity=\"100\" mask_bg_transform=\"left\" mask_bg_blend_mode=\"normal\" render_logics=\"W3sib3BlcmF0b3IiOiJhbmQiLCJjb21wYXJpc29uIjoiZXF1YWwiLCJmaWVsZCI6InVzZXJfc3RhdGUiLCJ2YWx1ZSI6ImxvZ2dlZF9pbiJ9XQ==\" logics=\"\" absolute=\"off\" absolute_devices=\"small,medium,large\" sticky=\"off\" sticky_devices=\"small-visibility,medium-visibility,large-visibility\" sticky_background_color=\"\" sticky_height=\"\" sticky_offset=\"\" sticky_transition_offset=\"0\" scroll_offset=\"0\" animation_type=\"\" animation_direction=\"left\" animation_color=\"\" animation_speed=\"0.3\" animation_delay=\"0\" animation_offset=\"\" filter_hue=\"0\" filter_saturation=\"100\" filter_brightness=\"100\" filter_contrast=\"100\" filter_invert=\"0\" filter_sepia=\"0\" filter_opacity=\"100\" filter_blur=\"0\" filter_hue_hover=\"0\" filter_saturation_hover=\"100\" filter_brightness_hover=\"100\" filter_contrast_hover=\"100\" filter_invert_hover=\"0\" filter_sepia_hover=\"0\" filter_opacity_hover=\"100\" filter_blur_hover=\"0\" dynamic_params=\"eyJiYWNrZ3JvdW5kX2ltYWdlIjp7ImRhdGEiOiJzaG9ydGNvZGUiLCJiYWNrZ3JvdW5kX2ltYWdlIjoiIiwic2hvcnRjb2RlIjoiW2ltYWdlT3B0aW9uIHZhbHVlPVwib3B0aW9uc19kaWdpdGFsX2J1c2luZXNzX2NhcmRfZ3JvdXBfaGVyb19iYWNrZ3JvdW5kXCJdIiwiYmVmb3JlIjoiIiwiYWZ0ZXIiOiIiLCJmYWxsYmFjayI6IiJ9fQ==\"][fusion_builder_row][fusion_builder_column type=\"1_1\" layout=\"1_1\" center_content=\"no\" target=\"_self\" hide_on_mobile=\"small-visibility,medium-visibility,large-visibility\" hover_type=\"none\" border_style=\"solid\" border_position=\"all\" box_shadow=\"no\" box_shadow_blur=\"0\" box_shadow_spread=\"0\" background_type=\"single\" gradient_start_position=\"0\" gradient_end_position=\"100\" gradient_type=\"linear\" radial_direction=\"center center\" linear_angle=\"180\" background_position=\"left top\" background_repeat=\"no-repeat\" background_blend_mode=\"none\" animation_direction=\"left\" animation_speed=\"0.3\" filter_type=\"regular\" filter_hue=\"0\" filter_saturation=\"100\" filter_brightness=\"100\" filter_contrast=\"100\" filter_invert=\"0\" filter_sepia=\"0\" filter_opacity=\"100\" filter_blur=\"0\" filter_hue_hover=\"0\" filter_saturation_hover=\"100\" filter_brightness_hover=\"100\" filter_contrast_hover=\"100\" filter_invert_hover=\"0\" filter_sepia_hover=\"0\" filter_opacity_hover=\"100\" filter_blur_hover=\"0\" first=\"true\" last=\"true\" border_sizes_top=\"0px\" border_sizes_bottom=\"0px\" border_sizes_left=\"0px\" border_sizes_right=\"0px\" min_height=\"\" link=\"\"][fusion_section_separator divider_type=\"waves\" divider_position=\"left\" divider_candy=\"bottom\" hide_on_mobile=\"small-visibility,medium-visibility,large-visibility\" /][/fusion_builder_column][/fusion_builder_row][/fusion_builder_container][fusion_builder_container type=\"flex\" hundred_percent=\"no\" hundred_percent_height=\"min\" min_height_medium=\"\" min_height_small=\"\" min_height=\"100%\" hundred_percent_height_scroll=\"no\" align_content=\"stretch\" flex_align_items=\"flex-start\" flex_justify_content=\"flex-start\" flex_wrap_medium=\"\" flex_wrap_small=\"\" flex_wrap=\"wrap\" flex_column_spacing=\"\" hundred_percent_height_center_content=\"yes\" equal_height_columns=\"no\" container_tag=\"div\" menu_anchor=\"\" hide_on_mobile=\"small-visibility,medium-visibility,large-visibility\" status=\"published\" publish_date=\"\" class=\"\" id=\"\" margin_top_medium=\"\" margin_bottom_medium=\"\" margin_top_small=\"\" margin_bottom_small=\"\" margin_top=\"\" margin_bottom=\"\" padding_top_medium=\"\" padding_right_medium=\"\" padding_bottom_medium=\"\" padding_left_medium=\"\" padding_top_small=\"\" padding_right_small=\"\" padding_bottom_small=\"\" padding_left_small=\"\" padding_top=\"\" padding_right=\"\" padding_bottom=\"\" padding_left=\"\" link_hover_color=\"\" hue=\"\" saturation=\"\" lightness=\"\" alpha=\"\" link_color=\"\" border_sizes_top=\"\" border_sizes_right=\"\" border_sizes_bottom=\"\" border_sizes_left=\"\" border_color=\"\" border_style=\"solid\" border_radius_top_left=\"\" border_radius_top_right=\"\" border_radius_bottom_right=\"\" border_radius_bottom_left=\"\" box_shadow=\"no\" box_shadow_vertical=\"\" box_shadow_horizontal=\"\" box_shadow_blur=\"0\" box_shadow_spread=\"0\" box_shadow_color=\"\" box_shadow_style=\"\" z_index=\"\" overflow=\"\" gradient_start_color=\"\" gradient_end_color=\"\" gradient_start_position=\"0\" gradient_end_position=\"100\" gradient_type=\"linear\" radial_direction=\"center center\" linear_angle=\"180\" background_color_medium=\"\" background_color_small=\"\" background_color=\"#ffffff\" background_image_medium=\"\" background_image_small=\"\" background_image=\"\" skip_lazy_load=\"\" background_position_medium=\"\" background_position_small=\"\" background_position=\"center center\" background_repeat_medium=\"\" background_repeat_small=\"\" background_repeat=\"no-repeat\" background_size_medium=\"\" background_size_small=\"\" background_size=\"\" background_custom_size=\"\" background_custom_size_medium=\"\" background_custom_size_small=\"\" fade=\"no\" background_parallax=\"none\" enable_mobile=\"no\" parallax_speed=\"0.3\" background_blend_mode_medium=\"\" background_blend_mode_small=\"\" background_blend_mode=\"none\" video_mp4=\"\" video_webm=\"\" video_ogv=\"\" video_url=\"\" video_aspect_ratio=\"16:9\" video_loop=\"yes\" video_mute=\"yes\" video_preview_image=\"\" pattern_bg=\"none\" pattern_custom_bg=\"\" pattern_bg_color=\"\" pattern_bg_style=\"default\" pattern_bg_opacity=\"100\" pattern_bg_size=\"\" pattern_bg_blend_mode=\"normal\" mask_bg=\"none\" mask_custom_bg=\"\" mask_bg_color=\"\" mask_bg_accent_color=\"\" mask_bg_style=\"default\" mask_bg_opacity=\"100\" mask_bg_transform=\"left\" mask_bg_blend_mode=\"normal\" render_logics=\"W3sib3BlcmF0b3IiOiJhbmQiLCJjb21wYXJpc29uIjoiZXF1YWwiLCJmaWVsZCI6InVzZXJfc3RhdGUiLCJ2YWx1ZSI6ImxvZ2dlZF9vdXQifV0=\" logics=\"\" absolute=\"off\" absolute_devices=\"small,medium,large\" sticky=\"off\" sticky_devices=\"small-visibility,medium-visibility,large-visibility\" sticky_background_color=\"\" sticky_height=\"\" sticky_offset=\"\" sticky_transition_offset=\"0\" scroll_offset=\"0\" animation_type=\"\" animation_direction=\"left\" animation_color=\"\" animation_speed=\"0.3\" animation_delay=\"0\" animation_offset=\"\" filter_hue=\"0\" filter_saturation=\"100\" filter_brightness=\"100\" filter_contrast=\"100\" filter_invert=\"0\" filter_sepia=\"0\" filter_opacity=\"100\" filter_blur=\"0\" filter_hue_hover=\"0\" filter_saturation_hover=\"100\" filter_brightness_hover=\"100\" filter_contrast_hover=\"100\" filter_invert_hover=\"0\" filter_sepia_hover=\"0\" filter_opacity_hover=\"100\" filter_blur_hover=\"0\"][fusion_builder_row][fusion_builder_column type=\"1_1\" layout=\"1_1\" align_self=\"auto\" content_layout=\"column\" align_content=\"flex-start\" valign_content=\"flex-start\" content_wrap=\"wrap\" spacing=\"\" center_content=\"no\" column_tag=\"div\" link=\"\" target=\"_self\" link_description=\"\" min_height=\"\" hide_on_mobile=\"small-visibility,medium-visibility,large-visibility\" sticky_display=\"normal,sticky\" class=\"\" id=\"\" type_medium=\"\" type_small=\"\" flex_grow_medium=\"\" flex_grow_small=\"\" flex_grow=\"\" flex_shrink_medium=\"\" flex_shrink_small=\"\" flex_shrink=\"\" order_medium=\"0\" order_small=\"0\" dimension_spacing_medium=\"\" dimension_spacing_small=\"\" dimension_spacing=\"\" dimension_margin_medium=\"\" dimension_margin_small=\"\" margin_top=\"\" margin_bottom=\"\" padding_medium=\"\" padding_small=\"\" padding_top=\"\" padding_right=\"\" padding_bottom=\"\" padding_left=\"\" hover_type=\"none\" border_sizes=\"\" border_color_hover=\"\" border_color=\"\" border_style=\"solid\" border_radius=\"\" box_shadow=\"no\" dimension_box_shadow=\"\" box_shadow_blur=\"0\" box_shadow_spread=\"0\" box_shadow_color=\"\" box_shadow_style=\"\" z_index_hover=\"\" z_index=\"\" overflow=\"\" background_type=\"single\" gradient_start_color=\"\" gradient_end_color=\"\" gradient_start_position=\"0\" gradient_end_position=\"100\" gradient_type=\"linear\" radial_direction=\"center center\" linear_angle=\"180\" background_color_medium=\"\" background_color_small=\"\" background_color_medium_hover=\"\" background_color_small_hover=\"\" background_color_hover=\"\" background_color=\"\" background_image_medium=\"\" background_image_small=\"\" background_image=\"\" background_image_id_medium=\"\" background_image_id_small=\"\" background_image_id=\"\" lazy_load=\"avada\" skip_lazy_load=\"\" background_position_medium=\"\" background_position_small=\"\" background_position=\"left top\" background_repeat_medium=\"\" background_repeat_small=\"\" background_repeat=\"no-repeat\" background_size_medium=\"\" background_size_small=\"\" background_size=\"\" background_custom_size=\"\" background_custom_size_medium=\"\" background_custom_size_small=\"\" background_blend_mode_medium=\"\" background_blend_mode_small=\"\" background_blend_mode=\"none\" render_logics=\"\" sticky=\"off\" sticky_devices=\"small-visibility,medium-visibility,large-visibility\" sticky_offset=\"\" absolute=\"off\" absolute_props=\"\" filter_type=\"regular\" filter_hover_element=\"self\" filter_hue=\"0\" filter_saturation=\"100\" filter_brightness=\"100\" filter_contrast=\"100\" filter_invert=\"0\" filter_sepia=\"0\" filter_opacity=\"100\" filter_blur=\"0\" filter_hue_hover=\"0\" filter_saturation_hover=\"100\" filter_brightness_hover=\"100\" filter_contrast_hover=\"100\" filter_invert_hover=\"0\" filter_sepia_hover=\"0\" filter_opacity_hover=\"100\" filter_blur_hover=\"0\" transform_type=\"regular\" transform_hover_element=\"self\" transform_scale_x=\"1\" transform_scale_y=\"1\" transform_translate_x=\"0\" transform_translate_y=\"0\" transform_rotate=\"0\" transform_skew_x=\"0\" transform_skew_y=\"0\" transform_scale_x_hover=\"1\" transform_scale_y_hover=\"1\" transform_translate_x_hover=\"0\" transform_translate_y_hover=\"0\" transform_rotate_hover=\"0\" transform_skew_x_hover=\"0\" transform_skew_y_hover=\"0\" transform_origin=\"\" transition_duration=\"300\" transition_easing=\"ease\" transition_custom_easing=\"\" motion_effects=\"\" scroll_motion_devices=\"small-visibility,medium-visibility,large-visibility\" animation_type=\"\" animation_direction=\"left\" animation_color=\"\" animation_speed=\"0.3\" animation_delay=\"0\" animation_offset=\"\" last=\"true\" border_position=\"all\" first=\"true\"][fusion_imageframe image_id=\"1092|medium\" aspect_ratio=\"\" custom_aspect_ratio=\"100\" aspect_ratio_position=\"\" skip_lazy_load=\"\" lightbox=\"no\" gallery_id=\"\" lightbox_image=\"\" lightbox_image_id=\"\" alt=\"\" link=\"\" linktarget=\"_self\" hide_on_mobile=\"small-visibility,medium-visibility,large-visibility\" sticky_display=\"normal,sticky\" class=\"\" id=\"\" max_width=\"\" sticky_max_width=\"\" align_medium=\"none\" align_small=\"none\" align=\"center\" mask=\"\" custom_mask=\"\" mask_size=\"\" mask_custom_size=\"\" mask_position=\"\" mask_custom_position=\"\" mask_repeat=\"\" style_type=\"\" blur=\"\" stylecolor=\"\" hue=\"\" saturation=\"\" lightness=\"\" alpha=\"\" hover_type=\"none\" magnify_full_img=\"\" magnify_duration=\"120\" scroll_height=\"100\" scroll_speed=\"1\" margin_top_medium=\"\" margin_right_medium=\"\" margin_bottom_medium=\"\" margin_left_medium=\"\" margin_top_small=\"\" margin_right_small=\"\" margin_bottom_small=\"\" margin_left_small=\"\" margin_top=\"\" margin_right=\"\" margin_bottom=\"\" margin_left=\"\" bordersize=\"\" bordercolor=\"\" borderradius=\"\" z_index=\"\" caption_style=\"off\" caption_align_medium=\"none\" caption_align_small=\"none\" caption_align=\"none\" caption_title=\"\" caption_text=\"\" caption_title_tag=\"2\" fusion_font_family_caption_title_font=\"\" fusion_font_variant_caption_title_font=\"\" caption_title_size=\"\" caption_title_line_height=\"\" caption_title_letter_spacing=\"\" caption_title_transform=\"\" caption_title_color=\"\" caption_background_color=\"\" fusion_font_family_caption_text_font=\"\" fusion_font_variant_caption_text_font=\"\" caption_text_size=\"\" caption_text_line_height=\"\" caption_text_letter_spacing=\"\" caption_text_transform=\"\" caption_text_color=\"\" caption_border_color=\"\" caption_overlay_color=\"\" caption_margin_top=\"\" caption_margin_right=\"\" caption_margin_bottom=\"\" caption_margin_left=\"\" animation_type=\"\" animation_direction=\"left\" animation_color=\"\" animation_speed=\"0.3\" animation_delay=\"0\" animation_offset=\"\" filter_hue=\"0\" filter_saturation=\"100\" filter_brightness=\"100\" filter_contrast=\"100\" filter_invert=\"0\" filter_sepia=\"0\" filter_opacity=\"100\" filter_blur=\"0\" filter_hue_hover=\"0\" filter_saturation_hover=\"100\" filter_brightness_hover=\"100\" filter_contrast_hover=\"100\" filter_invert_hover=\"0\" filter_sepia_hover=\"0\" filter_opacity_hover=\"100\" filter_blur_hover=\"0\"]https://taptopcard.com/unclaimed/wp-content/uploads/sites/15/2024/02/tt-cards-accurate-size-13-1-1-300x128.png[/fusion_imageframe][fusion_title title_type=\"text\" rotation_effect=\"bounceIn\" display_time=\"1200\" highlight_effect=\"circle\" loop_animation=\"off\" highlight_width=\"9\" highlight_top_margin=\"0\" before_text=\"\" rotation_text=\"\" highlight_text=\"\" after_text=\"\" title_link=\"off\" link_url=\"\" link_target=\"_self\" hide_on_mobile=\"small-visibility,medium-visibility,large-visibility\" sticky_display=\"normal,sticky\" class=\"\" id=\"\" content_align_medium=\"\" content_align_small=\"\" content_align=\"center\" size=\"2\" animated_font_size=\"\" fusion_font_family_title_font=\"\" fusion_font_variant_title_font=\"\" font_size=\"\" line_height=\"\" letter_spacing=\"\" text_transform=\"\" text_color=\"#000000\" hue=\"\" saturation=\"\" lightness=\"\" alpha=\"\" animated_text_color=\"\" text_shadow=\"no\" text_shadow_vertical=\"\" text_shadow_horizontal=\"\" text_shadow_blur=\"0\" text_shadow_color=\"\" text_stroke=\"no\" text_stroke_size=\"1\" text_stroke_color=\"\" text_overflow=\"none\" margin_top_medium=\"\" margin_right_medium=\"\" margin_bottom_medium=\"\" margin_left_medium=\"\" margin_top_small=\"\" margin_right_small=\"\" margin_bottom_small=\"\" margin_left_small=\"\" margin_top=\"\" margin_right=\"\" margin_bottom=\"\" margin_left=\"\" margin_top_mobile=\"\" margin_bottom_mobile=\"\" gradient_font=\"no\" gradient_start_color=\"\" gradient_end_color=\"\" gradient_start_position=\"0\" gradient_end_position=\"100\" gradient_type=\"linear\" radial_direction=\"center center\" linear_angle=\"180\" highlight_color=\"\" style_type=\"default\" sep_color=\"\" link_color=\"\" link_hover_color=\"\" animation_type=\"\" animation_direction=\"left\" animation_color=\"\" animation_speed=\"0.3\" animation_delay=\"0\" animation_offset=\"\"]\r\n\r\nClaim This Digital Business Card!\r\n\r\n[/fusion_title][fusion_form form_post_id=\"1110\" hide_on_mobile=\"small-visibility,medium-visibility,large-visibility\" class=\"\" id=\"\" margin_top=\"\" margin_right=\"\" margin_bottom=\"\" margin_left=\"\" /][/fusion_builder_column][/fusion_builder_row][/fusion_builder_container]', 'Home', '', 'inherit', 'closed', 'closed', '', '315-revision-v1', '', '', '2024-02-13 18:09:28', '2024-02-13 23:09:28', '', 315, 'https://taptopcard.com/unclaimed/?p=1118', 0, 'revision', '', 0);
INSERT INTO `wphs_15_posts` (`ID`, `post_author`, `post_date`, `post_date_gmt`, `post_content`, `post_title`, `post_excerpt`, `post_status`, `comment_status`, `ping_status`, `post_password`, `post_name`, `to_ping`, `pinged`, `post_modified`, `post_modified_gmt`, `post_content_filtered`, `post_parent`, `guid`, `menu_order`, `post_type`, `post_mime_type`, `comment_count`) VALUES
(1119, 1, '2024-02-13 18:09:54', '2024-02-13 23:09:54', '[fusion_builder_container admin_label=\"Hero\" type=\"flex\" hundred_percent=\"yes\" hundred_percent_height=\"min\" min_height_medium=\"\" min_height_small=\"200px\" min_height=\"\" hundred_percent_height_scroll=\"no\" align_content=\"center\" flex_align_items=\"flex-end\" flex_justify_content=\"flex-start\" flex_wrap_medium=\"\" flex_wrap_small=\"\" flex_wrap=\"wrap\" flex_column_spacing=\"\" hundred_percent_height_center_content=\"yes\" equal_height_columns=\"no\" container_tag=\"div\" menu_anchor=\"\" hide_on_mobile=\"small-visibility,medium-visibility,large-visibility\" status=\"published\" publish_date=\"\" class=\"\" id=\"\" margin_top_medium=\"\" margin_bottom_medium=\"\" margin_top_small=\"\" margin_bottom_small=\"0px\" margin_top=\"\" margin_bottom=\"\" padding_top_medium=\"\" padding_right_medium=\"\" padding_bottom_medium=\"\" padding_left_medium=\"\" padding_top_small=\"\" padding_right_small=\"\" padding_bottom_small=\"\" padding_left_small=\"\" padding_top=\"5%\" padding_right=\"\" padding_bottom=\"\" padding_left=\"\" link_hover_color=\"\" hue=\"\" saturation=\"\" lightness=\"\" alpha=\"\" link_color=\"\" border_sizes_top=\"\" border_sizes_right=\"\" border_sizes_bottom=\"\" border_sizes_left=\"\" border_color=\"\" border_style=\"solid\" border_radius_top_left=\"\" border_radius_top_right=\"\" border_radius_bottom_right=\"\" border_radius_bottom_left=\"\" box_shadow=\"no\" box_shadow_vertical=\"\" box_shadow_horizontal=\"\" box_shadow_blur=\"0\" box_shadow_spread=\"0\" box_shadow_color=\"\" box_shadow_style=\"\" z_index=\"\" overflow=\"\" gradient_start_color=\"hsla(var(--awb-color5-h),var(--awb-color5-s),var(--awb-color5-l),calc(var(--awb-color5-a) - 20%))\" gradient_end_color=\"hsla(var(--awb-color8-h),var(--awb-color8-s),calc( var(--awb-color8-l) - 20% ),calc( var(--awb-color8-a) - 55% ))\" gradient_start_position=\"0\" gradient_end_position=\"100\" gradient_type=\"linear\" radial_direction=\"center center\" linear_angle=\"0\" background_color_medium=\"\" background_color_small=\"\" background_color=\"\" background_image_medium=\"\" background_image_small=\"\" background_image=\"\" skip_lazy_load=\"\" background_position_medium=\"\" background_position_small=\"\" background_position=\"center center\" background_repeat_medium=\"\" background_repeat_small=\"\" background_repeat=\"no-repeat\" background_size_medium=\"\" background_size_small=\"\" background_size=\"\" background_custom_size=\"\" background_custom_size_medium=\"\" background_custom_size_small=\"\" fade=\"no\" background_parallax=\"none\" enable_mobile=\"no\" parallax_speed=\"0.3\" background_blend_mode_medium=\"\" background_blend_mode_small=\"\" background_blend_mode=\"none\" video_mp4=\"\" video_webm=\"\" video_ogv=\"\" video_url=\"\" video_aspect_ratio=\"16:9\" video_loop=\"yes\" video_mute=\"yes\" video_preview_image=\"\" pattern_bg=\"none\" pattern_custom_bg=\"\" pattern_bg_color=\"\" pattern_bg_style=\"default\" pattern_bg_opacity=\"100\" pattern_bg_size=\"\" pattern_bg_blend_mode=\"normal\" mask_bg=\"none\" mask_custom_bg=\"\" mask_bg_color=\"\" mask_bg_accent_color=\"\" mask_bg_style=\"default\" mask_bg_opacity=\"100\" mask_bg_transform=\"left\" mask_bg_blend_mode=\"normal\" render_logics=\"W3sib3BlcmF0b3IiOiJhbmQiLCJjb21wYXJpc29uIjoiZXF1YWwiLCJmaWVsZCI6InVzZXJfc3RhdGUiLCJ2YWx1ZSI6ImxvZ2dlZF9pbiJ9XQ==\" logics=\"\" absolute=\"off\" absolute_devices=\"small,medium,large\" sticky=\"off\" sticky_devices=\"small-visibility,medium-visibility,large-visibility\" sticky_background_color=\"\" sticky_height=\"\" sticky_offset=\"\" sticky_transition_offset=\"0\" scroll_offset=\"0\" animation_type=\"\" animation_direction=\"left\" animation_color=\"\" animation_speed=\"0.3\" animation_delay=\"0\" animation_offset=\"\" filter_hue=\"0\" filter_saturation=\"100\" filter_brightness=\"100\" filter_contrast=\"100\" filter_invert=\"0\" filter_sepia=\"0\" filter_opacity=\"100\" filter_blur=\"0\" filter_hue_hover=\"0\" filter_saturation_hover=\"100\" filter_brightness_hover=\"100\" filter_contrast_hover=\"100\" filter_invert_hover=\"0\" filter_sepia_hover=\"0\" filter_opacity_hover=\"100\" filter_blur_hover=\"0\" dynamic_params=\"eyJiYWNrZ3JvdW5kX2ltYWdlIjp7ImRhdGEiOiJzaG9ydGNvZGUiLCJiYWNrZ3JvdW5kX2ltYWdlIjoiIiwic2hvcnRjb2RlIjoiW2ltYWdlT3B0aW9uIHZhbHVlPVwib3B0aW9uc19kaWdpdGFsX2J1c2luZXNzX2NhcmRfZ3JvdXBfaGVyb19iYWNrZ3JvdW5kXCJdIiwiYmVmb3JlIjoiIiwiYWZ0ZXIiOiIiLCJmYWxsYmFjayI6IiJ9fQ==\"][fusion_builder_row][fusion_builder_column type=\"1_1\" layout=\"1_1\" center_content=\"no\" target=\"_self\" hide_on_mobile=\"small-visibility,medium-visibility,large-visibility\" hover_type=\"none\" border_style=\"solid\" border_position=\"all\" box_shadow=\"no\" box_shadow_blur=\"0\" box_shadow_spread=\"0\" background_type=\"single\" gradient_start_position=\"0\" gradient_end_position=\"100\" gradient_type=\"linear\" radial_direction=\"center center\" linear_angle=\"180\" background_position=\"center center\" background_repeat=\"no-repeat\" background_blend_mode=\"none\" animation_type=\"fade\" animation_direction=\"up\" animation_speed=\"1.0\" filter_type=\"regular\" filter_hue=\"0\" filter_saturation=\"100\" filter_brightness=\"100\" filter_contrast=\"100\" filter_invert=\"0\" filter_sepia=\"0\" filter_opacity=\"100\" filter_blur=\"0\" filter_hue_hover=\"0\" filter_saturation_hover=\"100\" filter_brightness_hover=\"100\" filter_contrast_hover=\"100\" filter_invert_hover=\"0\" filter_sepia_hover=\"0\" filter_opacity_hover=\"100\" filter_blur_hover=\"0\" first=\"true\" last=\"true\" padding_bottom=\"50px9px\" border_sizes_top=\"0px\" border_sizes_bottom=\"0px\" border_sizes_left=\"0px\" border_sizes_right=\"0px\" element_content=\"\" align_self=\"flex-end\" align_content=\"flex-end\" margin_bottom_small=\"-100px\" min_height=\"\" link=\"\"][fusion_section_separator divider_type=\"waves\" divider_position=\"right\" divider_candy=\"top\" hide_on_mobile=\"small-visibility,medium-visibility,large-visibility\" /][/fusion_builder_column][/fusion_builder_row][/fusion_builder_container][fusion_builder_container type=\"flex\" hundred_percent=\"no\" hundred_percent_height=\"min\" min_height_medium=\"\" min_height_small=\"\" min_height=\"250px\" hundred_percent_height_scroll=\"no\" align_content=\"stretch\" flex_align_items=\"flex-start\" flex_justify_content=\"flex-start\" flex_wrap_medium=\"\" flex_wrap_small=\"\" flex_wrap=\"wrap\" flex_column_spacing=\"\" hundred_percent_height_center_content=\"yes\" equal_height_columns=\"no\" container_tag=\"div\" menu_anchor=\"\" hide_on_mobile=\"small-visibility,medium-visibility,large-visibility\" status=\"published\" publish_date=\"\" class=\"\" id=\"\" margin_top_medium=\"\" margin_bottom_medium=\"\" margin_top_small=\"\" margin_bottom_small=\"\" margin_top=\"0px\" margin_bottom=\"\" padding_top_medium=\"\" padding_right_medium=\"\" padding_bottom_medium=\"\" padding_left_medium=\"\" padding_top_small=\"\" padding_right_small=\"\" padding_bottom_small=\"\" padding_left_small=\"\" padding_top=\"\" padding_right=\"\" padding_bottom=\"\" padding_left=\"\" link_hover_color=\"\" hue=\"\" saturation=\"\" lightness=\"\" alpha=\"\" link_color=\"\" border_sizes_top=\"\" border_sizes_right=\"\" border_sizes_bottom=\"\" border_sizes_left=\"\" border_color=\"\" border_style=\"solid\" border_radius_top_left=\"\" border_radius_top_right=\"\" border_radius_bottom_right=\"\" border_radius_bottom_left=\"\" box_shadow=\"no\" box_shadow_vertical=\"\" box_shadow_horizontal=\"\" box_shadow_blur=\"0\" box_shadow_spread=\"0\" box_shadow_color=\"\" box_shadow_style=\"\" z_index=\"\" overflow=\"\" gradient_start_color=\"\" gradient_end_color=\"\" gradient_start_position=\"0\" gradient_end_position=\"100\" gradient_type=\"linear\" radial_direction=\"center center\" linear_angle=\"180\" background_color_medium=\"\" background_color_small=\"\" background_color=\"\" background_image_medium=\"\" background_image_small=\"\" background_image=\"\" skip_lazy_load=\"\" background_position_medium=\"\" background_position_small=\"\" background_position=\"center center\" background_repeat_medium=\"\" background_repeat_small=\"\" background_repeat=\"no-repeat\" background_size_medium=\"\" background_size_small=\"\" background_size=\"\" background_custom_size=\"\" background_custom_size_medium=\"\" background_custom_size_small=\"\" fade=\"no\" background_parallax=\"none\" enable_mobile=\"no\" parallax_speed=\"0.3\" background_blend_mode_medium=\"\" background_blend_mode_small=\"\" background_blend_mode=\"none\" video_mp4=\"\" video_webm=\"\" video_ogv=\"\" video_url=\"\" video_aspect_ratio=\"16:9\" video_loop=\"yes\" video_mute=\"yes\" video_preview_image=\"\" pattern_bg=\"none\" pattern_custom_bg=\"\" pattern_bg_color=\"\" pattern_bg_style=\"default\" pattern_bg_opacity=\"100\" pattern_bg_size=\"\" pattern_bg_blend_mode=\"normal\" mask_bg=\"none\" mask_custom_bg=\"\" mask_bg_color=\"\" mask_bg_accent_color=\"\" mask_bg_style=\"default\" mask_bg_opacity=\"100\" mask_bg_transform=\"left\" mask_bg_blend_mode=\"normal\" render_logics=\"W3sib3BlcmF0b3IiOiJhbmQiLCJjb21wYXJpc29uIjoiZXF1YWwiLCJmaWVsZCI6InVzZXJfc3RhdGUiLCJ2YWx1ZSI6ImxvZ2dlZF9pbiJ9XQ==\" logics=\"\" absolute=\"off\" absolute_devices=\"small,medium,large\" sticky=\"off\" sticky_devices=\"small-visibility,medium-visibility,large-visibility\" sticky_background_color=\"\" sticky_height=\"\" sticky_offset=\"\" sticky_transition_offset=\"0\" scroll_offset=\"0\" animation_type=\"\" animation_direction=\"left\" animation_color=\"\" animation_speed=\"0.3\" animation_delay=\"0\" animation_offset=\"\" filter_hue=\"0\" filter_saturation=\"100\" filter_brightness=\"100\" filter_contrast=\"100\" filter_invert=\"0\" filter_sepia=\"0\" filter_opacity=\"100\" filter_blur=\"0\" filter_hue_hover=\"0\" filter_saturation_hover=\"100\" filter_brightness_hover=\"100\" filter_contrast_hover=\"100\" filter_invert_hover=\"0\" filter_sepia_hover=\"0\" filter_opacity_hover=\"100\" filter_blur_hover=\"0\"][fusion_builder_row][fusion_builder_column type=\"1_1\" layout=\"1_1\" center_content=\"no\" target=\"_self\" hide_on_mobile=\"small-visibility,medium-visibility,large-visibility\" hover_type=\"none\" border_style=\"solid\" border_position=\"all\" box_shadow=\"no\" box_shadow_blur=\"0\" box_shadow_spread=\"0\" background_type=\"single\" gradient_start_position=\"0\" gradient_end_position=\"100\" gradient_type=\"linear\" radial_direction=\"center center\" linear_angle=\"180\" background_position=\"left top\" background_repeat=\"no-repeat\" background_blend_mode=\"none\" animation_direction=\"left\" animation_speed=\"0.3\" filter_type=\"regular\" filter_hue=\"0\" filter_saturation=\"100\" filter_brightness=\"100\" filter_contrast=\"100\" filter_invert=\"0\" filter_sepia=\"0\" filter_opacity=\"100\" filter_blur=\"0\" filter_hue_hover=\"0\" filter_saturation_hover=\"100\" filter_brightness_hover=\"100\" filter_contrast_hover=\"100\" filter_invert_hover=\"0\" filter_sepia_hover=\"0\" filter_opacity_hover=\"100\" filter_blur_hover=\"0\" first=\"true\" last=\"true\" border_sizes_top=\"0px\" border_sizes_bottom=\"0px\" border_sizes_left=\"0px\" border_sizes_right=\"0px\" margin_top_small=\"30px\" min_height=\"\" link=\"\"][fusion_imageframe aspect_ratio=\"\" custom_aspect_ratio=\"100\" aspect_ratio_position=\"\" lightbox=\"no\" linktarget=\"_self\" align_medium=\"none\" align_small=\"right\" align=\"none\" mask=\"\" custom_mask=\"\" mask_size=\"\" mask_custom_size=\"\" mask_position=\"\" mask_custom_position=\"\" mask_repeat=\"\" style_type=\"\" hover_type=\"none\" magnify_duration=\"120\" scroll_height=\"100\" scroll_speed=\"1\" margin_medium=\"\" margin_small=\"\" caption_style=\"off\" caption_align_medium=\"none\" caption_align_small=\"none\" caption_align=\"none\" caption_title_tag=\"2\" animation_direction=\"left\" animation_color=\"\" animation_speed=\"0.3\" animation_delay=\"0\" hide_on_mobile=\"small-visibility,medium-visibility,large-visibility\" sticky_display=\"normal,sticky\" filter_hue=\"0\" filter_saturation=\"100\" filter_brightness=\"100\" filter_contrast=\"100\" filter_invert=\"0\" filter_sepia=\"0\" filter_opacity=\"100\" filter_blur=\"0\" filter_hue_hover=\"0\" filter_saturation_hover=\"100\" filter_brightness_hover=\"100\" filter_contrast_hover=\"100\" filter_invert_hover=\"0\" filter_sepia_hover=\"0\" filter_opacity_hover=\"100\" filter_blur_hover=\"0\" dynamic_params=\"eyJlbGVtZW50X2NvbnRlbnQiOnsiZGF0YSI6InNob3J0Y29kZSIsInNob3J0Y29kZSI6IltpbWFnZU9wdGlvbiB2YWx1ZT1cIm9wdGlvbnNfZGlnaXRhbF9idXNpbmVzc19jYXJkX2dyb3VwX3Byb2ZpbGVfcGljdHVyZVwiXSJ9fQ==\" max_width=\"100px\" borderradius=\"50px\" /][fusion_title title_type=\"text\" rotation_effect=\"bounceIn\" display_time=\"1200\" highlight_effect=\"circle\" loop_animation=\"off\" highlight_width=\"9\" highlight_top_margin=\"0\" content_align=\"left\" size=\"2\" font_size=\"30px\" letter_spacing=\"-2px\" style_type=\"none\" hide_on_mobile=\"small-visibility,medium-visibility,large-visibility\" margin_bottom=\"10px\" margin_bottom_mobile=\"0px\" margin_top=\"-30px\" margin_top_mobile=\"-30px\" margin_top_small=\"-30px\" margin_bottom_small=\"0px\"][option value=\"options_digital_business_card_group_first_name\"] [option value=\"options_digital_business_card_group_last_name\"][/fusion_title][fusion_text rule_style=\"default\" animation_direction=\"left\" animation_speed=\"0.3\" hide_on_mobile=\"small-visibility,medium-visibility,large-visibility\"]\r\n<div id=\"title\">[option value=\"options_digital_business_card_group_title\"]</div>\r\n<div id=\"company\">[option value=\"options_digital_business_card_group_company\"]</div>\r\n[/fusion_text][fusion_text rule_style=\"default\" animation_direction=\"left\" animation_speed=\"0.3\" hide_on_mobile=\"small-visibility,medium-visibility,large-visibility\"]\r\n<div id=\"bio\">[option value=\"options_digital_business_card_group_biography\"]</div>\r\n[/fusion_text][fusion_button target=\"_self\" color=\"default\" linear_angle=\"180\" stretch=\"yes\" icon_position=\"left\" icon_divider=\"no\" hover_transition=\"none\" animation_direction=\"left\" animation_speed=\"0.3\" animation_delay=\"0\" hide_on_mobile=\"small-visibility,medium-visibility,large-visibility\" sticky_display=\"normal,sticky\" link=\"#\" alignment=\"center\"]Send Contact[/fusion_button][fusion_text animation_direction=\"left\" animation_speed=\"0.3\" animation_delay=\"0\" hide_on_mobile=\"small-visibility,medium-visibility,large-visibility\" sticky_display=\"normal,sticky\"][/fusion_text][/fusion_builder_column][/fusion_builder_row][/fusion_builder_container][fusion_builder_container admin_label=\"From The Blog\" type=\"flex\" hundred_percent=\"yes\" hundred_percent_height=\"no\" min_height_medium=\"\" min_height_small=\"\" min_height=\"\" hundred_percent_height_scroll=\"no\" align_content=\"stretch\" flex_align_items=\"flex-start\" flex_justify_content=\"flex-start\" flex_wrap_medium=\"\" flex_wrap_small=\"\" flex_wrap=\"wrap\" flex_column_spacing=\"\" hundred_percent_height_center_content=\"yes\" equal_height_columns=\"no\" container_tag=\"div\" menu_anchor=\"\" hide_on_mobile=\"small-visibility,medium-visibility,large-visibility\" status=\"published\" publish_date=\"\" class=\"\" id=\"\" margin_top_medium=\"\" margin_bottom_medium=\"\" margin_top_small=\"\" margin_bottom_small=\"\" margin_top=\"\" margin_bottom=\"\" padding_top_medium=\"\" padding_right_medium=\"\" padding_bottom_medium=\"\" padding_left_medium=\"\" padding_top_small=\"\" padding_right_small=\"\" padding_bottom_small=\"\" padding_left_small=\"\" padding_top=\"\" padding_right=\"10%\" padding_bottom=\"8%\" padding_left=\"10%\" link_hover_color=\"\" hue=\"\" saturation=\"\" lightness=\"\" alpha=\"\" link_color=\"\" border_sizes_top=\"\" border_sizes_right=\"\" border_sizes_bottom=\"\" border_sizes_left=\"\" border_color=\"\" border_style=\"solid\" border_radius_top_left=\"\" border_radius_top_right=\"\" border_radius_bottom_right=\"\" border_radius_bottom_left=\"\" box_shadow=\"no\" box_shadow_vertical=\"\" box_shadow_horizontal=\"\" box_shadow_blur=\"0\" box_shadow_spread=\"0\" box_shadow_color=\"\" box_shadow_style=\"\" z_index=\"\" overflow=\"\" gradient_start_color=\"var(--awb-color5)\" gradient_end_color=\"hsla(var(--awb-color5-h),var(--awb-color5-s),var(--awb-color5-l),calc(var(--awb-color5-a) - 20%))\" gradient_start_position=\"0\" gradient_end_position=\"78\" gradient_type=\"linear\" radial_direction=\"center center\" linear_angle=\"0\" background_color_medium=\"\" background_color_small=\"\" background_color=\"\" background_image_medium=\"\" background_image_small=\"\" background_image=\"\" skip_lazy_load=\"\" background_position_medium=\"\" background_position_small=\"\" background_position=\"center bottom\" background_repeat_medium=\"\" background_repeat_small=\"\" background_repeat=\"no-repeat\" background_size_medium=\"\" background_size_small=\"\" background_size=\"\" background_custom_size=\"\" background_custom_size_medium=\"\" background_custom_size_small=\"\" fade=\"no\" background_parallax=\"none\" enable_mobile=\"no\" parallax_speed=\"0.2\" background_blend_mode_medium=\"\" background_blend_mode_small=\"\" background_blend_mode=\"none\" video_mp4=\"\" video_webm=\"\" video_ogv=\"\" video_url=\"\" video_aspect_ratio=\"16:9\" video_loop=\"yes\" video_mute=\"yes\" video_preview_image=\"\" pattern_bg=\"none\" pattern_custom_bg=\"\" pattern_bg_color=\"\" pattern_bg_style=\"default\" pattern_bg_opacity=\"100\" pattern_bg_size=\"\" pattern_bg_blend_mode=\"normal\" mask_bg=\"none\" mask_custom_bg=\"\" mask_bg_color=\"\" mask_bg_accent_color=\"\" mask_bg_style=\"default\" mask_bg_opacity=\"100\" mask_bg_transform=\"left\" mask_bg_blend_mode=\"normal\" render_logics=\"W3sib3BlcmF0b3IiOiJhbmQiLCJjb21wYXJpc29uIjoiZXF1YWwiLCJmaWVsZCI6InVzZXJfc3RhdGUiLCJ2YWx1ZSI6ImxvZ2dlZF9pbiJ9XQ==\" logics=\"\" absolute=\"off\" absolute_devices=\"small,medium,large\" sticky=\"off\" sticky_devices=\"small-visibility,medium-visibility,large-visibility\" sticky_background_color=\"\" sticky_height=\"\" sticky_offset=\"\" sticky_transition_offset=\"0\" scroll_offset=\"0\" animation_type=\"\" animation_direction=\"left\" animation_color=\"\" animation_speed=\"0.3\" animation_delay=\"0\" animation_offset=\"\" filter_hue=\"0\" filter_saturation=\"100\" filter_brightness=\"100\" filter_contrast=\"100\" filter_invert=\"0\" filter_sepia=\"0\" filter_opacity=\"100\" filter_blur=\"0\" filter_hue_hover=\"0\" filter_saturation_hover=\"100\" filter_brightness_hover=\"100\" filter_contrast_hover=\"100\" filter_invert_hover=\"0\" filter_sepia_hover=\"0\" filter_opacity_hover=\"100\" filter_blur_hover=\"0\" dynamic_params=\"eyJiYWNrZ3JvdW5kX2ltYWdlIjp7ImRhdGEiOiJzaG9ydGNvZGUiLCJiYWNrZ3JvdW5kX2ltYWdlIjoiIiwic2hvcnRjb2RlIjoiW2ltYWdlT3B0aW9uIHZhbHVlPVwib3B0aW9uc19kaWdpdGFsX2J1c2luZXNzX2NhcmRfZ3JvdXBfaGVyb19iYWNrZ3JvdW5kXCJdIiwiYmVmb3JlIjoiIiwiYWZ0ZXIiOiIiLCJmYWxsYmFjayI6IiJ9fQ==\"][fusion_builder_row][fusion_builder_column type=\"1_1\" layout=\"1_1\" center_content=\"no\" target=\"_self\" hide_on_mobile=\"small-visibility,medium-visibility,large-visibility\" hover_type=\"none\" border_style=\"solid\" border_position=\"all\" box_shadow=\"no\" box_shadow_blur=\"0\" box_shadow_spread=\"0\" background_type=\"single\" gradient_start_position=\"0\" gradient_end_position=\"100\" gradient_type=\"linear\" radial_direction=\"center center\" linear_angle=\"180\" background_position=\"left top\" background_repeat=\"no-repeat\" background_blend_mode=\"none\" animation_direction=\"left\" animation_speed=\"0.3\" filter_type=\"regular\" filter_hue=\"0\" filter_saturation=\"100\" filter_brightness=\"100\" filter_contrast=\"100\" filter_invert=\"0\" filter_sepia=\"0\" filter_opacity=\"100\" filter_blur=\"0\" filter_hue_hover=\"0\" filter_saturation_hover=\"100\" filter_brightness_hover=\"100\" filter_contrast_hover=\"100\" filter_invert_hover=\"0\" filter_sepia_hover=\"0\" filter_opacity_hover=\"100\" filter_blur_hover=\"0\" first=\"true\" last=\"true\" border_sizes_top=\"0px\" border_sizes_bottom=\"0px\" border_sizes_left=\"0px\" border_sizes_right=\"0px\" min_height=\"\" link=\"\"][fusion_section_separator divider_type=\"waves\" divider_position=\"left\" divider_candy=\"bottom\" hide_on_mobile=\"small-visibility,medium-visibility,large-visibility\" /][/fusion_builder_column][/fusion_builder_row][/fusion_builder_container][fusion_builder_container type=\"flex\" hundred_percent=\"no\" hundred_percent_height=\"min\" min_height_medium=\"\" min_height_small=\"\" min_height=\"100%\" hundred_percent_height_scroll=\"no\" align_content=\"stretch\" flex_align_items=\"flex-start\" flex_justify_content=\"flex-start\" flex_wrap_medium=\"\" flex_wrap_small=\"\" flex_wrap=\"wrap\" flex_column_spacing=\"\" hundred_percent_height_center_content=\"yes\" equal_height_columns=\"no\" container_tag=\"div\" menu_anchor=\"\" hide_on_mobile=\"small-visibility,medium-visibility,large-visibility\" status=\"published\" publish_date=\"\" class=\"\" id=\"\" margin_top_medium=\"\" margin_bottom_medium=\"\" margin_top_small=\"\" margin_bottom_small=\"\" margin_top=\"\" margin_bottom=\"\" padding_top_medium=\"\" padding_right_medium=\"\" padding_bottom_medium=\"\" padding_left_medium=\"\" padding_top_small=\"\" padding_right_small=\"\" padding_bottom_small=\"\" padding_left_small=\"\" padding_top=\"\" padding_right=\"\" padding_bottom=\"\" padding_left=\"\" link_hover_color=\"\" hue=\"\" saturation=\"\" lightness=\"\" alpha=\"\" link_color=\"\" border_sizes_top=\"\" border_sizes_right=\"\" border_sizes_bottom=\"\" border_sizes_left=\"\" border_color=\"\" border_style=\"solid\" border_radius_top_left=\"\" border_radius_top_right=\"\" border_radius_bottom_right=\"\" border_radius_bottom_left=\"\" box_shadow=\"no\" box_shadow_vertical=\"\" box_shadow_horizontal=\"\" box_shadow_blur=\"0\" box_shadow_spread=\"0\" box_shadow_color=\"\" box_shadow_style=\"\" z_index=\"\" overflow=\"\" gradient_start_color=\"\" gradient_end_color=\"\" gradient_start_position=\"0\" gradient_end_position=\"100\" gradient_type=\"linear\" radial_direction=\"center center\" linear_angle=\"180\" background_color_medium=\"\" background_color_small=\"\" background_color=\"#ffffff\" background_image_medium=\"\" background_image_small=\"\" background_image=\"\" skip_lazy_load=\"\" background_position_medium=\"\" background_position_small=\"\" background_position=\"center center\" background_repeat_medium=\"\" background_repeat_small=\"\" background_repeat=\"no-repeat\" background_size_medium=\"\" background_size_small=\"\" background_size=\"\" background_custom_size=\"\" background_custom_size_medium=\"\" background_custom_size_small=\"\" fade=\"no\" background_parallax=\"none\" enable_mobile=\"no\" parallax_speed=\"0.3\" background_blend_mode_medium=\"\" background_blend_mode_small=\"\" background_blend_mode=\"none\" video_mp4=\"\" video_webm=\"\" video_ogv=\"\" video_url=\"\" video_aspect_ratio=\"16:9\" video_loop=\"yes\" video_mute=\"yes\" video_preview_image=\"\" pattern_bg=\"none\" pattern_custom_bg=\"\" pattern_bg_color=\"\" pattern_bg_style=\"default\" pattern_bg_opacity=\"100\" pattern_bg_size=\"\" pattern_bg_blend_mode=\"normal\" mask_bg=\"none\" mask_custom_bg=\"\" mask_bg_color=\"\" mask_bg_accent_color=\"\" mask_bg_style=\"default\" mask_bg_opacity=\"100\" mask_bg_transform=\"left\" mask_bg_blend_mode=\"normal\" render_logics=\"W3sib3BlcmF0b3IiOiJhbmQiLCJjb21wYXJpc29uIjoiZXF1YWwiLCJmaWVsZCI6InVzZXJfc3RhdGUiLCJ2YWx1ZSI6ImxvZ2dlZF9vdXQifV0=\" logics=\"\" absolute=\"off\" absolute_devices=\"small,medium,large\" sticky=\"off\" sticky_devices=\"small-visibility,medium-visibility,large-visibility\" sticky_background_color=\"\" sticky_height=\"\" sticky_offset=\"\" sticky_transition_offset=\"0\" scroll_offset=\"0\" animation_type=\"\" animation_direction=\"left\" animation_color=\"\" animation_speed=\"0.3\" animation_delay=\"0\" animation_offset=\"\" filter_hue=\"0\" filter_saturation=\"100\" filter_brightness=\"100\" filter_contrast=\"100\" filter_invert=\"0\" filter_sepia=\"0\" filter_opacity=\"100\" filter_blur=\"0\" filter_hue_hover=\"0\" filter_saturation_hover=\"100\" filter_brightness_hover=\"100\" filter_contrast_hover=\"100\" filter_invert_hover=\"0\" filter_sepia_hover=\"0\" filter_opacity_hover=\"100\" filter_blur_hover=\"0\"][fusion_builder_row][fusion_builder_column type=\"1_1\" align_self=\"auto\" content_layout=\"column\" align_content=\"flex-start\" valign_content=\"flex-start\" content_wrap=\"wrap\" spacing=\"\" center_content=\"no\" column_tag=\"div\" link=\"\" target=\"_self\" link_description=\"\" min_height=\"\" hide_on_mobile=\"small-visibility,medium-visibility,large-visibility\" sticky_display=\"normal,sticky\" class=\"\" id=\"\" background_image_id_medium=\"\" background_image_id_small=\"\" background_image_id=\"\" type_medium=\"\" type_small=\"\" flex_grow_medium=\"\" flex_grow_small=\"\" flex_grow=\"\" flex_shrink_medium=\"\" flex_shrink_small=\"\" flex_shrink=\"\" order_medium=\"0\" order_small=\"0\" spacing_left_medium=\"\" spacing_right_medium=\"\" spacing_left_small=\"\" spacing_right_small=\"\" spacing_left=\"\" spacing_right=\"\" margin_top_medium=\"\" margin_bottom_medium=\"\" margin_top_small=\"\" margin_bottom_small=\"\" margin_top=\"20px\" margin_bottom=\"\" padding_top_medium=\"\" padding_right_medium=\"\" padding_bottom_medium=\"\" padding_left_medium=\"\" padding_top_small=\"\" padding_right_small=\"\" padding_bottom_small=\"\" padding_left_small=\"\" padding_top=\"\" padding_right=\"\" padding_bottom=\"\" padding_left=\"\" hover_type=\"none\" border_sizes_top=\"\" border_sizes_right=\"\" border_sizes_bottom=\"\" border_sizes_left=\"\" border_color_hover=\"\" hue=\"\" saturation=\"\" lightness=\"\" alpha=\"\" border_color=\"\" border_style=\"solid\" border_radius_top_left=\"\" border_radius_top_right=\"\" border_radius_bottom_right=\"\" border_radius_bottom_left=\"\" box_shadow=\"no\" box_shadow_vertical=\"\" box_shadow_horizontal=\"\" box_shadow_blur=\"0\" box_shadow_spread=\"0\" box_shadow_color=\"\" box_shadow_style=\"\" z_index_hover=\"\" z_index=\"\" overflow=\"\" background_type=\"single\" gradient_start_color=\"\" gradient_end_color=\"\" gradient_start_position=\"0\" gradient_end_position=\"100\" gradient_type=\"linear\" radial_direction=\"center center\" linear_angle=\"180\" background_color_medium=\"\" background_color_small=\"\" background_color_medium_hover=\"\" background_color_small_hover=\"\" background_color_hover=\"\" background_color=\"\" background_image_medium=\"\" background_image_small=\"\" background_image=\"\" lazy_load=\"avada\" skip_lazy_load=\"\" background_position_medium=\"\" background_position_small=\"\" background_position=\"left top\" background_repeat_medium=\"\" background_repeat_small=\"\" background_repeat=\"no-repeat\" background_size_medium=\"\" background_size_small=\"\" background_size=\"\" background_custom_size=\"\" background_custom_size_medium=\"\" background_custom_size_small=\"\" background_blend_mode_medium=\"\" background_blend_mode_small=\"\" background_blend_mode=\"none\" render_logics=\"\" sticky=\"off\" sticky_devices=\"small-visibility,medium-visibility,large-visibility\" sticky_offset=\"\" absolute=\"off\" absolute_top=\"\" absolute_right=\"\" absolute_bottom=\"\" absolute_left=\"\" filter_type=\"regular\" filter_hover_element=\"self\" filter_hue=\"0\" filter_saturation=\"100\" filter_brightness=\"100\" filter_contrast=\"100\" filter_invert=\"0\" filter_sepia=\"0\" filter_opacity=\"100\" filter_blur=\"0\" filter_hue_hover=\"0\" filter_saturation_hover=\"100\" filter_brightness_hover=\"100\" filter_contrast_hover=\"100\" filter_invert_hover=\"0\" filter_sepia_hover=\"0\" filter_opacity_hover=\"100\" filter_blur_hover=\"0\" transform_type=\"regular\" transform_hover_element=\"self\" transform_scale_x=\"1\" transform_scale_y=\"1\" transform_translate_x=\"0\" transform_translate_y=\"0\" transform_rotate=\"0\" transform_skew_x=\"0\" transform_skew_y=\"0\" transform_origin=\"\" transform_scale_x_hover=\"1\" transform_scale_y_hover=\"1\" transform_translate_x_hover=\"0\" transform_translate_y_hover=\"0\" transform_rotate_hover=\"0\" transform_skew_x_hover=\"0\" transform_skew_y_hover=\"0\" transition_duration=\"300\" transition_easing=\"ease\" transition_custom_easing=\"\" motion_effects=\"W3sidHlwZSI6IiIsInNjcm9sbF90eXBlIjoidHJhbnNpdGlvbiIsInNjcm9sbF9kaXJlY3Rpb24iOiJ1cCIsInRyYW5zaXRpb25fc3BlZWQiOiIxIiwiZmFkZV90eXBlIjoiaW4iLCJzY2FsZV90eXBlIjoidXAiLCJpbml0aWFsX3NjYWxlIjoiMSIsIm1heF9zY2FsZSI6IjEuNSIsIm1pbl9zY2FsZSI6IjAuNSIsImluaXRpYWxfcm90YXRlIjoiMCIsImVuZF9yb3RhdGUiOiIzMCIsImluaXRpYWxfYmx1ciI6IjAiLCJlbmRfYmx1ciI6IjMiLCJzdGFydF9lbGVtZW50IjoidG9wIiwic3RhcnRfdmlld3BvcnQiOiJib3R0b20iLCJlbmRfZWxlbWVudCI6ImJvdHRvbSIsImVuZF92aWV3cG9ydCI6InRvcCIsIm1vdXNlX2VmZmVjdCI6InRyYWNrIiwibW91c2VfZWZmZWN0X2RpcmVjdGlvbiI6Im9wcG9zaXRlIiwibW91c2VfZWZmZWN0X3NwZWVkIjoiMiIsImluZmluaXRlX2FuaW1hdGlvbiI6ImZsb2F0IiwiaW5maW5pdGVfYW5pbWF0aW9uX3NwZWVkIjoiMiJ9XQ==\" scroll_motion_devices=\"small-visibility,medium-visibility,large-visibility\" animation_type=\"\" animation_direction=\"left\" animation_color=\"\" animation_speed=\"0.3\" animation_delay=\"0\" animation_offset=\"\" last=\"no\" border_position=\"all\"][fusion_imageframe image_id=\"1092|medium\" aspect_ratio=\"\" custom_aspect_ratio=\"100\" aspect_ratio_position=\"\" skip_lazy_load=\"\" lightbox=\"no\" gallery_id=\"\" lightbox_image=\"\" lightbox_image_id=\"\" alt=\"\" link=\"\" linktarget=\"_self\" hide_on_mobile=\"small-visibility,medium-visibility,large-visibility\" sticky_display=\"normal,sticky\" class=\"\" id=\"\" max_width=\"\" sticky_max_width=\"\" align_medium=\"none\" align_small=\"none\" align=\"center\" mask=\"\" custom_mask=\"\" mask_size=\"\" mask_custom_size=\"\" mask_position=\"\" mask_custom_position=\"\" mask_repeat=\"\" style_type=\"\" blur=\"\" stylecolor=\"\" hue=\"\" saturation=\"\" lightness=\"\" alpha=\"\" hover_type=\"none\" magnify_full_img=\"\" magnify_duration=\"120\" scroll_height=\"100\" scroll_speed=\"1\" margin_top_medium=\"\" margin_right_medium=\"\" margin_bottom_medium=\"\" margin_left_medium=\"\" margin_top_small=\"\" margin_right_small=\"\" margin_bottom_small=\"\" margin_left_small=\"\" margin_top=\"\" margin_right=\"\" margin_bottom=\"\" margin_left=\"\" bordersize=\"\" bordercolor=\"\" borderradius=\"\" z_index=\"\" caption_style=\"off\" caption_align_medium=\"none\" caption_align_small=\"none\" caption_align=\"none\" caption_title=\"\" caption_text=\"\" caption_title_tag=\"2\" fusion_font_family_caption_title_font=\"\" fusion_font_variant_caption_title_font=\"\" caption_title_size=\"\" caption_title_line_height=\"\" caption_title_letter_spacing=\"\" caption_title_transform=\"\" caption_title_color=\"\" caption_background_color=\"\" fusion_font_family_caption_text_font=\"\" fusion_font_variant_caption_text_font=\"\" caption_text_size=\"\" caption_text_line_height=\"\" caption_text_letter_spacing=\"\" caption_text_transform=\"\" caption_text_color=\"\" caption_border_color=\"\" caption_overlay_color=\"\" caption_margin_top=\"\" caption_margin_right=\"\" caption_margin_bottom=\"\" caption_margin_left=\"\" animation_type=\"\" animation_direction=\"left\" animation_color=\"\" animation_speed=\"0.3\" animation_delay=\"0\" animation_offset=\"\" filter_hue=\"0\" filter_saturation=\"100\" filter_brightness=\"100\" filter_contrast=\"100\" filter_invert=\"0\" filter_sepia=\"0\" filter_opacity=\"100\" filter_blur=\"0\" filter_hue_hover=\"0\" filter_saturation_hover=\"100\" filter_brightness_hover=\"100\" filter_contrast_hover=\"100\" filter_invert_hover=\"0\" filter_sepia_hover=\"0\" filter_opacity_hover=\"100\" filter_blur_hover=\"0\"]https://taptopcard.com/unclaimed/wp-content/uploads/sites/15/2024/02/tt-cards-accurate-size-13-1-1-300x128.png[/fusion_imageframe][fusion_title title_type=\"text\" rotation_effect=\"bounceIn\" display_time=\"1200\" highlight_effect=\"circle\" loop_animation=\"off\" highlight_width=\"9\" highlight_top_margin=\"0\" before_text=\"\" rotation_text=\"\" highlight_text=\"\" after_text=\"\" title_link=\"off\" link_url=\"\" link_target=\"_self\" hide_on_mobile=\"small-visibility,medium-visibility,large-visibility\" sticky_display=\"normal,sticky\" class=\"\" id=\"\" content_align_medium=\"\" content_align_small=\"\" content_align=\"center\" size=\"2\" animated_font_size=\"\" fusion_font_family_title_font=\"\" fusion_font_variant_title_font=\"\" font_size=\"\" line_height=\"\" letter_spacing=\"\" text_transform=\"\" text_color=\"#000000\" hue=\"\" saturation=\"\" lightness=\"\" alpha=\"\" animated_text_color=\"\" text_shadow=\"no\" text_shadow_vertical=\"\" text_shadow_horizontal=\"\" text_shadow_blur=\"0\" text_shadow_color=\"\" text_stroke=\"no\" text_stroke_size=\"1\" text_stroke_color=\"\" text_overflow=\"none\" margin_top_medium=\"\" margin_right_medium=\"\" margin_bottom_medium=\"\" margin_left_medium=\"\" margin_top_small=\"\" margin_right_small=\"\" margin_bottom_small=\"\" margin_left_small=\"\" margin_top=\"\" margin_right=\"\" margin_bottom=\"\" margin_left=\"\" margin_top_mobile=\"\" margin_bottom_mobile=\"\" gradient_font=\"no\" gradient_start_color=\"\" gradient_end_color=\"\" gradient_start_position=\"0\" gradient_end_position=\"100\" gradient_type=\"linear\" radial_direction=\"center center\" linear_angle=\"180\" highlight_color=\"\" style_type=\"default\" sep_color=\"\" link_color=\"\" link_hover_color=\"\" animation_type=\"\" animation_direction=\"left\" animation_color=\"\" animation_speed=\"0.3\" animation_delay=\"0\" animation_offset=\"\"]\r\n\r\nClaim This Digital Business Card!\r\n\r\n[/fusion_title][fusion_form form_post_id=\"1110\" hide_on_mobile=\"small-visibility,medium-visibility,large-visibility\" class=\"\" id=\"\" margin_top=\"\" margin_right=\"\" margin_bottom=\"\" margin_left=\"\" /][/fusion_builder_column][/fusion_builder_row][/fusion_builder_container]', 'Home', '', 'inherit', 'closed', 'closed', '', '315-revision-v1', '', '', '2024-02-13 18:09:54', '2024-02-13 23:09:54', '', 315, 'https://taptopcard.com/unclaimed/?p=1119', 0, 'revision', '', 0),
(1120, 1, '2024-03-12 00:42:14', '0000-00-00 00:00:00', '', 'Auto Draft', '', 'auto-draft', 'open', 'open', '', '', '', '', '2024-03-12 00:42:14', '0000-00-00 00:00:00', '', 0, 'https://taptopcard.com/unclaimed/?p=1120', 0, 'post', '', 0),
(1127, 1, '2024-03-12 03:01:48', '2024-03-12 07:01:48', '[fusion_builder_container type=\"flex\" hundred_percent=\"no\" hundred_percent_height=\"no\" min_height_medium=\"\" min_height_small=\"\" min_height=\"\" hundred_percent_height_scroll=\"no\" align_content=\"stretch\" flex_align_items=\"flex-start\" flex_justify_content=\"flex-start\" flex_wrap_medium=\"\" flex_wrap_small=\"\" flex_wrap=\"wrap\" flex_column_spacing=\"\" hundred_percent_height_center_content=\"yes\" equal_height_columns=\"no\" container_tag=\"div\" menu_anchor=\"\" hide_on_mobile=\"small-visibility,medium-visibility,large-visibility\" status=\"published\" publish_date=\"\" class=\"\" id=\"\" spacing_medium=\"\" margin_top_medium=\"\" margin_bottom_medium=\"\" spacing_small=\"\" margin_top_small=\"\" margin_bottom_small=\"\" margin_top=\"\" margin_bottom=\"\" padding_dimensions_medium=\"\" padding_top_medium=\"\" padding_right_medium=\"\" padding_bottom_medium=\"\" padding_left_medium=\"\" padding_dimensions_small=\"\" padding_top_small=\"\" padding_right_small=\"\" padding_bottom_small=\"\" padding_left_small=\"\" padding_top=\"\" padding_right=\"\" padding_bottom=\"\" padding_left=\"\" link_hover_color=\"\" link_color=\"\" border_sizes=\"\" border_sizes_top=\"\" border_sizes_right=\"\" border_sizes_bottom=\"\" border_sizes_left=\"\" border_color=\"\" border_style=\"solid\" border_radius_top_left=\"\" border_radius_top_right=\"\" border_radius_bottom_right=\"\" border_radius_bottom_left=\"\" box_shadow=\"no\" box_shadow_vertical=\"\" box_shadow_horizontal=\"\" box_shadow_blur=\"0\" box_shadow_spread=\"0\" box_shadow_color=\"\" box_shadow_style=\"\" z_index=\"\" overflow=\"\" gradient_start_color=\"\" gradient_end_color=\"\" gradient_start_position=\"0\" gradient_end_position=\"100\" gradient_type=\"linear\" radial_direction=\"center center\" linear_angle=\"180\" background_color_medium=\"\" background_color_small=\"\" background_color=\"\" background_image_medium=\"\" background_image_small=\"\" background_image=\"\" skip_lazy_load=\"\" background_position_medium=\"\" background_position_small=\"\" background_position=\"center center\" background_repeat_medium=\"\" background_repeat_small=\"\" background_repeat=\"no-repeat\" background_size_medium=\"\" background_size_small=\"\" background_size=\"\" background_custom_size=\"\" background_custom_size_medium=\"\" background_custom_size_small=\"\" fade=\"no\" background_parallax=\"none\" enable_mobile=\"no\" parallax_speed=\"0.3\" background_blend_mode_medium=\"\" background_blend_mode_small=\"\" background_blend_mode=\"none\" video_mp4=\"\" video_webm=\"\" video_ogv=\"\" video_url=\"\" video_aspect_ratio=\"16:9\" video_loop=\"yes\" video_mute=\"yes\" video_preview_image=\"\" pattern_bg=\"none\" pattern_custom_bg=\"\" pattern_bg_color=\"\" pattern_bg_style=\"default\" pattern_bg_opacity=\"100\" pattern_bg_size=\"\" pattern_bg_blend_mode=\"normal\" mask_bg=\"none\" mask_custom_bg=\"\" mask_bg_color=\"\" mask_bg_accent_color=\"\" mask_bg_style=\"default\" mask_bg_opacity=\"100\" mask_bg_transform=\"left\" mask_bg_blend_mode=\"normal\" render_logics=\"\" logics=\"\" absolute=\"off\" absolute_devices=\"small,medium,large\" sticky=\"off\" sticky_devices=\"small-visibility,medium-visibility,large-visibility\" sticky_background_color=\"\" sticky_height=\"\" sticky_offset=\"\" sticky_transition_offset=\"0\" scroll_offset=\"0\" animation_type=\"\" animation_direction=\"left\" animation_color=\"\" animation_speed=\"0.3\" animation_delay=\"0\" animation_offset=\"\" filter_hue=\"0\" filter_saturation=\"100\" filter_brightness=\"100\" filter_contrast=\"100\" filter_invert=\"0\" filter_sepia=\"0\" filter_opacity=\"100\" filter_blur=\"0\" filter_hue_hover=\"0\" filter_saturation_hover=\"100\" filter_brightness_hover=\"100\" filter_contrast_hover=\"100\" filter_invert_hover=\"0\" filter_sepia_hover=\"0\" filter_opacity_hover=\"100\" filter_blur_hover=\"0\"][fusion_builder_row][fusion_builder_column type=\"1_1\" align_self=\"auto\" content_layout=\"column\" align_content=\"flex-start\" valign_content=\"flex-start\" content_wrap=\"wrap\" spacing=\"\" center_content=\"no\" column_tag=\"div\" link=\"\" target=\"_self\" link_description=\"\" min_height=\"\" hide_on_mobile=\"small-visibility,medium-visibility,large-visibility\" sticky_display=\"normal,sticky\" class=\"\" id=\"\" type_medium=\"\" type_small=\"\" flex_grow_medium=\"\" flex_grow_small=\"\" flex_grow=\"\" flex_shrink_medium=\"\" flex_shrink_small=\"\" flex_shrink=\"\" order_medium=\"0\" order_small=\"0\" dimension_spacing_medium=\"\" dimension_spacing_small=\"\" dimension_spacing=\"\" dimension_margin_medium=\"\" dimension_margin_small=\"\" margin_top=\"\" margin_bottom=\"\" padding_medium=\"\" padding_small=\"\" padding_top=\"\" padding_right=\"\" padding_bottom=\"\" padding_left=\"\" hover_type=\"none\" border_sizes=\"\" border_color_hover=\"\" border_color=\"\" border_style=\"solid\" border_radius=\"\" box_shadow=\"no\" dimension_box_shadow=\"\" box_shadow_blur=\"0\" box_shadow_spread=\"0\" box_shadow_color=\"\" box_shadow_style=\"\" z_index_hover=\"\" z_index=\"\" overflow=\"\" background_type=\"single\" gradient_start_color=\"\" gradient_end_color=\"\" gradient_start_position=\"0\" gradient_end_position=\"100\" gradient_type=\"linear\" radial_direction=\"center center\" linear_angle=\"180\" background_color_medium=\"\" background_color_small=\"\" background_color_medium_hover=\"\" background_color_small_hover=\"\" background_color_hover=\"\" background_color=\"\" background_image_medium=\"\" background_image_small=\"\" background_image=\"\" background_image_id_medium=\"\" background_image_id_small=\"\" background_image_id=\"\" lazy_load=\"avada\" skip_lazy_load=\"\" background_position_medium=\"\" background_position_small=\"\" background_position=\"left top\" background_repeat_medium=\"\" background_repeat_small=\"\" background_repeat=\"no-repeat\" background_size_medium=\"\" background_size_small=\"\" background_size=\"\" background_custom_size=\"\" background_custom_size_medium=\"\" background_custom_size_small=\"\" background_blend_mode_medium=\"\" background_blend_mode_small=\"\" background_blend_mode=\"none\" render_logics=\"\" sticky=\"off\" sticky_devices=\"small-visibility,medium-visibility,large-visibility\" sticky_offset=\"\" absolute=\"off\" absolute_props=\"\" filter_type=\"regular\" filter_hover_element=\"self\" filter_hue=\"0\" filter_saturation=\"100\" filter_brightness=\"100\" filter_contrast=\"100\" filter_invert=\"0\" filter_sepia=\"0\" filter_opacity=\"100\" filter_blur=\"0\" filter_hue_hover=\"0\" filter_saturation_hover=\"100\" filter_brightness_hover=\"100\" filter_contrast_hover=\"100\" filter_invert_hover=\"0\" filter_sepia_hover=\"0\" filter_opacity_hover=\"100\" filter_blur_hover=\"0\" transform_type=\"regular\" transform_hover_element=\"self\" transform_scale_x=\"1\" transform_scale_y=\"1\" transform_translate_x=\"0\" transform_translate_y=\"0\" transform_rotate=\"0\" transform_skew_x=\"0\" transform_skew_y=\"0\" transform_scale_x_hover=\"1\" transform_scale_y_hover=\"1\" transform_translate_x_hover=\"0\" transform_translate_y_hover=\"0\" transform_rotate_hover=\"0\" transform_skew_x_hover=\"0\" transform_skew_y_hover=\"0\" transform_origin=\"\" transition_duration=\"300\" transition_easing=\"ease\" transition_custom_easing=\"\" motion_effects=\"\" scroll_motion_devices=\"small-visibility,medium-visibility,large-visibility\" animation_type=\"\" animation_direction=\"left\" animation_color=\"\" animation_speed=\"0.3\" animation_delay=\"0\" animation_offset=\"\" last=\"no\" border_position=\"all\"][fusion_code]W3NldHRpbmdzX3BhZ2VfcmVuZGVyXQ==[/fusion_code][/fusion_builder_column][/fusion_builder_row][/fusion_builder_container]', 'Settings', '', 'publish', 'closed', 'closed', '', 'settings', '', '', '2024-03-14 23:35:20', '2024-03-15 03:35:20', '', 0, 'https://taptopcard.com/unclaimed/?page_id=1127', 0, 'page', '', 0);
INSERT INTO `wphs_15_posts` (`ID`, `post_author`, `post_date`, `post_date_gmt`, `post_content`, `post_title`, `post_excerpt`, `post_status`, `comment_status`, `ping_status`, `post_password`, `post_name`, `to_ping`, `pinged`, `post_modified`, `post_modified_gmt`, `post_content_filtered`, `post_parent`, `guid`, `menu_order`, `post_type`, `post_mime_type`, `comment_count`) VALUES
(1128, 1, '2024-03-12 03:01:48', '2024-03-12 07:01:48', '[fusion_builder_container type=\"flex\" hundred_percent=\"no\" hundred_percent_height=\"no\" min_height_medium=\"\" min_height_small=\"\" min_height=\"\" hundred_percent_height_scroll=\"no\" align_content=\"stretch\" flex_align_items=\"flex-start\" flex_justify_content=\"flex-start\" flex_wrap_medium=\"\" flex_wrap_small=\"\" flex_wrap=\"wrap\" flex_column_spacing=\"\" hundred_percent_height_center_content=\"yes\" equal_height_columns=\"no\" container_tag=\"div\" menu_anchor=\"\" hide_on_mobile=\"small-visibility,medium-visibility,large-visibility\" status=\"published\" publish_date=\"\" class=\"\" id=\"\" spacing_medium=\"\" margin_top_medium=\"\" margin_bottom_medium=\"\" spacing_small=\"\" margin_top_small=\"\" margin_bottom_small=\"\" margin_top=\"\" margin_bottom=\"\" padding_dimensions_medium=\"\" padding_top_medium=\"\" padding_right_medium=\"\" padding_bottom_medium=\"\" padding_left_medium=\"\" padding_dimensions_small=\"\" padding_top_small=\"\" padding_right_small=\"\" padding_bottom_small=\"\" padding_left_small=\"\" padding_top=\"\" padding_right=\"\" padding_bottom=\"\" padding_left=\"\" link_hover_color=\"\" link_color=\"\" border_sizes=\"\" border_sizes_top=\"\" border_sizes_right=\"\" border_sizes_bottom=\"\" border_sizes_left=\"\" border_color=\"\" border_style=\"solid\" border_radius_top_left=\"\" border_radius_top_right=\"\" border_radius_bottom_right=\"\" border_radius_bottom_left=\"\" box_shadow=\"no\" box_shadow_vertical=\"\" box_shadow_horizontal=\"\" box_shadow_blur=\"0\" box_shadow_spread=\"0\" box_shadow_color=\"\" box_shadow_style=\"\" z_index=\"\" overflow=\"\" gradient_start_color=\"\" gradient_end_color=\"\" gradient_start_position=\"0\" gradient_end_position=\"100\" gradient_type=\"linear\" radial_direction=\"center center\" linear_angle=\"180\" background_color_medium=\"\" background_color_small=\"\" background_color=\"\" background_image_medium=\"\" background_image_small=\"\" background_image=\"\" skip_lazy_load=\"\" background_position_medium=\"\" background_position_small=\"\" background_position=\"center center\" background_repeat_medium=\"\" background_repeat_small=\"\" background_repeat=\"no-repeat\" background_size_medium=\"\" background_size_small=\"\" background_size=\"\" background_custom_size=\"\" background_custom_size_medium=\"\" background_custom_size_small=\"\" fade=\"no\" background_parallax=\"none\" enable_mobile=\"no\" parallax_speed=\"0.3\" background_blend_mode_medium=\"\" background_blend_mode_small=\"\" background_blend_mode=\"none\" video_mp4=\"\" video_webm=\"\" video_ogv=\"\" video_url=\"\" video_aspect_ratio=\"16:9\" video_loop=\"yes\" video_mute=\"yes\" video_preview_image=\"\" pattern_bg=\"none\" pattern_custom_bg=\"\" pattern_bg_color=\"\" pattern_bg_style=\"default\" pattern_bg_opacity=\"100\" pattern_bg_size=\"\" pattern_bg_blend_mode=\"normal\" mask_bg=\"none\" mask_custom_bg=\"\" mask_bg_color=\"\" mask_bg_accent_color=\"\" mask_bg_style=\"default\" mask_bg_opacity=\"100\" mask_bg_transform=\"left\" mask_bg_blend_mode=\"normal\" render_logics=\"\" logics=\"\" absolute=\"off\" absolute_devices=\"small,medium,large\" sticky=\"off\" sticky_devices=\"small-visibility,medium-visibility,large-visibility\" sticky_background_color=\"\" sticky_height=\"\" sticky_offset=\"\" sticky_transition_offset=\"0\" scroll_offset=\"0\" animation_type=\"\" animation_direction=\"left\" animation_color=\"\" animation_speed=\"0.3\" animation_delay=\"0\" animation_offset=\"\" filter_hue=\"0\" filter_saturation=\"100\" filter_brightness=\"100\" filter_contrast=\"100\" filter_invert=\"0\" filter_sepia=\"0\" filter_opacity=\"100\" filter_blur=\"0\" filter_hue_hover=\"0\" filter_saturation_hover=\"100\" filter_brightness_hover=\"100\" filter_contrast_hover=\"100\" filter_invert_hover=\"0\" filter_sepia_hover=\"0\" filter_opacity_hover=\"100\" filter_blur_hover=\"0\"][fusion_builder_row][fusion_builder_column type=\"1_1\" align_self=\"auto\" content_layout=\"column\" align_content=\"flex-start\" valign_content=\"flex-start\" content_wrap=\"wrap\" spacing=\"\" center_content=\"no\" column_tag=\"div\" link=\"\" target=\"_self\" link_description=\"\" min_height=\"\" hide_on_mobile=\"small-visibility,medium-visibility,large-visibility\" sticky_display=\"normal,sticky\" class=\"\" id=\"\" type_medium=\"\" type_small=\"\" flex_grow_medium=\"\" flex_grow_small=\"\" flex_grow=\"\" flex_shrink_medium=\"\" flex_shrink_small=\"\" flex_shrink=\"\" order_medium=\"0\" order_small=\"0\" dimension_spacing_medium=\"\" dimension_spacing_small=\"\" dimension_spacing=\"\" dimension_margin_medium=\"\" dimension_margin_small=\"\" margin_top=\"\" margin_bottom=\"\" padding_medium=\"\" padding_small=\"\" padding_top=\"\" padding_right=\"\" padding_bottom=\"\" padding_left=\"\" hover_type=\"none\" border_sizes=\"\" border_color_hover=\"\" border_color=\"\" border_style=\"solid\" border_radius=\"\" box_shadow=\"no\" dimension_box_shadow=\"\" box_shadow_blur=\"0\" box_shadow_spread=\"0\" box_shadow_color=\"\" box_shadow_style=\"\" z_index_hover=\"\" z_index=\"\" overflow=\"\" background_type=\"single\" gradient_start_color=\"\" gradient_end_color=\"\" gradient_start_position=\"0\" gradient_end_position=\"100\" gradient_type=\"linear\" radial_direction=\"center center\" linear_angle=\"180\" background_color_medium=\"\" background_color_small=\"\" background_color_medium_hover=\"\" background_color_small_hover=\"\" background_color_hover=\"\" background_color=\"\" background_image_medium=\"\" background_image_small=\"\" background_image=\"\" background_image_id_medium=\"\" background_image_id_small=\"\" background_image_id=\"\" lazy_load=\"avada\" skip_lazy_load=\"\" background_position_medium=\"\" background_position_small=\"\" background_position=\"left top\" background_repeat_medium=\"\" background_repeat_small=\"\" background_repeat=\"no-repeat\" background_size_medium=\"\" background_size_small=\"\" background_size=\"\" background_custom_size=\"\" background_custom_size_medium=\"\" background_custom_size_small=\"\" background_blend_mode_medium=\"\" background_blend_mode_small=\"\" background_blend_mode=\"none\" render_logics=\"\" sticky=\"off\" sticky_devices=\"small-visibility,medium-visibility,large-visibility\" sticky_offset=\"\" absolute=\"off\" absolute_props=\"\" filter_type=\"regular\" filter_hover_element=\"self\" filter_hue=\"0\" filter_saturation=\"100\" filter_brightness=\"100\" filter_contrast=\"100\" filter_invert=\"0\" filter_sepia=\"0\" filter_opacity=\"100\" filter_blur=\"0\" filter_hue_hover=\"0\" filter_saturation_hover=\"100\" filter_brightness_hover=\"100\" filter_contrast_hover=\"100\" filter_invert_hover=\"0\" filter_sepia_hover=\"0\" filter_opacity_hover=\"100\" filter_blur_hover=\"0\" transform_type=\"regular\" transform_hover_element=\"self\" transform_scale_x=\"1\" transform_scale_y=\"1\" transform_translate_x=\"0\" transform_translate_y=\"0\" transform_rotate=\"0\" transform_skew_x=\"0\" transform_skew_y=\"0\" transform_scale_x_hover=\"1\" transform_scale_y_hover=\"1\" transform_translate_x_hover=\"0\" transform_translate_y_hover=\"0\" transform_rotate_hover=\"0\" transform_skew_x_hover=\"0\" transform_skew_y_hover=\"0\" transform_origin=\"\" transition_duration=\"300\" transition_easing=\"ease\" transition_custom_easing=\"\" motion_effects=\"\" scroll_motion_devices=\"small-visibility,medium-visibility,large-visibility\" animation_type=\"\" animation_direction=\"left\" animation_color=\"\" animation_speed=\"0.3\" animation_delay=\"0\" animation_offset=\"\" last=\"no\" border_position=\"all\"][fusion_code]W3NldHRpbmdzX3BhZ2VfcmVuZGVyXQ==[/fusion_code][/fusion_builder_column][/fusion_builder_row][/fusion_builder_container]', 'Settings', '', 'inherit', 'closed', 'closed', '', '1127-revision-v1', '', '', '2024-03-12 03:01:48', '2024-03-12 07:01:48', '', 1127, 'https://taptopcard.com/unclaimed/?p=1128', 0, 'revision', '', 0),
(1129, 1, '2024-03-12 03:36:56', '2024-03-12 07:36:56', '[fusion_builder_container admin_label=\"Hero\" type=\"flex\" hundred_percent=\"yes\" hundred_percent_height=\"min\" min_height_medium=\"\" min_height_small=\"200px\" min_height=\"\" hundred_percent_height_scroll=\"no\" align_content=\"center\" flex_align_items=\"flex-end\" flex_justify_content=\"flex-start\" flex_wrap_medium=\"\" flex_wrap_small=\"\" flex_wrap=\"wrap\" flex_column_spacing=\"\" hundred_percent_height_center_content=\"yes\" equal_height_columns=\"no\" container_tag=\"div\" menu_anchor=\"\" hide_on_mobile=\"small-visibility,medium-visibility,large-visibility\" status=\"published\" publish_date=\"\" class=\"\" id=\"\" margin_top_medium=\"\" margin_bottom_medium=\"\" margin_top_small=\"\" margin_bottom_small=\"0px\" margin_top=\"\" margin_bottom=\"\" padding_top_medium=\"\" padding_right_medium=\"\" padding_bottom_medium=\"\" padding_left_medium=\"\" padding_top_small=\"\" padding_right_small=\"\" padding_bottom_small=\"\" padding_left_small=\"\" padding_top=\"5%\" padding_right=\"\" padding_bottom=\"\" padding_left=\"\" link_hover_color=\"\" hue=\"\" saturation=\"\" lightness=\"\" alpha=\"\" link_color=\"\" border_sizes_top=\"\" border_sizes_right=\"\" border_sizes_bottom=\"\" border_sizes_left=\"\" border_color=\"\" border_style=\"solid\" border_radius_top_left=\"\" border_radius_top_right=\"\" border_radius_bottom_right=\"\" border_radius_bottom_left=\"\" box_shadow=\"no\" box_shadow_vertical=\"\" box_shadow_horizontal=\"\" box_shadow_blur=\"0\" box_shadow_spread=\"0\" box_shadow_color=\"\" box_shadow_style=\"\" z_index=\"\" overflow=\"\" gradient_start_color=\"hsla(var(--awb-color5-h),var(--awb-color5-s),var(--awb-color5-l),calc(var(--awb-color5-a) - 20%))\" gradient_end_color=\"hsla(var(--awb-color8-h),var(--awb-color8-s),calc( var(--awb-color8-l) - 20% ),calc( var(--awb-color8-a) - 55% ))\" gradient_start_position=\"0\" gradient_end_position=\"100\" gradient_type=\"linear\" radial_direction=\"center center\" linear_angle=\"0\" background_color_medium=\"\" background_color_small=\"\" background_color=\"\" background_image_medium=\"\" background_image_small=\"\" background_image=\"\" skip_lazy_load=\"\" background_position_medium=\"\" background_position_small=\"\" background_position=\"center center\" background_repeat_medium=\"\" background_repeat_small=\"\" background_repeat=\"no-repeat\" background_size_medium=\"\" background_size_small=\"\" background_size=\"\" background_custom_size=\"\" background_custom_size_medium=\"\" background_custom_size_small=\"\" fade=\"no\" background_parallax=\"none\" enable_mobile=\"no\" parallax_speed=\"0.3\" background_blend_mode_medium=\"\" background_blend_mode_small=\"\" background_blend_mode=\"none\" video_mp4=\"\" video_webm=\"\" video_ogv=\"\" video_url=\"\" video_aspect_ratio=\"16:9\" video_loop=\"yes\" video_mute=\"yes\" video_preview_image=\"\" pattern_bg=\"none\" pattern_custom_bg=\"\" pattern_bg_color=\"\" pattern_bg_style=\"default\" pattern_bg_opacity=\"100\" pattern_bg_size=\"\" pattern_bg_blend_mode=\"normal\" mask_bg=\"none\" mask_custom_bg=\"\" mask_bg_color=\"\" mask_bg_accent_color=\"\" mask_bg_style=\"default\" mask_bg_opacity=\"100\" mask_bg_transform=\"left\" mask_bg_blend_mode=\"normal\" render_logics=\"W3sib3BlcmF0b3IiOiJhbmQiLCJjb21wYXJpc29uIjoiZXF1YWwiLCJmaWVsZCI6InVzZXJfc3RhdGUiLCJ2YWx1ZSI6ImxvZ2dlZF9pbiJ9XQ==\" logics=\"\" absolute=\"off\" absolute_devices=\"small,medium,large\" sticky=\"off\" sticky_devices=\"small-visibility,medium-visibility,large-visibility\" sticky_background_color=\"\" sticky_height=\"\" sticky_offset=\"\" sticky_transition_offset=\"0\" scroll_offset=\"0\" animation_type=\"\" animation_direction=\"left\" animation_color=\"\" animation_speed=\"0.3\" animation_delay=\"0\" animation_offset=\"\" filter_hue=\"0\" filter_saturation=\"100\" filter_brightness=\"100\" filter_contrast=\"100\" filter_invert=\"0\" filter_sepia=\"0\" filter_opacity=\"100\" filter_blur=\"0\" filter_hue_hover=\"0\" filter_saturation_hover=\"100\" filter_brightness_hover=\"100\" filter_contrast_hover=\"100\" filter_invert_hover=\"0\" filter_sepia_hover=\"0\" filter_opacity_hover=\"100\" filter_blur_hover=\"0\" dynamic_params=\"eyJiYWNrZ3JvdW5kX2ltYWdlIjp7ImRhdGEiOiJzaG9ydGNvZGUiLCJiYWNrZ3JvdW5kX2ltYWdlIjoiIiwic2hvcnRjb2RlIjoiW2ltYWdlT3B0aW9uIHZhbHVlPVwib3B0aW9uc19kaWdpdGFsX2J1c2luZXNzX2NhcmRfZ3JvdXBfaGVyb19iYWNrZ3JvdW5kXCJdIiwiYmVmb3JlIjoiIiwiYWZ0ZXIiOiIiLCJmYWxsYmFjayI6IiJ9fQ==\"][fusion_builder_row][fusion_builder_column type=\"1_1\" layout=\"1_1\" center_content=\"no\" target=\"_self\" hide_on_mobile=\"small-visibility,medium-visibility,large-visibility\" hover_type=\"none\" border_style=\"solid\" border_position=\"all\" box_shadow=\"no\" box_shadow_blur=\"0\" box_shadow_spread=\"0\" background_type=\"single\" gradient_start_position=\"0\" gradient_end_position=\"100\" gradient_type=\"linear\" radial_direction=\"center center\" linear_angle=\"180\" background_position=\"center center\" background_repeat=\"no-repeat\" background_blend_mode=\"none\" animation_type=\"fade\" animation_direction=\"up\" animation_speed=\"1.0\" filter_type=\"regular\" filter_hue=\"0\" filter_saturation=\"100\" filter_brightness=\"100\" filter_contrast=\"100\" filter_invert=\"0\" filter_sepia=\"0\" filter_opacity=\"100\" filter_blur=\"0\" filter_hue_hover=\"0\" filter_saturation_hover=\"100\" filter_brightness_hover=\"100\" filter_contrast_hover=\"100\" filter_invert_hover=\"0\" filter_sepia_hover=\"0\" filter_opacity_hover=\"100\" filter_blur_hover=\"0\" first=\"true\" last=\"true\" padding_bottom=\"50px9px\" border_sizes_top=\"0px\" border_sizes_bottom=\"0px\" border_sizes_left=\"0px\" border_sizes_right=\"0px\" element_content=\"\" align_self=\"flex-end\" align_content=\"flex-end\" margin_bottom_small=\"-100px\" min_height=\"\" link=\"\"][fusion_section_separator divider_type=\"waves\" divider_position=\"right\" divider_candy=\"top\" hide_on_mobile=\"small-visibility,medium-visibility,large-visibility\" /][/fusion_builder_column][/fusion_builder_row][/fusion_builder_container][fusion_builder_container type=\"flex\" hundred_percent=\"no\" hundred_percent_height=\"min\" min_height_medium=\"\" min_height_small=\"\" min_height=\"250px\" hundred_percent_height_scroll=\"no\" align_content=\"stretch\" flex_align_items=\"flex-start\" flex_justify_content=\"flex-start\" flex_wrap_medium=\"\" flex_wrap_small=\"\" flex_wrap=\"wrap\" flex_column_spacing=\"\" hundred_percent_height_center_content=\"yes\" equal_height_columns=\"no\" container_tag=\"div\" menu_anchor=\"\" hide_on_mobile=\"small-visibility,medium-visibility,large-visibility\" status=\"published\" publish_date=\"\" class=\"\" id=\"\" margin_top_medium=\"\" margin_bottom_medium=\"\" margin_top_small=\"\" margin_bottom_small=\"\" margin_top=\"0px\" margin_bottom=\"\" padding_top_medium=\"\" padding_right_medium=\"\" padding_bottom_medium=\"\" padding_left_medium=\"\" padding_top_small=\"\" padding_right_small=\"\" padding_bottom_small=\"\" padding_left_small=\"\" padding_top=\"\" padding_right=\"\" padding_bottom=\"\" padding_left=\"\" link_hover_color=\"\" hue=\"\" saturation=\"\" lightness=\"\" alpha=\"\" link_color=\"\" border_sizes_top=\"\" border_sizes_right=\"\" border_sizes_bottom=\"\" border_sizes_left=\"\" border_color=\"\" border_style=\"solid\" border_radius_top_left=\"\" border_radius_top_right=\"\" border_radius_bottom_right=\"\" border_radius_bottom_left=\"\" box_shadow=\"no\" box_shadow_vertical=\"\" box_shadow_horizontal=\"\" box_shadow_blur=\"0\" box_shadow_spread=\"0\" box_shadow_color=\"\" box_shadow_style=\"\" z_index=\"\" overflow=\"\" gradient_start_color=\"\" gradient_end_color=\"\" gradient_start_position=\"0\" gradient_end_position=\"100\" gradient_type=\"linear\" radial_direction=\"center center\" linear_angle=\"180\" background_color_medium=\"\" background_color_small=\"\" background_color=\"\" background_image_medium=\"\" background_image_small=\"\" background_image=\"\" skip_lazy_load=\"\" background_position_medium=\"\" background_position_small=\"\" background_position=\"center center\" background_repeat_medium=\"\" background_repeat_small=\"\" background_repeat=\"no-repeat\" background_size_medium=\"\" background_size_small=\"\" background_size=\"\" background_custom_size=\"\" background_custom_size_medium=\"\" background_custom_size_small=\"\" fade=\"no\" background_parallax=\"none\" enable_mobile=\"no\" parallax_speed=\"0.3\" background_blend_mode_medium=\"\" background_blend_mode_small=\"\" background_blend_mode=\"none\" video_mp4=\"\" video_webm=\"\" video_ogv=\"\" video_url=\"\" video_aspect_ratio=\"16:9\" video_loop=\"yes\" video_mute=\"yes\" video_preview_image=\"\" pattern_bg=\"none\" pattern_custom_bg=\"\" pattern_bg_color=\"\" pattern_bg_style=\"default\" pattern_bg_opacity=\"100\" pattern_bg_size=\"\" pattern_bg_blend_mode=\"normal\" mask_bg=\"none\" mask_custom_bg=\"\" mask_bg_color=\"\" mask_bg_accent_color=\"\" mask_bg_style=\"default\" mask_bg_opacity=\"100\" mask_bg_transform=\"left\" mask_bg_blend_mode=\"normal\" render_logics=\"W3sib3BlcmF0b3IiOiJhbmQiLCJjb21wYXJpc29uIjoiZXF1YWwiLCJmaWVsZCI6InVzZXJfc3RhdGUiLCJ2YWx1ZSI6ImxvZ2dlZF9pbiJ9XQ==\" logics=\"\" absolute=\"off\" absolute_devices=\"small,medium,large\" sticky=\"off\" sticky_devices=\"small-visibility,medium-visibility,large-visibility\" sticky_background_color=\"\" sticky_height=\"\" sticky_offset=\"\" sticky_transition_offset=\"0\" scroll_offset=\"0\" animation_type=\"\" animation_direction=\"left\" animation_color=\"\" animation_speed=\"0.3\" animation_delay=\"0\" animation_offset=\"\" filter_hue=\"0\" filter_saturation=\"100\" filter_brightness=\"100\" filter_contrast=\"100\" filter_invert=\"0\" filter_sepia=\"0\" filter_opacity=\"100\" filter_blur=\"0\" filter_hue_hover=\"0\" filter_saturation_hover=\"100\" filter_brightness_hover=\"100\" filter_contrast_hover=\"100\" filter_invert_hover=\"0\" filter_sepia_hover=\"0\" filter_opacity_hover=\"100\" filter_blur_hover=\"0\"][fusion_builder_row][fusion_builder_column type=\"1_1\" layout=\"1_1\" center_content=\"no\" target=\"_self\" hide_on_mobile=\"small-visibility,medium-visibility,large-visibility\" hover_type=\"none\" border_style=\"solid\" border_position=\"all\" box_shadow=\"no\" box_shadow_blur=\"0\" box_shadow_spread=\"0\" background_type=\"single\" gradient_start_position=\"0\" gradient_end_position=\"100\" gradient_type=\"linear\" radial_direction=\"center center\" linear_angle=\"180\" background_position=\"left top\" background_repeat=\"no-repeat\" background_blend_mode=\"none\" animation_direction=\"left\" animation_speed=\"0.3\" filter_type=\"regular\" filter_hue=\"0\" filter_saturation=\"100\" filter_brightness=\"100\" filter_contrast=\"100\" filter_invert=\"0\" filter_sepia=\"0\" filter_opacity=\"100\" filter_blur=\"0\" filter_hue_hover=\"0\" filter_saturation_hover=\"100\" filter_brightness_hover=\"100\" filter_contrast_hover=\"100\" filter_invert_hover=\"0\" filter_sepia_hover=\"0\" filter_opacity_hover=\"100\" filter_blur_hover=\"0\" first=\"true\" last=\"true\" border_sizes_top=\"0px\" border_sizes_bottom=\"0px\" border_sizes_left=\"0px\" border_sizes_right=\"0px\" margin_top_small=\"30px\" min_height=\"\" link=\"\"][fusion_imageframe aspect_ratio=\"\" custom_aspect_ratio=\"100\" aspect_ratio_position=\"\" lightbox=\"no\" linktarget=\"_self\" align_medium=\"none\" align_small=\"right\" align=\"none\" mask=\"\" custom_mask=\"\" mask_size=\"\" mask_custom_size=\"\" mask_position=\"\" mask_custom_position=\"\" mask_repeat=\"\" style_type=\"\" hover_type=\"none\" magnify_duration=\"120\" scroll_height=\"100\" scroll_speed=\"1\" margin_medium=\"\" margin_small=\"\" caption_style=\"off\" caption_align_medium=\"none\" caption_align_small=\"none\" caption_align=\"none\" caption_title_tag=\"2\" animation_direction=\"left\" animation_color=\"\" animation_speed=\"0.3\" animation_delay=\"0\" hide_on_mobile=\"small-visibility,medium-visibility,large-visibility\" sticky_display=\"normal,sticky\" filter_hue=\"0\" filter_saturation=\"100\" filter_brightness=\"100\" filter_contrast=\"100\" filter_invert=\"0\" filter_sepia=\"0\" filter_opacity=\"100\" filter_blur=\"0\" filter_hue_hover=\"0\" filter_saturation_hover=\"100\" filter_brightness_hover=\"100\" filter_contrast_hover=\"100\" filter_invert_hover=\"0\" filter_sepia_hover=\"0\" filter_opacity_hover=\"100\" filter_blur_hover=\"0\" dynamic_params=\"eyJlbGVtZW50X2NvbnRlbnQiOnsiZGF0YSI6InNob3J0Y29kZSIsInNob3J0Y29kZSI6IltpbWFnZU9wdGlvbiB2YWx1ZT1cIm9wdGlvbnNfZGlnaXRhbF9idXNpbmVzc19jYXJkX2dyb3VwX3Byb2ZpbGVfcGljdHVyZVwiXSJ9fQ==\" max_width=\"100px\" borderradius=\"50px\" /][fusion_title title_type=\"text\" rotation_effect=\"bounceIn\" display_time=\"1200\" highlight_effect=\"circle\" loop_animation=\"off\" highlight_width=\"9\" highlight_top_margin=\"0\" content_align=\"left\" size=\"2\" font_size=\"30px\" letter_spacing=\"-2px\" style_type=\"none\" hide_on_mobile=\"small-visibility,medium-visibility,large-visibility\" margin_bottom=\"10px\" margin_bottom_mobile=\"0px\" margin_top=\"-30px\" margin_top_mobile=\"-30px\" margin_top_small=\"-30px\" margin_bottom_small=\"0px\"][option value=\"options_digital_business_card_group_first_name\"] [option value=\"options_digital_business_card_group_last_name\"][/fusion_title][fusion_text rule_style=\"default\" animation_direction=\"left\" animation_speed=\"0.3\" hide_on_mobile=\"small-visibility,medium-visibility,large-visibility\"]\r\n<div id=\"title\">[option value=\"options_digital_business_card_group_title\"]</div>\r\n<div id=\"company\">[option value=\"options_digital_business_card_group_company\"]</div>\r\n[/fusion_text][fusion_text rule_style=\"default\" animation_direction=\"left\" animation_speed=\"0.3\" hide_on_mobile=\"small-visibility,medium-visibility,large-visibility\"]\r\n<div id=\"bio\">[option value=\"options_digital_business_card_group_biography\"]</div>\r\n[/fusion_text][fusion_button target=\"_self\" color=\"default\" linear_angle=\"180\" stretch=\"yes\" icon_position=\"left\" icon_divider=\"no\" hover_transition=\"none\" animation_direction=\"left\" animation_speed=\"0.3\" animation_delay=\"0\" hide_on_mobile=\"small-visibility,medium-visibility,large-visibility\" sticky_display=\"normal,sticky\" link=\"#\" alignment=\"center\"]Send Contact[/fusion_button][fusion_text animation_direction=\"left\" animation_speed=\"0.3\" animation_delay=\"0\" hide_on_mobile=\"small-visibility,medium-visibility,large-visibility\" sticky_display=\"normal,sticky\"][/fusion_text][/fusion_builder_column][/fusion_builder_row][/fusion_builder_container][fusion_builder_container admin_label=\"From The Blog\" type=\"flex\" hundred_percent=\"yes\" hundred_percent_height=\"no\" min_height_medium=\"\" min_height_small=\"\" min_height=\"\" hundred_percent_height_scroll=\"no\" align_content=\"stretch\" flex_align_items=\"flex-start\" flex_justify_content=\"flex-start\" flex_wrap_medium=\"\" flex_wrap_small=\"\" flex_wrap=\"wrap\" flex_column_spacing=\"\" hundred_percent_height_center_content=\"yes\" equal_height_columns=\"no\" container_tag=\"div\" menu_anchor=\"\" hide_on_mobile=\"small-visibility,medium-visibility,large-visibility\" status=\"published\" publish_date=\"\" class=\"\" id=\"\" margin_top_medium=\"\" margin_bottom_medium=\"\" margin_top_small=\"\" margin_bottom_small=\"\" margin_top=\"\" margin_bottom=\"\" padding_top_medium=\"\" padding_right_medium=\"\" padding_bottom_medium=\"\" padding_left_medium=\"\" padding_top_small=\"\" padding_right_small=\"\" padding_bottom_small=\"\" padding_left_small=\"\" padding_top=\"\" padding_right=\"10%\" padding_bottom=\"8%\" padding_left=\"10%\" link_hover_color=\"\" hue=\"\" saturation=\"\" lightness=\"\" alpha=\"\" link_color=\"\" border_sizes_top=\"\" border_sizes_right=\"\" border_sizes_bottom=\"\" border_sizes_left=\"\" border_color=\"\" border_style=\"solid\" border_radius_top_left=\"\" border_radius_top_right=\"\" border_radius_bottom_right=\"\" border_radius_bottom_left=\"\" box_shadow=\"no\" box_shadow_vertical=\"\" box_shadow_horizontal=\"\" box_shadow_blur=\"0\" box_shadow_spread=\"0\" box_shadow_color=\"\" box_shadow_style=\"\" z_index=\"\" overflow=\"\" gradient_start_color=\"var(--awb-color5)\" gradient_end_color=\"hsla(var(--awb-color5-h),var(--awb-color5-s),var(--awb-color5-l),calc(var(--awb-color5-a) - 20%))\" gradient_start_position=\"0\" gradient_end_position=\"78\" gradient_type=\"linear\" radial_direction=\"center center\" linear_angle=\"0\" background_color_medium=\"\" background_color_small=\"\" background_color=\"\" background_image_medium=\"\" background_image_small=\"\" background_image=\"\" skip_lazy_load=\"\" background_position_medium=\"\" background_position_small=\"\" background_position=\"center bottom\" background_repeat_medium=\"\" background_repeat_small=\"\" background_repeat=\"no-repeat\" background_size_medium=\"\" background_size_small=\"\" background_size=\"\" background_custom_size=\"\" background_custom_size_medium=\"\" background_custom_size_small=\"\" fade=\"no\" background_parallax=\"none\" enable_mobile=\"no\" parallax_speed=\"0.2\" background_blend_mode_medium=\"\" background_blend_mode_small=\"\" background_blend_mode=\"none\" video_mp4=\"\" video_webm=\"\" video_ogv=\"\" video_url=\"\" video_aspect_ratio=\"16:9\" video_loop=\"yes\" video_mute=\"yes\" video_preview_image=\"\" pattern_bg=\"none\" pattern_custom_bg=\"\" pattern_bg_color=\"\" pattern_bg_style=\"default\" pattern_bg_opacity=\"100\" pattern_bg_size=\"\" pattern_bg_blend_mode=\"normal\" mask_bg=\"none\" mask_custom_bg=\"\" mask_bg_color=\"\" mask_bg_accent_color=\"\" mask_bg_style=\"default\" mask_bg_opacity=\"100\" mask_bg_transform=\"left\" mask_bg_blend_mode=\"normal\" render_logics=\"W3sib3BlcmF0b3IiOiJhbmQiLCJjb21wYXJpc29uIjoiZXF1YWwiLCJmaWVsZCI6InVzZXJfc3RhdGUiLCJ2YWx1ZSI6ImxvZ2dlZF9pbiJ9XQ==\" logics=\"\" absolute=\"off\" absolute_devices=\"small,medium,large\" sticky=\"off\" sticky_devices=\"small-visibility,medium-visibility,large-visibility\" sticky_background_color=\"\" sticky_height=\"\" sticky_offset=\"\" sticky_transition_offset=\"0\" scroll_offset=\"0\" animation_type=\"\" animation_direction=\"left\" animation_color=\"\" animation_speed=\"0.3\" animation_delay=\"0\" animation_offset=\"\" filter_hue=\"0\" filter_saturation=\"100\" filter_brightness=\"100\" filter_contrast=\"100\" filter_invert=\"0\" filter_sepia=\"0\" filter_opacity=\"100\" filter_blur=\"0\" filter_hue_hover=\"0\" filter_saturation_hover=\"100\" filter_brightness_hover=\"100\" filter_contrast_hover=\"100\" filter_invert_hover=\"0\" filter_sepia_hover=\"0\" filter_opacity_hover=\"100\" filter_blur_hover=\"0\" dynamic_params=\"eyJiYWNrZ3JvdW5kX2ltYWdlIjp7ImRhdGEiOiJzaG9ydGNvZGUiLCJiYWNrZ3JvdW5kX2ltYWdlIjoiIiwic2hvcnRjb2RlIjoiW2ltYWdlT3B0aW9uIHZhbHVlPVwib3B0aW9uc19kaWdpdGFsX2J1c2luZXNzX2NhcmRfZ3JvdXBfaGVyb19iYWNrZ3JvdW5kXCJdIiwiYmVmb3JlIjoiIiwiYWZ0ZXIiOiIiLCJmYWxsYmFjayI6IiJ9fQ==\"][fusion_builder_row][fusion_builder_column type=\"1_1\" layout=\"1_1\" center_content=\"no\" target=\"_self\" hide_on_mobile=\"small-visibility,medium-visibility,large-visibility\" hover_type=\"none\" border_style=\"solid\" border_position=\"all\" box_shadow=\"no\" box_shadow_blur=\"0\" box_shadow_spread=\"0\" background_type=\"single\" gradient_start_position=\"0\" gradient_end_position=\"100\" gradient_type=\"linear\" radial_direction=\"center center\" linear_angle=\"180\" background_position=\"left top\" background_repeat=\"no-repeat\" background_blend_mode=\"none\" animation_direction=\"left\" animation_speed=\"0.3\" filter_type=\"regular\" filter_hue=\"0\" filter_saturation=\"100\" filter_brightness=\"100\" filter_contrast=\"100\" filter_invert=\"0\" filter_sepia=\"0\" filter_opacity=\"100\" filter_blur=\"0\" filter_hue_hover=\"0\" filter_saturation_hover=\"100\" filter_brightness_hover=\"100\" filter_contrast_hover=\"100\" filter_invert_hover=\"0\" filter_sepia_hover=\"0\" filter_opacity_hover=\"100\" filter_blur_hover=\"0\" first=\"true\" last=\"true\" border_sizes_top=\"0px\" border_sizes_bottom=\"0px\" border_sizes_left=\"0px\" border_sizes_right=\"0px\" min_height=\"\" link=\"\"][fusion_section_separator divider_type=\"waves\" divider_position=\"left\" divider_candy=\"bottom\" hide_on_mobile=\"small-visibility,medium-visibility,large-visibility\" /][/fusion_builder_column][/fusion_builder_row][/fusion_builder_container][fusion_builder_container type=\"flex\" hundred_percent=\"no\" hundred_percent_height=\"min\" min_height_medium=\"\" min_height_small=\"\" min_height=\"100%\" hundred_percent_height_scroll=\"no\" align_content=\"stretch\" flex_align_items=\"flex-start\" flex_justify_content=\"flex-start\" flex_wrap_medium=\"\" flex_wrap_small=\"\" flex_wrap=\"wrap\" flex_column_spacing=\"\" hundred_percent_height_center_content=\"yes\" equal_height_columns=\"no\" container_tag=\"div\" menu_anchor=\"\" hide_on_mobile=\"small-visibility,medium-visibility,large-visibility\" status=\"published\" publish_date=\"\" class=\"\" id=\"\" margin_top_medium=\"\" margin_bottom_medium=\"\" margin_top_small=\"\" margin_bottom_small=\"\" margin_top=\"\" margin_bottom=\"\" padding_top_medium=\"\" padding_right_medium=\"\" padding_bottom_medium=\"\" padding_left_medium=\"\" padding_top_small=\"\" padding_right_small=\"\" padding_bottom_small=\"\" padding_left_small=\"\" padding_top=\"\" padding_right=\"\" padding_bottom=\"\" padding_left=\"\" link_hover_color=\"\" hue=\"\" saturation=\"\" lightness=\"\" alpha=\"\" link_color=\"\" border_sizes_top=\"\" border_sizes_right=\"\" border_sizes_bottom=\"\" border_sizes_left=\"\" border_color=\"\" border_style=\"solid\" border_radius_top_left=\"\" border_radius_top_right=\"\" border_radius_bottom_right=\"\" border_radius_bottom_left=\"\" box_shadow=\"no\" box_shadow_vertical=\"\" box_shadow_horizontal=\"\" box_shadow_blur=\"0\" box_shadow_spread=\"0\" box_shadow_color=\"\" box_shadow_style=\"\" z_index=\"\" overflow=\"\" gradient_start_color=\"\" gradient_end_color=\"\" gradient_start_position=\"0\" gradient_end_position=\"100\" gradient_type=\"linear\" radial_direction=\"center center\" linear_angle=\"180\" background_color_medium=\"\" background_color_small=\"\" background_color=\"#ffffff\" background_image_medium=\"\" background_image_small=\"\" background_image=\"\" skip_lazy_load=\"\" background_position_medium=\"\" background_position_small=\"\" background_position=\"center center\" background_repeat_medium=\"\" background_repeat_small=\"\" background_repeat=\"no-repeat\" background_size_medium=\"\" background_size_small=\"\" background_size=\"\" background_custom_size=\"\" background_custom_size_medium=\"\" background_custom_size_small=\"\" fade=\"no\" background_parallax=\"none\" enable_mobile=\"no\" parallax_speed=\"0.3\" background_blend_mode_medium=\"\" background_blend_mode_small=\"\" background_blend_mode=\"none\" video_mp4=\"\" video_webm=\"\" video_ogv=\"\" video_url=\"\" video_aspect_ratio=\"16:9\" video_loop=\"yes\" video_mute=\"yes\" video_preview_image=\"\" pattern_bg=\"none\" pattern_custom_bg=\"\" pattern_bg_color=\"\" pattern_bg_style=\"default\" pattern_bg_opacity=\"100\" pattern_bg_size=\"\" pattern_bg_blend_mode=\"normal\" mask_bg=\"none\" mask_custom_bg=\"\" mask_bg_color=\"\" mask_bg_accent_color=\"\" mask_bg_style=\"default\" mask_bg_opacity=\"100\" mask_bg_transform=\"left\" mask_bg_blend_mode=\"normal\" render_logics=\"W3sib3BlcmF0b3IiOiJhbmQiLCJjb21wYXJpc29uIjoiZXF1YWwiLCJmaWVsZCI6InVzZXJfc3RhdGUiLCJ2YWx1ZSI6ImxvZ2dlZF9vdXQifV0=\" logics=\"\" absolute=\"off\" absolute_devices=\"small,medium,large\" sticky=\"off\" sticky_devices=\"small-visibility,medium-visibility,large-visibility\" sticky_background_color=\"\" sticky_height=\"\" sticky_offset=\"\" sticky_transition_offset=\"0\" scroll_offset=\"0\" animation_type=\"\" animation_direction=\"left\" animation_color=\"\" animation_speed=\"0.3\" animation_delay=\"0\" animation_offset=\"\" filter_hue=\"0\" filter_saturation=\"100\" filter_brightness=\"100\" filter_contrast=\"100\" filter_invert=\"0\" filter_sepia=\"0\" filter_opacity=\"100\" filter_blur=\"0\" filter_hue_hover=\"0\" filter_saturation_hover=\"100\" filter_brightness_hover=\"100\" filter_contrast_hover=\"100\" filter_invert_hover=\"0\" filter_sepia_hover=\"0\" filter_opacity_hover=\"100\" filter_blur_hover=\"0\"][fusion_builder_row][fusion_builder_column type=\"1_1\" layout=\"1_1\" align_self=\"auto\" content_layout=\"column\" align_content=\"flex-start\" valign_content=\"flex-start\" content_wrap=\"wrap\" spacing=\"\" center_content=\"no\" column_tag=\"div\" link=\"\" target=\"_self\" link_description=\"\" min_height=\"\" hide_on_mobile=\"small-visibility,medium-visibility,large-visibility\" sticky_display=\"normal,sticky\" class=\"\" id=\"\" background_image_id_medium=\"\" background_image_id_small=\"\" background_image_id=\"\" type_medium=\"\" type_small=\"\" flex_grow_medium=\"\" flex_grow_small=\"\" flex_grow=\"\" flex_shrink_medium=\"\" flex_shrink_small=\"\" flex_shrink=\"\" order_medium=\"0\" order_small=\"0\" spacing_left_medium=\"\" spacing_right_medium=\"\" spacing_left_small=\"\" spacing_right_small=\"\" spacing_left=\"\" spacing_right=\"\" margin_top_medium=\"\" margin_bottom_medium=\"\" margin_top_small=\"\" margin_bottom_small=\"\" margin_top=\"20px\" margin_bottom=\"\" padding_top_medium=\"\" padding_right_medium=\"\" padding_bottom_medium=\"\" padding_left_medium=\"\" padding_top_small=\"\" padding_right_small=\"\" padding_bottom_small=\"\" padding_left_small=\"\" padding_top=\"\" padding_right=\"\" padding_bottom=\"\" padding_left=\"\" hover_type=\"none\" border_sizes_top=\"\" border_sizes_right=\"\" border_sizes_bottom=\"\" border_sizes_left=\"\" border_color_hover=\"\" hue=\"\" saturation=\"\" lightness=\"\" alpha=\"\" border_color=\"\" border_style=\"solid\" border_radius_top_left=\"\" border_radius_top_right=\"\" border_radius_bottom_right=\"\" border_radius_bottom_left=\"\" box_shadow=\"no\" box_shadow_vertical=\"\" box_shadow_horizontal=\"\" box_shadow_blur=\"0\" box_shadow_spread=\"0\" box_shadow_color=\"\" box_shadow_style=\"\" z_index_hover=\"\" z_index=\"\" overflow=\"\" background_type=\"single\" gradient_start_color=\"\" gradient_end_color=\"\" gradient_start_position=\"0\" gradient_end_position=\"100\" gradient_type=\"linear\" radial_direction=\"center center\" linear_angle=\"180\" background_color_medium=\"\" background_color_small=\"\" background_color_medium_hover=\"\" background_color_small_hover=\"\" background_color_hover=\"\" background_color=\"\" background_image_medium=\"\" background_image_small=\"\" background_image=\"\" lazy_load=\"avada\" skip_lazy_load=\"\" background_position_medium=\"\" background_position_small=\"\" background_position=\"left top\" background_repeat_medium=\"\" background_repeat_small=\"\" background_repeat=\"no-repeat\" background_size_medium=\"\" background_size_small=\"\" background_size=\"\" background_custom_size=\"\" background_custom_size_medium=\"\" background_custom_size_small=\"\" background_blend_mode_medium=\"\" background_blend_mode_small=\"\" background_blend_mode=\"none\" render_logics=\"\" sticky=\"off\" sticky_devices=\"small-visibility,medium-visibility,large-visibility\" sticky_offset=\"\" absolute=\"off\" absolute_top=\"\" absolute_right=\"\" absolute_bottom=\"\" absolute_left=\"\" filter_type=\"regular\" filter_hover_element=\"self\" filter_hue=\"0\" filter_saturation=\"100\" filter_brightness=\"100\" filter_contrast=\"100\" filter_invert=\"0\" filter_sepia=\"0\" filter_opacity=\"100\" filter_blur=\"0\" filter_hue_hover=\"0\" filter_saturation_hover=\"100\" filter_brightness_hover=\"100\" filter_contrast_hover=\"100\" filter_invert_hover=\"0\" filter_sepia_hover=\"0\" filter_opacity_hover=\"100\" filter_blur_hover=\"0\" transform_type=\"regular\" transform_hover_element=\"self\" transform_scale_x=\"1\" transform_scale_y=\"1\" transform_translate_x=\"0\" transform_translate_y=\"0\" transform_rotate=\"0\" transform_skew_x=\"0\" transform_skew_y=\"0\" transform_origin=\"\" transform_scale_x_hover=\"1\" transform_scale_y_hover=\"1\" transform_translate_x_hover=\"0\" transform_translate_y_hover=\"0\" transform_rotate_hover=\"0\" transform_skew_x_hover=\"0\" transform_skew_y_hover=\"0\" transition_duration=\"300\" transition_easing=\"ease\" transition_custom_easing=\"\" motion_effects=\"W3sidHlwZSI6IiIsInNjcm9sbF90eXBlIjoidHJhbnNpdGlvbiIsInNjcm9sbF9kaXJlY3Rpb24iOiJ1cCIsInRyYW5zaXRpb25fc3BlZWQiOiIxIiwiZmFkZV90eXBlIjoiaW4iLCJzY2FsZV90eXBlIjoidXAiLCJpbml0aWFsX3NjYWxlIjoiMSIsIm1heF9zY2FsZSI6IjEuNSIsIm1pbl9zY2FsZSI6IjAuNSIsImluaXRpYWxfcm90YXRlIjoiMCIsImVuZF9yb3RhdGUiOiIzMCIsImluaXRpYWxfYmx1ciI6IjAiLCJlbmRfYmx1ciI6IjMiLCJzdGFydF9lbGVtZW50IjoidG9wIiwic3RhcnRfdmlld3BvcnQiOiJib3R0b20iLCJlbmRfZWxlbWVudCI6ImJvdHRvbSIsImVuZF92aWV3cG9ydCI6InRvcCIsIm1vdXNlX2VmZmVjdCI6InRyYWNrIiwibW91c2VfZWZmZWN0X2RpcmVjdGlvbiI6Im9wcG9zaXRlIiwibW91c2VfZWZmZWN0X3NwZWVkIjoiMiIsImluZmluaXRlX2FuaW1hdGlvbiI6ImZsb2F0IiwiaW5maW5pdGVfYW5pbWF0aW9uX3NwZWVkIjoiMiJ9XQ==\" scroll_motion_devices=\"small-visibility,medium-visibility,large-visibility\" animation_type=\"\" animation_direction=\"left\" animation_color=\"\" animation_speed=\"0.3\" animation_delay=\"0\" animation_offset=\"\" last=\"true\" border_position=\"all\" first=\"true\"][fusion_imageframe image_id=\"1092|medium\" aspect_ratio=\"\" custom_aspect_ratio=\"100\" aspect_ratio_position=\"\" skip_lazy_load=\"\" lightbox=\"no\" gallery_id=\"\" lightbox_image=\"\" lightbox_image_id=\"\" alt=\"\" link=\"\" linktarget=\"_self\" hide_on_mobile=\"small-visibility,medium-visibility,large-visibility\" sticky_display=\"normal,sticky\" class=\"\" id=\"\" max_width=\"\" sticky_max_width=\"\" align_medium=\"none\" align_small=\"none\" align=\"center\" mask=\"\" custom_mask=\"\" mask_size=\"\" mask_custom_size=\"\" mask_position=\"\" mask_custom_position=\"\" mask_repeat=\"\" style_type=\"\" blur=\"\" stylecolor=\"\" hue=\"\" saturation=\"\" lightness=\"\" alpha=\"\" hover_type=\"none\" magnify_full_img=\"\" magnify_duration=\"120\" scroll_height=\"100\" scroll_speed=\"1\" margin_top_medium=\"\" margin_right_medium=\"\" margin_bottom_medium=\"\" margin_left_medium=\"\" margin_top_small=\"\" margin_right_small=\"\" margin_bottom_small=\"\" margin_left_small=\"\" margin_top=\"\" margin_right=\"\" margin_bottom=\"\" margin_left=\"\" bordersize=\"\" bordercolor=\"\" borderradius=\"\" z_index=\"\" caption_style=\"off\" caption_align_medium=\"none\" caption_align_small=\"none\" caption_align=\"none\" caption_title=\"\" caption_text=\"\" caption_title_tag=\"2\" fusion_font_family_caption_title_font=\"\" fusion_font_variant_caption_title_font=\"\" caption_title_size=\"\" caption_title_line_height=\"\" caption_title_letter_spacing=\"\" caption_title_transform=\"\" caption_title_color=\"\" caption_background_color=\"\" fusion_font_family_caption_text_font=\"\" fusion_font_variant_caption_text_font=\"\" caption_text_size=\"\" caption_text_line_height=\"\" caption_text_letter_spacing=\"\" caption_text_transform=\"\" caption_text_color=\"\" caption_border_color=\"\" caption_overlay_color=\"\" caption_margin_top=\"\" caption_margin_right=\"\" caption_margin_bottom=\"\" caption_margin_left=\"\" animation_type=\"\" animation_direction=\"left\" animation_color=\"\" animation_speed=\"0.3\" animation_delay=\"0\" animation_offset=\"\" filter_hue=\"0\" filter_saturation=\"100\" filter_brightness=\"100\" filter_contrast=\"100\" filter_invert=\"0\" filter_sepia=\"0\" filter_opacity=\"100\" filter_blur=\"0\" filter_hue_hover=\"0\" filter_saturation_hover=\"100\" filter_brightness_hover=\"100\" filter_contrast_hover=\"100\" filter_invert_hover=\"0\" filter_sepia_hover=\"0\" filter_opacity_hover=\"100\" filter_blur_hover=\"0\"]https://taptopcard.com/unclaimed/wp-content/uploads/sites/15/2024/02/tt-cards-accurate-size-13-1-1-300x128.png[/fusion_imageframe][fusion_title title_type=\"text\" rotation_effect=\"bounceIn\" display_time=\"1200\" highlight_effect=\"circle\" loop_animation=\"off\" highlight_width=\"9\" highlight_top_margin=\"0\" before_text=\"\" rotation_text=\"\" highlight_text=\"\" after_text=\"\" title_link=\"off\" link_url=\"\" link_target=\"_self\" hide_on_mobile=\"small-visibility,medium-visibility,large-visibility\" sticky_display=\"normal,sticky\" class=\"\" id=\"\" content_align_medium=\"\" content_align_small=\"\" content_align=\"center\" size=\"2\" animated_font_size=\"\" fusion_font_family_title_font=\"\" fusion_font_variant_title_font=\"\" font_size=\"\" line_height=\"\" letter_spacing=\"\" text_transform=\"\" text_color=\"#000000\" hue=\"\" saturation=\"\" lightness=\"\" alpha=\"\" animated_text_color=\"\" text_shadow=\"no\" text_shadow_vertical=\"\" text_shadow_horizontal=\"\" text_shadow_blur=\"0\" text_shadow_color=\"\" text_stroke=\"no\" text_stroke_size=\"1\" text_stroke_color=\"\" text_overflow=\"none\" margin_top_medium=\"\" margin_right_medium=\"\" margin_bottom_medium=\"\" margin_left_medium=\"\" margin_top_small=\"\" margin_right_small=\"\" margin_bottom_small=\"\" margin_left_small=\"\" margin_top=\"\" margin_right=\"\" margin_bottom=\"\" margin_left=\"\" margin_top_mobile=\"\" margin_bottom_mobile=\"\" gradient_font=\"no\" gradient_start_color=\"\" gradient_end_color=\"\" gradient_start_position=\"0\" gradient_end_position=\"100\" gradient_type=\"linear\" radial_direction=\"center center\" linear_angle=\"180\" highlight_color=\"\" style_type=\"default\" sep_color=\"\" link_color=\"\" link_hover_color=\"\" animation_type=\"\" animation_direction=\"left\" animation_color=\"\" animation_speed=\"0.3\" animation_delay=\"0\" animation_offset=\"\"]\r\n\r\nClaim This Digital Business Card!\r\n\r\n[/fusion_title][fusion_code]W3VuY2xhaW1lZF9mb3JtXQ==[/fusion_code][/fusion_builder_column][/fusion_builder_row][/fusion_builder_container]', 'Home', '', 'inherit', 'closed', 'closed', '', '315-revision-v1', '', '', '2024-03-12 03:36:56', '2024-03-12 07:36:56', '', 315, 'https://taptopcard.com/unclaimed/?p=1129', 0, 'revision', '', 0),
(1130, 13, '2024-03-12 03:45:09', '0000-00-00 00:00:00', '', 'Auto Draft', '', 'auto-draft', 'open', 'open', '', '', '', '', '2024-03-12 03:45:09', '0000-00-00 00:00:00', '', 0, 'https://taptopcard.com/unclaimed/?p=1130', 0, 'post', '', 0),
(1131, 1, '2024-03-12 04:01:34', '0000-00-00 00:00:00', '', 'Auto Draft', '', 'auto-draft', 'open', 'open', '', '', '', '', '2024-03-12 04:01:34', '0000-00-00 00:00:00', '', 0, 'https://taptopcard.com/unclaimed/?p=1131', 0, 'post', '', 0),
(1132, 1, '2024-03-14 23:36:41', '2024-03-12 08:03:46', ' ', '', '', 'publish', 'closed', 'closed', '', '1132', '', '', '2024-03-14 23:36:41', '2024-03-15 03:36:41', '', 0, 'https://taptopcard.com/unclaimed/?p=1132', 1, 'nav_menu_item', '', 0),
(1133, 1, '2024-03-14 23:36:41', '2024-03-12 08:03:46', ' ', '', '', 'publish', 'closed', 'closed', '', '1133', '', '', '2024-03-14 23:36:41', '2024-03-15 03:36:41', '', 0, 'https://taptopcard.com/unclaimed/?p=1133', 2, 'nav_menu_item', '', 0);
INSERT INTO `wphs_15_posts` (`ID`, `post_author`, `post_date`, `post_date_gmt`, `post_content`, `post_title`, `post_excerpt`, `post_status`, `comment_status`, `ping_status`, `post_password`, `post_name`, `to_ping`, `pinged`, `post_modified`, `post_modified_gmt`, `post_content_filtered`, `post_parent`, `guid`, `menu_order`, `post_type`, `post_mime_type`, `comment_count`) VALUES
(1134, 1, '2024-03-14 23:36:38', '2024-03-15 03:36:38', '[fusion_builder_container type=\"flex\" hundred_percent=\"no\" hundred_percent_height=\"min\" hundred_percent_height_scroll=\"no\" align_content=\"stretch\" flex_align_items=\"center\" flex_justify_content=\"flex-start\" hundred_percent_height_center_content=\"yes\" equal_height_columns=\"no\" container_tag=\"div\" hide_on_mobile=\"small-visibility,medium-visibility,large-visibility\" status=\"published\" border_style=\"solid\" box_shadow=\"no\" box_shadow_blur=\"20\" box_shadow_spread=\"0\" gradient_start_position=\"0\" gradient_end_position=\"100\" gradient_type=\"linear\" radial_direction=\"center center\" linear_angle=\"180\" background_position=\"center center\" background_repeat=\"no-repeat\" fade=\"no\" background_parallax=\"none\" enable_mobile=\"no\" parallax_speed=\"0.3\" background_blend_mode=\"none\" video_aspect_ratio=\"16:9\" video_loop=\"yes\" video_mute=\"yes\" absolute=\"off\" absolute_devices=\"medium,large\" sticky=\"off\" sticky_devices=\"small-visibility,medium-visibility,large-visibility\" sticky_transition_offset=\"100\" scroll_offset=\"0\" animation_direction=\"left\" animation_speed=\"0.3\" filter_hue=\"0\" filter_saturation=\"100\" filter_brightness=\"100\" filter_contrast=\"100\" filter_invert=\"0\" filter_sepia=\"0\" filter_opacity=\"100\" filter_blur=\"0\" filter_hue_hover=\"0\" filter_saturation_hover=\"100\" filter_brightness_hover=\"100\" filter_contrast_hover=\"100\" filter_invert_hover=\"0\" filter_sepia_hover=\"0\" filter_opacity_hover=\"100\" filter_blur_hover=\"0\" box_shadow_vertical=\"0\" box_shadow_horizontal=\"0\" box_shadow_color=\"rgba(255, 255, 255, 0)\" z_index=\"9999\" min_height=\"60px\" flex_column_spacing=\"0\" admin_label=\"Header - Logo + Nav\" padding_top=\"50px\" padding_bottom=\"50px\" margin_bottom=\"0\" padding_top_small=\"15px\" padding_bottom_small=\"15px\" background_color=\"hsla(calc(var(--awb-color8-h) + 252),calc(var(--awb-color8-s) + 40%),calc(var(--awb-color8-l) + 5%),var(--awb-color8-a))\"][fusion_builder_row][fusion_builder_column type=\"1_4\" layout=\"1_4\" align_self=\"auto\" content_layout=\"row\" align_content=\"flex-start\" content_wrap=\"nowrap\" center_content=\"no\" target=\"_self\" hide_on_mobile=\"small-visibility,medium-visibility,large-visibility\" sticky_display=\"normal,sticky\" type_medium=\"1_4\" type_small=\"45.00\" order_medium=\"0\" order_small=\"0\" margin_bottom=\"0px\" hover_type=\"none\" border_style=\"solid\" box_shadow=\"no\" box_shadow_blur=\"0\" box_shadow_spread=\"0\" background_type=\"single\" gradient_start_position=\"0\" gradient_end_position=\"100\" gradient_type=\"linear\" radial_direction=\"center center\" linear_angle=\"180\" background_position=\"left top\" background_repeat=\"no-repeat\" background_blend_mode=\"none\" animation_direction=\"left\" animation_speed=\"0.3\" filter_type=\"regular\" filter_hue=\"0\" filter_saturation=\"100\" filter_brightness=\"100\" filter_contrast=\"100\" filter_invert=\"0\" filter_sepia=\"0\" filter_opacity=\"100\" filter_blur=\"0\" filter_hue_hover=\"0\" filter_saturation_hover=\"100\" filter_brightness_hover=\"100\" filter_contrast_hover=\"100\" filter_invert_hover=\"0\" filter_sepia_hover=\"0\" filter_opacity_hover=\"100\" filter_blur_hover=\"0\" last=\"false\" border_position=\"all\" dynamic_params=\"eyJsaW5rIjp7ImRhdGEiOiJzaXRlX3VybCJ9fQ==\" first=\"true\" min_height=\"\" link=\"\"][fusion_imageframe image_id=\"1092|medium\" aspect_ratio=\"\" custom_aspect_ratio=\"100\" aspect_ratio_position=\"\" skip_lazy_load=\"skip\" lightbox=\"no\" gallery_id=\"\" lightbox_image=\"\" lightbox_image_id=\"\" alt=\"\" link=\"\" linktarget=\"_self\" hide_on_mobile=\"small-visibility,medium-visibility,large-visibility\" sticky_display=\"normal,sticky\" class=\"\" id=\"\" max_width=\"250px\" sticky_max_width=\"\" align_medium=\"none\" align_small=\"none\" align=\"none\" mask=\"\" custom_mask=\"\" mask_size=\"\" mask_custom_size=\"\" mask_position=\"\" mask_custom_position=\"\" mask_repeat=\"\" style_type=\"\" blur=\"\" stylecolor=\"\" hue=\"\" saturation=\"\" lightness=\"\" alpha=\"\" hover_type=\"none\" magnify_full_img=\"\" magnify_duration=\"120\" scroll_height=\"100\" scroll_speed=\"1\" margin_top_medium=\"\" margin_right_medium=\"\" margin_bottom_medium=\"\" margin_left_medium=\"\" margin_top_small=\"\" margin_right_small=\"\" margin_bottom_small=\"\" margin_left_small=\"\" margin_top=\"\" margin_right=\"10px\" margin_bottom=\"\" margin_left=\"\" bordersize=\"\" bordercolor=\"\" borderradius=\"\" z_index=\"\" caption_style=\"off\" caption_align_medium=\"none\" caption_align_small=\"none\" caption_align=\"none\" caption_title=\"\" caption_text=\"\" caption_title_tag=\"2\" fusion_font_family_caption_title_font=\"\" fusion_font_variant_caption_title_font=\"\" caption_title_size=\"\" caption_title_line_height=\"\" caption_title_letter_spacing=\"\" caption_title_transform=\"\" caption_title_color=\"\" caption_background_color=\"\" fusion_font_family_caption_text_font=\"\" fusion_font_variant_caption_text_font=\"\" caption_text_size=\"\" caption_text_line_height=\"\" caption_text_letter_spacing=\"\" caption_text_transform=\"\" caption_text_color=\"\" caption_border_color=\"\" caption_overlay_color=\"\" caption_margin_top=\"\" caption_margin_right=\"\" caption_margin_bottom=\"\" caption_margin_left=\"\" animation_type=\"\" animation_direction=\"left\" animation_color=\"\" animation_speed=\"0.3\" animation_delay=\"0\" animation_offset=\"\" filter_hue=\"0\" filter_saturation=\"100\" filter_brightness=\"100\" filter_contrast=\"100\" filter_invert=\"0\" filter_sepia=\"0\" filter_opacity=\"100\" filter_blur=\"0\" filter_hue_hover=\"0\" filter_saturation_hover=\"100\" filter_brightness_hover=\"100\" filter_contrast_hover=\"100\" filter_invert_hover=\"0\" filter_sepia_hover=\"0\" filter_opacity_hover=\"100\" filter_blur_hover=\"0\" dynamic_params=\"eyJsaW5rIjp7ImRhdGEiOiJzaXRlX3VybCIsImxpbmsiOiIiLCJiZWZvcmUiOiIiLCJhZnRlciI6IiIsImZhbGxiYWNrIjoiIn19\"]https://taptopcard.com/unclaimed/wp-content/uploads/sites/15/2024/02/tt-cards-accurate-size-13-1-1-300x128.png[/fusion_imageframe][/fusion_builder_column][fusion_builder_column type=\"3_4\" layout=\"3_4\" align_self=\"auto\" content_layout=\"column\" align_content=\"flex-start\" content_wrap=\"wrap\" center_content=\"no\" target=\"_self\" hide_on_mobile=\"small-visibility,medium-visibility,large-visibility\" sticky_display=\"normal,sticky\" type_medium=\"3_4\" type_small=\"55.00\" order_medium=\"0\" order_small=\"0\" margin_bottom=\"0px\" hover_type=\"none\" border_style=\"solid\" box_shadow=\"no\" box_shadow_blur=\"0\" box_shadow_spread=\"0\" background_type=\"single\" gradient_start_position=\"0\" gradient_end_position=\"100\" gradient_type=\"linear\" radial_direction=\"center center\" linear_angle=\"180\" background_position=\"left top\" background_repeat=\"no-repeat\" background_blend_mode=\"none\" animation_direction=\"left\" animation_speed=\"0.3\" filter_type=\"regular\" filter_hue=\"0\" filter_saturation=\"100\" filter_brightness=\"100\" filter_contrast=\"100\" filter_invert=\"0\" filter_sepia=\"0\" filter_opacity=\"100\" filter_blur=\"0\" filter_hue_hover=\"0\" filter_saturation_hover=\"100\" filter_brightness_hover=\"100\" filter_contrast_hover=\"100\" filter_invert_hover=\"0\" filter_sepia_hover=\"0\" filter_opacity_hover=\"100\" filter_blur_hover=\"0\" last=\"true\" border_position=\"all\" first=\"false\" min_height=\"\" link=\"\"][fusion_menu menu=\"taxi-main-menu\" hide_on_mobile=\"small-visibility,medium-visibility,large-visibility\" sticky_display=\"normal,sticky\" direction=\"row\" transition_time=\"300\" min_height=\"10px\" sticky_min_height=\"70px\" align_items=\"stretch\" justify_content=\"flex-end\" font_size=\"var(--awb-typography5-font-size)\" text_transform=\"var(--awb-typography5-text-transform)\" gap=\"45px\" transition_type=\"center\" icons_position=\"left\" icons_size=\"16\" color=\"var(--awb-color1)\" active_color=\"var(--awb-color6)\" border_color=\"rgba(255,255,255,0)\" active_border_color=\"var(--awb-color6)\" icons_color=\"var(--awb-color1)\" icons_hover_color=\"var(--awb-color5)\" dropdown_carets=\"yes\" submenu_mode=\"dropdown\" expand_method=\"hover\" expand_direction=\"right\" expand_transition=\"fade\" submenu_flyout_direction=\"fade\" submenu_font_size=\"14px\" submenu_text_transform=\"none\" box_shadow=\"no\" box_shadow_blur=\"0\" box_shadow_spread=\"0\" submenu_sep_color=\"rgba(226,226,226,0)\" submenu_active_bg=\"var(--awb-color5)\" submenu_active_color=\"var(--awb-color1)\" breakpoint=\"custom\" custom_breakpoint=\"970\" mobile_nav_mode=\"collapse-to-button\" mobile_nav_size=\"full-absolute\" mobile_trigger_background_color=\"rgba(255,255,255,0)\" mobile_trigger_color=\"var(--awb-color1)\" collapsed_nav_icon_open=\"fusion-prefix-awb-yoga-menu\" collapsed_nav_icon_close=\"fusion-prefix-awb-yoga-close\" mobile_trigger_font_size=\"40px\" mobile_nav_button_align_hor=\"flex-end\" mobile_nav_trigger_fullwidth=\"off\" mobile_nav_trigger_bottom_margin=\"28px\" mobile_nav_items_height=\"65\" mobile_justify_content=\"left\" mobile_indent_submenu=\"on\" mobile_sep_color=\"rgba(0,0,0,0)\" mobile_bg=\"var(--awb-color5)\" mobile_color=\"var(--awb-color1)\" mobile_active_bg=\"var(--awb-color1)\" mobile_active_color=\"var(--awb-color5)\" animation_direction=\"left\" animation_speed=\"0.3\" fusion_font_variant_typography=\"var(--awb-typography5)\" fusion_font_family_typography=\"var(--awb-typography5-font-family)\" border_bottom=\"2px\" active_border_bottom=\"2px\" items_padding_top=\"0\" items_padding_bottom=\"0\" trigger_padding_top=\"0\" trigger_padding_right=\"0\" trigger_padding_bottom=\"0\" trigger_padding_left=\"0\" letter_spacing=\"var(--awb-typography5-letter-spacing)\" /][/fusion_builder_column][/fusion_builder_row][/fusion_builder_container]', 'Global Header', '', 'inherit', 'closed', 'closed', '', '890-revision-v1', '', '', '2024-03-14 23:36:38', '2024-03-15 03:36:38', '', 890, 'https://taptopcard.com/unclaimed/?p=1134', 0, 'revision', '', 0),
(1135, 1, '2024-03-14 23:37:16', '2024-03-15 03:37:16', ' ', '', '', 'publish', 'closed', 'closed', '', '1135', '', '', '2024-03-14 23:37:16', '2024-03-15 03:37:16', '', 0, 'https://taptopcard.com/unclaimed/?p=1135', 1, 'nav_menu_item', '', 0),
(1136, 1, '2024-03-14 23:37:16', '2024-03-15 03:37:16', ' ', '', '', 'publish', 'closed', 'closed', '', '1136', '', '', '2024-03-14 23:37:16', '2024-03-15 03:37:16', '', 0, 'https://taptopcard.com/unclaimed/?p=1136', 2, 'nav_menu_item', '', 0),
(1137, 1, '2024-03-14 23:38:09', '2024-03-15 03:38:09', '[fusion_builder_container type=\"flex\" hundred_percent=\"no\" hundred_percent_height=\"min\" hundred_percent_height_scroll=\"no\" align_content=\"stretch\" flex_align_items=\"center\" flex_justify_content=\"flex-start\" hundred_percent_height_center_content=\"yes\" equal_height_columns=\"no\" container_tag=\"div\" hide_on_mobile=\"small-visibility,medium-visibility,large-visibility\" status=\"published\" border_style=\"solid\" box_shadow=\"no\" box_shadow_blur=\"20\" box_shadow_spread=\"0\" gradient_start_position=\"0\" gradient_end_position=\"100\" gradient_type=\"linear\" radial_direction=\"center center\" linear_angle=\"180\" background_position=\"center center\" background_repeat=\"no-repeat\" fade=\"no\" background_parallax=\"none\" enable_mobile=\"no\" parallax_speed=\"0.3\" background_blend_mode=\"none\" video_aspect_ratio=\"16:9\" video_loop=\"yes\" video_mute=\"yes\" absolute=\"off\" absolute_devices=\"medium,large\" sticky=\"off\" sticky_devices=\"small-visibility,medium-visibility,large-visibility\" sticky_transition_offset=\"100\" scroll_offset=\"0\" animation_direction=\"left\" animation_speed=\"0.3\" filter_hue=\"0\" filter_saturation=\"100\" filter_brightness=\"100\" filter_contrast=\"100\" filter_invert=\"0\" filter_sepia=\"0\" filter_opacity=\"100\" filter_blur=\"0\" filter_hue_hover=\"0\" filter_saturation_hover=\"100\" filter_brightness_hover=\"100\" filter_contrast_hover=\"100\" filter_invert_hover=\"0\" filter_sepia_hover=\"0\" filter_opacity_hover=\"100\" filter_blur_hover=\"0\" box_shadow_vertical=\"0\" box_shadow_horizontal=\"0\" box_shadow_color=\"rgba(255, 255, 255, 0)\" z_index=\"9999\" min_height=\"60px\" flex_column_spacing=\"0\" admin_label=\"Header - Logo + Nav\" padding_top=\"50px\" padding_bottom=\"50px\" margin_bottom=\"0\" padding_top_small=\"15px\" padding_bottom_small=\"15px\" background_color=\"hsla(calc(var(--awb-color8-h) + 252),calc(var(--awb-color8-s) + 40%),calc(var(--awb-color8-l) + 5%),var(--awb-color8-a))\"][fusion_builder_row][fusion_builder_column type=\"1_5\" layout=\"1_4\" align_self=\"auto\" content_layout=\"row\" align_content=\"flex-start\" content_wrap=\"nowrap\" center_content=\"no\" target=\"_self\" hide_on_mobile=\"small-visibility,medium-visibility,large-visibility\" sticky_display=\"normal,sticky\" type_medium=\"1_4\" type_small=\"45.00\" order_medium=\"0\" order_small=\"0\" margin_bottom=\"0px\" hover_type=\"none\" border_style=\"solid\" box_shadow=\"no\" box_shadow_blur=\"0\" box_shadow_spread=\"0\" background_type=\"single\" gradient_start_position=\"0\" gradient_end_position=\"100\" gradient_type=\"linear\" radial_direction=\"center center\" linear_angle=\"180\" background_position=\"left top\" background_repeat=\"no-repeat\" background_blend_mode=\"none\" animation_direction=\"left\" animation_speed=\"0.3\" filter_type=\"regular\" filter_hue=\"0\" filter_saturation=\"100\" filter_brightness=\"100\" filter_contrast=\"100\" filter_invert=\"0\" filter_sepia=\"0\" filter_opacity=\"100\" filter_blur=\"0\" filter_hue_hover=\"0\" filter_saturation_hover=\"100\" filter_brightness_hover=\"100\" filter_contrast_hover=\"100\" filter_invert_hover=\"0\" filter_sepia_hover=\"0\" filter_opacity_hover=\"100\" filter_blur_hover=\"0\" last=\"false\" border_position=\"all\" dynamic_params=\"eyJsaW5rIjp7ImRhdGEiOiJzaXRlX3VybCJ9fQ==\" first=\"true\" min_height=\"\" link=\"\"][fusion_imageframe image_id=\"1092|medium\" aspect_ratio=\"\" custom_aspect_ratio=\"100\" aspect_ratio_position=\"\" skip_lazy_load=\"skip\" lightbox=\"no\" gallery_id=\"\" lightbox_image=\"\" lightbox_image_id=\"\" alt=\"\" link=\"\" linktarget=\"_self\" hide_on_mobile=\"small-visibility,medium-visibility,large-visibility\" sticky_display=\"normal,sticky\" class=\"\" id=\"\" max_width=\"250px\" sticky_max_width=\"\" align_medium=\"none\" align_small=\"none\" align=\"none\" mask=\"\" custom_mask=\"\" mask_size=\"\" mask_custom_size=\"\" mask_position=\"\" mask_custom_position=\"\" mask_repeat=\"\" style_type=\"\" blur=\"\" stylecolor=\"\" hue=\"\" saturation=\"\" lightness=\"\" alpha=\"\" hover_type=\"none\" magnify_full_img=\"\" magnify_duration=\"120\" scroll_height=\"100\" scroll_speed=\"1\" margin_top_medium=\"\" margin_right_medium=\"\" margin_bottom_medium=\"\" margin_left_medium=\"\" margin_top_small=\"\" margin_right_small=\"\" margin_bottom_small=\"\" margin_left_small=\"\" margin_top=\"\" margin_right=\"10px\" margin_bottom=\"\" margin_left=\"\" bordersize=\"\" bordercolor=\"\" borderradius=\"\" z_index=\"\" caption_style=\"off\" caption_align_medium=\"none\" caption_align_small=\"none\" caption_align=\"none\" caption_title=\"\" caption_text=\"\" caption_title_tag=\"2\" fusion_font_family_caption_title_font=\"\" fusion_font_variant_caption_title_font=\"\" caption_title_size=\"\" caption_title_line_height=\"\" caption_title_letter_spacing=\"\" caption_title_transform=\"\" caption_title_color=\"\" caption_background_color=\"\" fusion_font_family_caption_text_font=\"\" fusion_font_variant_caption_text_font=\"\" caption_text_size=\"\" caption_text_line_height=\"\" caption_text_letter_spacing=\"\" caption_text_transform=\"\" caption_text_color=\"\" caption_border_color=\"\" caption_overlay_color=\"\" caption_margin_top=\"\" caption_margin_right=\"\" caption_margin_bottom=\"\" caption_margin_left=\"\" animation_type=\"\" animation_direction=\"left\" animation_color=\"\" animation_speed=\"0.3\" animation_delay=\"0\" animation_offset=\"\" filter_hue=\"0\" filter_saturation=\"100\" filter_brightness=\"100\" filter_contrast=\"100\" filter_invert=\"0\" filter_sepia=\"0\" filter_opacity=\"100\" filter_blur=\"0\" filter_hue_hover=\"0\" filter_saturation_hover=\"100\" filter_brightness_hover=\"100\" filter_contrast_hover=\"100\" filter_invert_hover=\"0\" filter_sepia_hover=\"0\" filter_opacity_hover=\"100\" filter_blur_hover=\"0\" dynamic_params=\"eyJsaW5rIjp7ImRhdGEiOiJzaXRlX3VybCIsImxpbmsiOiIiLCJiZWZvcmUiOiIiLCJhZnRlciI6IiIsImZhbGxiYWNrIjoiIn19\"]https://taptopcard.com/unclaimed/wp-content/uploads/sites/15/2024/02/tt-cards-accurate-size-13-1-1-300x128.png[/fusion_imageframe][/fusion_builder_column][fusion_builder_column type=\"4_5\" align_self=\"auto\" content_layout=\"column\" align_content=\"flex-start\" valign_content=\"flex-start\" content_wrap=\"wrap\" spacing=\"\" center_content=\"no\" column_tag=\"div\" link=\"\" target=\"_self\" link_description=\"\" min_height=\"\" hide_on_mobile=\"medium-visibility,large-visibility\" sticky_display=\"normal,sticky\" class=\"\" id=\"\" background_image_id_medium=\"\" background_image_id_small=\"\" background_image_id=\"\" type_medium=\"3_4\" type_small=\"55.00\" flex_grow_medium=\"\" flex_grow_small=\"\" flex_grow=\"\" flex_shrink_medium=\"\" flex_shrink_small=\"\" flex_shrink=\"\" order_medium=\"0\" order_small=\"0\" spacing_left_medium=\"\" spacing_right_medium=\"\" spacing_left_small=\"\" spacing_right_small=\"\" spacing_left=\"\" spacing_right=\"\" margin_top_medium=\"\" margin_bottom_medium=\"\" margin_top_small=\"\" margin_bottom_small=\"\" margin_top=\"\" margin_bottom=\"0px\" padding_top_medium=\"\" padding_right_medium=\"\" padding_bottom_medium=\"\" padding_left_medium=\"\" padding_top_small=\"\" padding_right_small=\"\" padding_bottom_small=\"\" padding_left_small=\"\" padding_top=\"\" padding_right=\"\" padding_bottom=\"\" padding_left=\"\" hover_type=\"none\" border_sizes_top=\"\" border_sizes_right=\"\" border_sizes_bottom=\"\" border_sizes_left=\"\" border_color_hover=\"\" hue=\"\" saturation=\"\" lightness=\"\" alpha=\"\" border_color=\"\" border_style=\"solid\" border_radius_top_left=\"\" border_radius_top_right=\"\" border_radius_bottom_right=\"\" border_radius_bottom_left=\"\" box_shadow=\"no\" box_shadow_vertical=\"\" box_shadow_horizontal=\"\" box_shadow_blur=\"0\" box_shadow_spread=\"0\" box_shadow_color=\"\" box_shadow_style=\"\" z_index_hover=\"\" z_index=\"\" overflow=\"\" background_type=\"single\" gradient_start_color=\"\" gradient_end_color=\"\" gradient_start_position=\"0\" gradient_end_position=\"100\" gradient_type=\"linear\" radial_direction=\"center center\" linear_angle=\"180\" background_color_medium=\"\" background_color_small=\"\" background_color_medium_hover=\"\" background_color_small_hover=\"\" background_color_hover=\"\" background_color=\"\" background_image_medium=\"\" background_image_small=\"\" background_image=\"\" lazy_load=\"avada\" skip_lazy_load=\"\" background_position_medium=\"\" background_position_small=\"\" background_position=\"left top\" background_repeat_medium=\"\" background_repeat_small=\"\" background_repeat=\"no-repeat\" background_size_medium=\"\" background_size_small=\"\" background_size=\"\" background_custom_size=\"\" background_custom_size_medium=\"\" background_custom_size_small=\"\" background_blend_mode_medium=\"\" background_blend_mode_small=\"\" background_blend_mode=\"none\" render_logics=\"\" sticky=\"off\" sticky_devices=\"small-visibility,medium-visibility,large-visibility\" sticky_offset=\"\" absolute=\"off\" absolute_top=\"\" absolute_right=\"\" absolute_bottom=\"\" absolute_left=\"\" filter_type=\"regular\" filter_hover_element=\"self\" filter_hue=\"0\" filter_saturation=\"100\" filter_brightness=\"100\" filter_contrast=\"100\" filter_invert=\"0\" filter_sepia=\"0\" filter_opacity=\"100\" filter_blur=\"0\" filter_hue_hover=\"0\" filter_saturation_hover=\"100\" filter_brightness_hover=\"100\" filter_contrast_hover=\"100\" filter_invert_hover=\"0\" filter_sepia_hover=\"0\" filter_opacity_hover=\"100\" filter_blur_hover=\"0\" transform_type=\"regular\" transform_hover_element=\"self\" transform_scale_x=\"1\" transform_scale_y=\"1\" transform_translate_x=\"0\" transform_translate_y=\"0\" transform_rotate=\"0\" transform_skew_x=\"0\" transform_skew_y=\"0\" transform_origin=\"\" transform_scale_x_hover=\"1\" transform_scale_y_hover=\"1\" transform_translate_x_hover=\"0\" transform_translate_y_hover=\"0\" transform_rotate_hover=\"0\" transform_skew_x_hover=\"0\" transform_skew_y_hover=\"0\" transition_duration=\"300\" transition_easing=\"ease\" transition_custom_easing=\"\" motion_effects=\"W3sidHlwZSI6IiIsInNjcm9sbF90eXBlIjoidHJhbnNpdGlvbiIsInNjcm9sbF9kaXJlY3Rpb24iOiJ1cCIsInRyYW5zaXRpb25fc3BlZWQiOiIxIiwiZmFkZV90eXBlIjoiaW4iLCJzY2FsZV90eXBlIjoidXAiLCJpbml0aWFsX3NjYWxlIjoiMSIsIm1heF9zY2FsZSI6IjEuNSIsIm1pbl9zY2FsZSI6IjAuNSIsImluaXRpYWxfcm90YXRlIjoiMCIsImVuZF9yb3RhdGUiOiIzMCIsImluaXRpYWxfYmx1ciI6IjAiLCJlbmRfYmx1ciI6IjMiLCJzdGFydF9lbGVtZW50IjoidG9wIiwic3RhcnRfdmlld3BvcnQiOiJib3R0b20iLCJlbmRfZWxlbWVudCI6ImJvdHRvbSIsImVuZF92aWV3cG9ydCI6InRvcCIsIm1vdXNlX2VmZmVjdCI6InRyYWNrIiwibW91c2VfZWZmZWN0X2RpcmVjdGlvbiI6Im9wcG9zaXRlIiwibW91c2VfZWZmZWN0X3NwZWVkIjoiMiIsImluZmluaXRlX2FuaW1hdGlvbiI6ImZsb2F0IiwiaW5maW5pdGVfYW5pbWF0aW9uX3NwZWVkIjoiMiJ9XQ==\" scroll_motion_devices=\"small-visibility,medium-visibility,large-visibility\" animation_type=\"\" animation_direction=\"left\" animation_color=\"\" animation_speed=\"0.3\" animation_delay=\"0\" animation_offset=\"\" last=\"no\" border_position=\"all\"][fusion_menu menu=\"main-menu\" hide_on_mobile=\"small-visibility,medium-visibility,large-visibility\" sticky_display=\"normal,sticky\" direction=\"row\" margin_top=\"\" margin_bottom=\"\" transition_time=\"300\" submenu_space=\"\" arrows=\"\" arrows_size_width=\"\" arrows_size_height=\"\" class=\"\" id=\"\" min_height=\"10px\" sticky_min_height=\"70px\" align_items=\"stretch\" justify_content=\"flex-end\" fusion_font_family_typography=\"var(--awb-typography5-font-family)\" fusion_font_variant_typography=\"var(--awb-typography5)\" font_size=\"var(--awb-typography5-font-size)\" line_height=\"\" letter_spacing=\"var(--awb-typography5-letter-spacing)\" text_transform=\"var(--awb-typography5-text-transform)\" main_justify_content=\"left\" items_padding_top=\"0\" items_padding_right=\"\" items_padding_bottom=\"0\" items_padding_left=\"\" gap=\"45px\" border_radius_top_left=\"\" border_radius_top_right=\"\" border_radius_bottom_right=\"\" border_radius_bottom_left=\"\" transition_type=\"center\" icons_position=\"left\" icons_size=\"16\" active_bg=\"\" hue=\"\" saturation=\"\" lightness=\"\" alpha=\"\" bg=\"\" active_color=\"var(--awb-color6)\" color=\"var(--awb-color1)\" active_border_top=\"\" active_border_right=\"\" active_border_bottom=\"2px\" active_border_left=\"\" border_top=\"\" border_right=\"\" border_bottom=\"2px\" border_left=\"\" active_border_color=\"var(--awb-color6)\" border_color=\"rgba(255,255,255,0)\" icons_hover_color=\"var(--awb-color5)\" icons_color=\"var(--awb-color1)\" dropdown_carets=\"yes\" submenu_mode=\"dropdown\" expand_method=\"hover\" stacked_expand_method=\"click\" close_on_outer_click=\"no\" close_on_outer_click_stacked=\"no\" stacked_click_mode=\"toggle\" stacked_submenu_indent=\"\" expand_direction=\"right\" expand_transition=\"fade\" submenu_max_width=\"\" submenu_flyout_direction=\"fade\" fusion_font_family_submenu_typography=\"\" fusion_font_variant_submenu_typography=\"\" submenu_font_size=\"14px\" submenu_line_height=\"\" submenu_letter_spacing=\"\" submenu_text_transform=\"none\" sub_justify_content=\"space-between\" submenu_items_padding_top=\"\" submenu_items_padding_right=\"\" submenu_items_padding_bottom=\"\" submenu_items_padding_left=\"\" submenu_border_radius_top_left=\"\" submenu_border_radius_top_right=\"\" submenu_border_radius_bottom_right=\"\" submenu_border_radius_bottom_left=\"\" box_shadow=\"no\" box_shadow_vertical=\"\" box_shadow_horizontal=\"\" box_shadow_blur=\"0\" box_shadow_spread=\"0\" box_shadow_color=\"\" box_shadow_style=\"\" thumbnail_size_width=\"\" thumbnail_size_height=\"\" justify_title=\"center\" submenu_sep_color=\"rgba(226,226,226,0)\" submenu_active_bg=\"var(--awb-color5)\" submenu_bg=\"\" submenu_active_color=\"var(--awb-color1)\" submenu_color=\"\" flyout_active_close_color=\"\" flyout_close_color=\"\" breakpoint=\"never\" custom_breakpoint=\"970\" mobile_nav_mode=\"collapse-to-button\" mobile_nav_size=\"full-absolute\" mobile_opening_mode=\"toggle\" trigger_padding_top=\"0\" trigger_padding_right=\"0\" trigger_padding_bottom=\"0\" trigger_padding_left=\"0\" mobile_trigger_background_color=\"rgba(255,255,255,0)\" mobile_trigger_color=\"var(--awb-color1)\" collapsed_nav_text=\"\" collapsed_nav_icon_open=\"fusion-prefix-awb-yoga-menu\" collapsed_nav_icon_close=\"fusion-prefix-awb-yoga-close\" mobile_trigger_font_size=\"40px\" mobile_nav_button_align_hor=\"flex-end\" mobile_nav_trigger_fullwidth=\"off\" mobile_nav_trigger_bottom_margin=\"28px\" mobile_nav_items_height=\"65\" mobile_sticky_max_height=\"\" mobile_justify_content=\"left\" mobile_indent_submenu=\"on\" fusion_font_family_mobile_typography=\"\" fusion_font_variant_mobile_typography=\"\" mobile_font_size=\"\" mobile_line_height=\"\" mobile_letter_spacing=\"\" mobile_text_transform=\"\" mobile_sep_color=\"rgba(0,0,0,0)\" mobile_active_bg=\"var(--awb-color1)\" mobile_bg=\"var(--awb-color5)\" mobile_active_color=\"var(--awb-color5)\" mobile_color=\"var(--awb-color1)\" animation_type=\"\" animation_direction=\"left\" animation_color=\"\" animation_speed=\"0.3\" animation_delay=\"0\" animation_offset=\"\" /][/fusion_builder_column][fusion_builder_column type=\"4_5\" align_self=\"auto\" content_layout=\"column\" align_content=\"flex-start\" valign_content=\"flex-start\" content_wrap=\"wrap\" spacing=\"\" center_content=\"no\" column_tag=\"div\" link=\"\" target=\"_self\" link_description=\"\" min_height=\"\" hide_on_mobile=\"small-visibility\" sticky_display=\"normal,sticky\" class=\"\" id=\"\" background_image_id_medium=\"\" background_image_id_small=\"\" background_image_id=\"\" type_medium=\"3_4\" type_small=\"55.00\" flex_grow_medium=\"\" flex_grow_small=\"\" flex_grow=\"\" flex_shrink_medium=\"\" flex_shrink_small=\"\" flex_shrink=\"\" order_medium=\"0\" order_small=\"0\" spacing_left_medium=\"\" spacing_right_medium=\"\" spacing_left_small=\"\" spacing_right_small=\"\" spacing_left=\"\" spacing_right=\"\" margin_top_medium=\"\" margin_bottom_medium=\"\" margin_top_small=\"\" margin_bottom_small=\"\" margin_top=\"\" margin_bottom=\"0px\" padding_top_medium=\"\" padding_right_medium=\"\" padding_bottom_medium=\"\" padding_left_medium=\"\" padding_top_small=\"\" padding_right_small=\"\" padding_bottom_small=\"\" padding_left_small=\"\" padding_top=\"\" padding_right=\"\" padding_bottom=\"\" padding_left=\"\" hover_type=\"none\" border_sizes_top=\"\" border_sizes_right=\"\" border_sizes_bottom=\"\" border_sizes_left=\"\" border_color_hover=\"\" hue=\"\" saturation=\"\" lightness=\"\" alpha=\"\" border_color=\"\" border_style=\"solid\" border_radius_top_left=\"\" border_radius_top_right=\"\" border_radius_bottom_right=\"\" border_radius_bottom_left=\"\" box_shadow=\"no\" box_shadow_vertical=\"\" box_shadow_horizontal=\"\" box_shadow_blur=\"0\" box_shadow_spread=\"0\" box_shadow_color=\"\" box_shadow_style=\"\" z_index_hover=\"\" z_index=\"\" overflow=\"\" background_type=\"single\" gradient_start_color=\"\" gradient_end_color=\"\" gradient_start_position=\"0\" gradient_end_position=\"100\" gradient_type=\"linear\" radial_direction=\"center center\" linear_angle=\"180\" background_color_medium=\"\" background_color_small=\"\" background_color_medium_hover=\"\" background_color_small_hover=\"\" background_color_hover=\"\" background_color=\"\" background_image_medium=\"\" background_image_small=\"\" background_image=\"\" lazy_load=\"avada\" skip_lazy_load=\"\" background_position_medium=\"\" background_position_small=\"\" background_position=\"left top\" background_repeat_medium=\"\" background_repeat_small=\"\" background_repeat=\"no-repeat\" background_size_medium=\"\" background_size_small=\"\" background_size=\"\" background_custom_size=\"\" background_custom_size_medium=\"\" background_custom_size_small=\"\" background_blend_mode_medium=\"\" background_blend_mode_small=\"\" background_blend_mode=\"none\" render_logics=\"\" sticky=\"off\" sticky_devices=\"small-visibility,medium-visibility,large-visibility\" sticky_offset=\"\" absolute=\"off\" absolute_top=\"\" absolute_right=\"\" absolute_bottom=\"\" absolute_left=\"\" filter_type=\"regular\" filter_hover_element=\"self\" filter_hue=\"0\" filter_saturation=\"100\" filter_brightness=\"100\" filter_contrast=\"100\" filter_invert=\"0\" filter_sepia=\"0\" filter_opacity=\"100\" filter_blur=\"0\" filter_hue_hover=\"0\" filter_saturation_hover=\"100\" filter_brightness_hover=\"100\" filter_contrast_hover=\"100\" filter_invert_hover=\"0\" filter_sepia_hover=\"0\" filter_opacity_hover=\"100\" filter_blur_hover=\"0\" transform_type=\"regular\" transform_hover_element=\"self\" transform_scale_x=\"1\" transform_scale_y=\"1\" transform_translate_x=\"0\" transform_translate_y=\"0\" transform_rotate=\"0\" transform_skew_x=\"0\" transform_skew_y=\"0\" transform_origin=\"\" transform_scale_x_hover=\"1\" transform_scale_y_hover=\"1\" transform_translate_x_hover=\"0\" transform_translate_y_hover=\"0\" transform_rotate_hover=\"0\" transform_skew_x_hover=\"0\" transform_skew_y_hover=\"0\" transition_duration=\"300\" transition_easing=\"ease\" transition_custom_easing=\"\" motion_effects=\"W3sidHlwZSI6IiIsInNjcm9sbF90eXBlIjoidHJhbnNpdGlvbiIsInNjcm9sbF9kaXJlY3Rpb24iOiJ1cCIsInRyYW5zaXRpb25fc3BlZWQiOiIxIiwiZmFkZV90eXBlIjoiaW4iLCJzY2FsZV90eXBlIjoidXAiLCJpbml0aWFsX3NjYWxlIjoiMSIsIm1heF9zY2FsZSI6IjEuNSIsIm1pbl9zY2FsZSI6IjAuNSIsImluaXRpYWxfcm90YXRlIjoiMCIsImVuZF9yb3RhdGUiOiIzMCIsImluaXRpYWxfYmx1ciI6IjAiLCJlbmRfYmx1ciI6IjMiLCJzdGFydF9lbGVtZW50IjoidG9wIiwic3RhcnRfdmlld3BvcnQiOiJib3R0b20iLCJlbmRfZWxlbWVudCI6ImJvdHRvbSIsImVuZF92aWV3cG9ydCI6InRvcCIsIm1vdXNlX2VmZmVjdCI6InRyYWNrIiwibW91c2VfZWZmZWN0X2RpcmVjdGlvbiI6Im9wcG9zaXRlIiwibW91c2VfZWZmZWN0X3NwZWVkIjoiMiIsImluZmluaXRlX2FuaW1hdGlvbiI6ImZsb2F0IiwiaW5maW5pdGVfYW5pbWF0aW9uX3NwZWVkIjoiMiJ9XQ==\" scroll_motion_devices=\"small-visibility,medium-visibility,large-visibility\" animation_type=\"\" animation_direction=\"left\" animation_color=\"\" animation_speed=\"0.3\" animation_delay=\"0\" animation_offset=\"\" last=\"no\" border_position=\"all\"][fusion_menu menu=\"mobile-menu\" hide_on_mobile=\"small-visibility,medium-visibility,large-visibility\" sticky_display=\"normal,sticky\" direction=\"row\" margin_top=\"\" margin_bottom=\"\" transition_time=\"300\" submenu_space=\"\" arrows=\"\" arrows_size_width=\"\" arrows_size_height=\"\" class=\"\" id=\"\" min_height=\"10px\" sticky_min_height=\"70px\" align_items=\"stretch\" justify_content=\"flex-end\" fusion_font_family_typography=\"var(--awb-typography5-font-family)\" fusion_font_variant_typography=\"var(--awb-typography5)\" font_size=\"var(--awb-typography5-font-size)\" line_height=\"\" letter_spacing=\"var(--awb-typography5-letter-spacing)\" text_transform=\"var(--awb-typography5-text-transform)\" main_justify_content=\"left\" items_padding_top=\"0\" items_padding_right=\"\" items_padding_bottom=\"0\" items_padding_left=\"\" gap=\"45px\" border_radius_top_left=\"\" border_radius_top_right=\"\" border_radius_bottom_right=\"\" border_radius_bottom_left=\"\" transition_type=\"center\" icons_position=\"left\" icons_size=\"16\" active_bg=\"\" hue=\"\" saturation=\"\" lightness=\"\" alpha=\"\" bg=\"\" active_color=\"var(--awb-color6)\" color=\"var(--awb-color1)\" active_border_top=\"\" active_border_right=\"\" active_border_bottom=\"2px\" active_border_left=\"\" border_top=\"\" border_right=\"\" border_bottom=\"2px\" border_left=\"\" active_border_color=\"var(--awb-color6)\" border_color=\"rgba(255,255,255,0)\" icons_hover_color=\"var(--awb-color5)\" icons_color=\"var(--awb-color1)\" dropdown_carets=\"yes\" submenu_mode=\"dropdown\" expand_method=\"hover\" stacked_expand_method=\"click\" close_on_outer_click=\"no\" close_on_outer_click_stacked=\"no\" stacked_click_mode=\"toggle\" stacked_submenu_indent=\"\" expand_direction=\"right\" expand_transition=\"fade\" submenu_max_width=\"\" submenu_flyout_direction=\"fade\" fusion_font_family_submenu_typography=\"\" fusion_font_variant_submenu_typography=\"\" submenu_font_size=\"14px\" submenu_line_height=\"\" submenu_letter_spacing=\"\" submenu_text_transform=\"none\" sub_justify_content=\"space-between\" submenu_items_padding_top=\"\" submenu_items_padding_right=\"\" submenu_items_padding_bottom=\"\" submenu_items_padding_left=\"\" submenu_border_radius_top_left=\"\" submenu_border_radius_top_right=\"\" submenu_border_radius_bottom_right=\"\" submenu_border_radius_bottom_left=\"\" box_shadow=\"no\" box_shadow_vertical=\"\" box_shadow_horizontal=\"\" box_shadow_blur=\"0\" box_shadow_spread=\"0\" box_shadow_color=\"\" box_shadow_style=\"\" thumbnail_size_width=\"\" thumbnail_size_height=\"\" justify_title=\"center\" submenu_sep_color=\"rgba(226,226,226,0)\" submenu_active_bg=\"var(--awb-color5)\" submenu_bg=\"\" submenu_active_color=\"var(--awb-color1)\" submenu_color=\"\" flyout_active_close_color=\"\" flyout_close_color=\"\" breakpoint=\"never\" custom_breakpoint=\"970\" mobile_nav_mode=\"collapse-to-button\" mobile_nav_size=\"full-absolute\" mobile_opening_mode=\"toggle\" trigger_padding_top=\"0\" trigger_padding_right=\"0\" trigger_padding_bottom=\"0\" trigger_padding_left=\"0\" mobile_trigger_background_color=\"rgba(255,255,255,0)\" mobile_trigger_color=\"var(--awb-color1)\" collapsed_nav_text=\"\" collapsed_nav_icon_open=\"fusion-prefix-awb-yoga-menu\" collapsed_nav_icon_close=\"fusion-prefix-awb-yoga-close\" mobile_trigger_font_size=\"40px\" mobile_nav_button_align_hor=\"flex-end\" mobile_nav_trigger_fullwidth=\"off\" mobile_nav_trigger_bottom_margin=\"28px\" mobile_nav_items_height=\"65\" mobile_sticky_max_height=\"\" mobile_justify_content=\"left\" mobile_indent_submenu=\"on\" fusion_font_family_mobile_typography=\"\" fusion_font_variant_mobile_typography=\"\" mobile_font_size=\"\" mobile_line_height=\"\" mobile_letter_spacing=\"\" mobile_text_transform=\"\" mobile_sep_color=\"rgba(0,0,0,0)\" mobile_active_bg=\"var(--awb-color1)\" mobile_bg=\"var(--awb-color5)\" mobile_active_color=\"var(--awb-color5)\" mobile_color=\"var(--awb-color1)\" animation_type=\"\" animation_direction=\"left\" animation_color=\"\" animation_speed=\"0.3\" animation_delay=\"0\" animation_offset=\"\" /][/fusion_builder_column][/fusion_builder_row][/fusion_builder_container]', 'Global Header', '', 'inherit', 'closed', 'closed', '', '890-revision-v1', '', '', '2024-03-14 23:38:09', '2024-03-15 03:38:09', '', 890, 'https://taptopcard.com/unclaimed/?p=1137', 0, 'revision', '', 0);
INSERT INTO `wphs_15_posts` (`ID`, `post_author`, `post_date`, `post_date_gmt`, `post_content`, `post_title`, `post_excerpt`, `post_status`, `comment_status`, `ping_status`, `post_password`, `post_name`, `to_ping`, `pinged`, `post_modified`, `post_modified_gmt`, `post_content_filtered`, `post_parent`, `guid`, `menu_order`, `post_type`, `post_mime_type`, `comment_count`) VALUES
(1138, 1, '2024-03-14 23:40:36', '2024-03-15 03:40:36', '[fusion_builder_container admin_label=\"Hero\" type=\"flex\" hundred_percent=\"yes\" hundred_percent_height=\"min\" min_height_medium=\"\" min_height_small=\"200px\" min_height=\"\" hundred_percent_height_scroll=\"no\" align_content=\"center\" flex_align_items=\"flex-end\" flex_justify_content=\"flex-start\" flex_wrap_medium=\"\" flex_wrap_small=\"\" flex_wrap=\"wrap\" flex_column_spacing=\"\" hundred_percent_height_center_content=\"yes\" equal_height_columns=\"no\" container_tag=\"div\" menu_anchor=\"\" hide_on_mobile=\"small-visibility,medium-visibility,large-visibility\" status=\"published\" publish_date=\"\" class=\"\" id=\"\" margin_top_medium=\"\" margin_bottom_medium=\"\" margin_top_small=\"\" margin_bottom_small=\"0px\" margin_top=\"\" margin_bottom=\"\" padding_top_medium=\"\" padding_right_medium=\"\" padding_bottom_medium=\"\" padding_left_medium=\"\" padding_top_small=\"\" padding_right_small=\"\" padding_bottom_small=\"\" padding_left_small=\"\" padding_top=\"5%\" padding_right=\"\" padding_bottom=\"\" padding_left=\"\" link_hover_color=\"\" hue=\"\" saturation=\"\" lightness=\"\" alpha=\"\" link_color=\"\" border_sizes_top=\"\" border_sizes_right=\"\" border_sizes_bottom=\"\" border_sizes_left=\"\" border_color=\"\" border_style=\"solid\" border_radius_top_left=\"\" border_radius_top_right=\"\" border_radius_bottom_right=\"\" border_radius_bottom_left=\"\" box_shadow=\"no\" box_shadow_vertical=\"\" box_shadow_horizontal=\"\" box_shadow_blur=\"0\" box_shadow_spread=\"0\" box_shadow_color=\"\" box_shadow_style=\"\" z_index=\"\" overflow=\"\" gradient_start_color=\"hsla(var(--awb-color5-h),var(--awb-color5-s),var(--awb-color5-l),calc(var(--awb-color5-a) - 20%))\" gradient_end_color=\"hsla(var(--awb-color8-h),var(--awb-color8-s),calc( var(--awb-color8-l) - 20% ),calc( var(--awb-color8-a) - 55% ))\" gradient_start_position=\"0\" gradient_end_position=\"100\" gradient_type=\"linear\" radial_direction=\"center center\" linear_angle=\"0\" background_color_medium=\"\" background_color_small=\"\" background_color=\"\" background_image_medium=\"\" background_image_small=\"\" background_image=\"\" skip_lazy_load=\"\" background_position_medium=\"\" background_position_small=\"\" background_position=\"center center\" background_repeat_medium=\"\" background_repeat_small=\"\" background_repeat=\"no-repeat\" background_size_medium=\"\" background_size_small=\"\" background_size=\"\" background_custom_size=\"\" background_custom_size_medium=\"\" background_custom_size_small=\"\" fade=\"no\" background_parallax=\"none\" enable_mobile=\"no\" parallax_speed=\"0.3\" background_blend_mode_medium=\"\" background_blend_mode_small=\"\" background_blend_mode=\"none\" video_mp4=\"\" video_webm=\"\" video_ogv=\"\" video_url=\"\" video_aspect_ratio=\"16:9\" video_loop=\"yes\" video_mute=\"yes\" video_preview_image=\"\" pattern_bg=\"none\" pattern_custom_bg=\"\" pattern_bg_color=\"\" pattern_bg_style=\"default\" pattern_bg_opacity=\"100\" pattern_bg_size=\"\" pattern_bg_blend_mode=\"normal\" mask_bg=\"none\" mask_custom_bg=\"\" mask_bg_color=\"\" mask_bg_accent_color=\"\" mask_bg_style=\"default\" mask_bg_opacity=\"100\" mask_bg_transform=\"left\" mask_bg_blend_mode=\"normal\" render_logics=\"W3sib3BlcmF0b3IiOiJhbmQiLCJjb21wYXJpc29uIjoiZXF1YWwiLCJmaWVsZCI6InVzZXJfc3RhdGUiLCJ2YWx1ZSI6ImxvZ2dlZF9pbiJ9XQ==\" logics=\"\" absolute=\"off\" absolute_devices=\"small,medium,large\" sticky=\"off\" sticky_devices=\"small-visibility,medium-visibility,large-visibility\" sticky_background_color=\"\" sticky_height=\"\" sticky_offset=\"\" sticky_transition_offset=\"0\" scroll_offset=\"0\" animation_type=\"\" animation_direction=\"left\" animation_color=\"\" animation_speed=\"0.3\" animation_delay=\"0\" animation_offset=\"\" filter_hue=\"0\" filter_saturation=\"100\" filter_brightness=\"100\" filter_contrast=\"100\" filter_invert=\"0\" filter_sepia=\"0\" filter_opacity=\"100\" filter_blur=\"0\" filter_hue_hover=\"0\" filter_saturation_hover=\"100\" filter_brightness_hover=\"100\" filter_contrast_hover=\"100\" filter_invert_hover=\"0\" filter_sepia_hover=\"0\" filter_opacity_hover=\"100\" filter_blur_hover=\"0\" dynamic_params=\"eyJiYWNrZ3JvdW5kX2ltYWdlIjp7ImRhdGEiOiJzaG9ydGNvZGUiLCJiYWNrZ3JvdW5kX2ltYWdlIjoiIiwic2hvcnRjb2RlIjoiW2ltYWdlT3B0aW9uIHZhbHVlPVwib3B0aW9uc19kaWdpdGFsX2J1c2luZXNzX2NhcmRfZ3JvdXBfaGVyb19iYWNrZ3JvdW5kXCJdIiwiYmVmb3JlIjoiIiwiYWZ0ZXIiOiIiLCJmYWxsYmFjayI6IiJ9fQ==\"][fusion_builder_row][fusion_builder_column type=\"1_1\" layout=\"1_1\" center_content=\"no\" target=\"_self\" hide_on_mobile=\"small-visibility,medium-visibility,large-visibility\" hover_type=\"none\" border_style=\"solid\" border_position=\"all\" box_shadow=\"no\" box_shadow_blur=\"0\" box_shadow_spread=\"0\" background_type=\"single\" gradient_start_position=\"0\" gradient_end_position=\"100\" gradient_type=\"linear\" radial_direction=\"center center\" linear_angle=\"180\" background_position=\"center center\" background_repeat=\"no-repeat\" background_blend_mode=\"none\" animation_type=\"fade\" animation_direction=\"up\" animation_speed=\"1.0\" filter_type=\"regular\" filter_hue=\"0\" filter_saturation=\"100\" filter_brightness=\"100\" filter_contrast=\"100\" filter_invert=\"0\" filter_sepia=\"0\" filter_opacity=\"100\" filter_blur=\"0\" filter_hue_hover=\"0\" filter_saturation_hover=\"100\" filter_brightness_hover=\"100\" filter_contrast_hover=\"100\" filter_invert_hover=\"0\" filter_sepia_hover=\"0\" filter_opacity_hover=\"100\" filter_blur_hover=\"0\" first=\"true\" last=\"true\" padding_bottom=\"50px9px\" border_sizes_top=\"0px\" border_sizes_bottom=\"0px\" border_sizes_left=\"0px\" border_sizes_right=\"0px\" element_content=\"\" align_self=\"flex-end\" align_content=\"flex-end\" margin_bottom_small=\"-100px\" min_height=\"\" link=\"\"][fusion_section_separator divider_type=\"waves\" divider_position=\"right\" divider_candy=\"top\" hide_on_mobile=\"small-visibility,medium-visibility,large-visibility\" /][/fusion_builder_column][/fusion_builder_row][/fusion_builder_container][fusion_builder_container type=\"flex\" hundred_percent=\"no\" hundred_percent_height=\"min\" min_height_medium=\"\" min_height_small=\"\" min_height=\"250px\" hundred_percent_height_scroll=\"no\" align_content=\"stretch\" flex_align_items=\"flex-start\" flex_justify_content=\"flex-start\" flex_wrap_medium=\"\" flex_wrap_small=\"\" flex_wrap=\"wrap\" flex_column_spacing=\"\" hundred_percent_height_center_content=\"yes\" equal_height_columns=\"no\" container_tag=\"div\" menu_anchor=\"\" hide_on_mobile=\"small-visibility,medium-visibility,large-visibility\" status=\"published\" publish_date=\"\" class=\"\" id=\"\" margin_top_medium=\"\" margin_bottom_medium=\"\" margin_top_small=\"\" margin_bottom_small=\"\" margin_top=\"0px\" margin_bottom=\"\" padding_top_medium=\"\" padding_right_medium=\"\" padding_bottom_medium=\"\" padding_left_medium=\"\" padding_top_small=\"\" padding_right_small=\"\" padding_bottom_small=\"\" padding_left_small=\"\" padding_top=\"\" padding_right=\"\" padding_bottom=\"\" padding_left=\"\" link_hover_color=\"\" hue=\"\" saturation=\"\" lightness=\"\" alpha=\"\" link_color=\"\" border_sizes_top=\"\" border_sizes_right=\"\" border_sizes_bottom=\"\" border_sizes_left=\"\" border_color=\"\" border_style=\"solid\" border_radius_top_left=\"\" border_radius_top_right=\"\" border_radius_bottom_right=\"\" border_radius_bottom_left=\"\" box_shadow=\"no\" box_shadow_vertical=\"\" box_shadow_horizontal=\"\" box_shadow_blur=\"0\" box_shadow_spread=\"0\" box_shadow_color=\"\" box_shadow_style=\"\" z_index=\"\" overflow=\"\" gradient_start_color=\"\" gradient_end_color=\"\" gradient_start_position=\"0\" gradient_end_position=\"100\" gradient_type=\"linear\" radial_direction=\"center center\" linear_angle=\"180\" background_color_medium=\"\" background_color_small=\"\" background_color=\"\" background_image_medium=\"\" background_image_small=\"\" background_image=\"\" skip_lazy_load=\"\" background_position_medium=\"\" background_position_small=\"\" background_position=\"center center\" background_repeat_medium=\"\" background_repeat_small=\"\" background_repeat=\"no-repeat\" background_size_medium=\"\" background_size_small=\"\" background_size=\"\" background_custom_size=\"\" background_custom_size_medium=\"\" background_custom_size_small=\"\" fade=\"no\" background_parallax=\"none\" enable_mobile=\"no\" parallax_speed=\"0.3\" background_blend_mode_medium=\"\" background_blend_mode_small=\"\" background_blend_mode=\"none\" video_mp4=\"\" video_webm=\"\" video_ogv=\"\" video_url=\"\" video_aspect_ratio=\"16:9\" video_loop=\"yes\" video_mute=\"yes\" video_preview_image=\"\" pattern_bg=\"none\" pattern_custom_bg=\"\" pattern_bg_color=\"\" pattern_bg_style=\"default\" pattern_bg_opacity=\"100\" pattern_bg_size=\"\" pattern_bg_blend_mode=\"normal\" mask_bg=\"none\" mask_custom_bg=\"\" mask_bg_color=\"\" mask_bg_accent_color=\"\" mask_bg_style=\"default\" mask_bg_opacity=\"100\" mask_bg_transform=\"left\" mask_bg_blend_mode=\"normal\" render_logics=\"W3sib3BlcmF0b3IiOiJhbmQiLCJjb21wYXJpc29uIjoiZXF1YWwiLCJmaWVsZCI6InVzZXJfc3RhdGUiLCJ2YWx1ZSI6ImxvZ2dlZF9pbiJ9XQ==\" logics=\"\" absolute=\"off\" absolute_devices=\"small,medium,large\" sticky=\"off\" sticky_devices=\"small-visibility,medium-visibility,large-visibility\" sticky_background_color=\"\" sticky_height=\"\" sticky_offset=\"\" sticky_transition_offset=\"0\" scroll_offset=\"0\" animation_type=\"\" animation_direction=\"left\" animation_color=\"\" animation_speed=\"0.3\" animation_delay=\"0\" animation_offset=\"\" filter_hue=\"0\" filter_saturation=\"100\" filter_brightness=\"100\" filter_contrast=\"100\" filter_invert=\"0\" filter_sepia=\"0\" filter_opacity=\"100\" filter_blur=\"0\" filter_hue_hover=\"0\" filter_saturation_hover=\"100\" filter_brightness_hover=\"100\" filter_contrast_hover=\"100\" filter_invert_hover=\"0\" filter_sepia_hover=\"0\" filter_opacity_hover=\"100\" filter_blur_hover=\"0\"][fusion_builder_row][fusion_builder_column type=\"1_1\" layout=\"1_1\" center_content=\"no\" target=\"_self\" hide_on_mobile=\"small-visibility,medium-visibility,large-visibility\" hover_type=\"none\" border_style=\"solid\" border_position=\"all\" box_shadow=\"no\" box_shadow_blur=\"0\" box_shadow_spread=\"0\" background_type=\"single\" gradient_start_position=\"0\" gradient_end_position=\"100\" gradient_type=\"linear\" radial_direction=\"center center\" linear_angle=\"180\" background_position=\"left top\" background_repeat=\"no-repeat\" background_blend_mode=\"none\" animation_direction=\"left\" animation_speed=\"0.3\" filter_type=\"regular\" filter_hue=\"0\" filter_saturation=\"100\" filter_brightness=\"100\" filter_contrast=\"100\" filter_invert=\"0\" filter_sepia=\"0\" filter_opacity=\"100\" filter_blur=\"0\" filter_hue_hover=\"0\" filter_saturation_hover=\"100\" filter_brightness_hover=\"100\" filter_contrast_hover=\"100\" filter_invert_hover=\"0\" filter_sepia_hover=\"0\" filter_opacity_hover=\"100\" filter_blur_hover=\"0\" first=\"true\" last=\"true\" border_sizes_top=\"0px\" border_sizes_bottom=\"0px\" border_sizes_left=\"0px\" border_sizes_right=\"0px\" margin_top_small=\"30px\" min_height=\"\" link=\"\"][fusion_imageframe aspect_ratio=\"\" custom_aspect_ratio=\"100\" aspect_ratio_position=\"\" lightbox=\"no\" linktarget=\"_self\" align_medium=\"none\" align_small=\"right\" align=\"none\" mask=\"\" custom_mask=\"\" mask_size=\"\" mask_custom_size=\"\" mask_position=\"\" mask_custom_position=\"\" mask_repeat=\"\" style_type=\"\" hover_type=\"none\" magnify_duration=\"120\" scroll_height=\"100\" scroll_speed=\"1\" margin_medium=\"\" margin_small=\"\" caption_style=\"off\" caption_align_medium=\"none\" caption_align_small=\"none\" caption_align=\"none\" caption_title_tag=\"2\" animation_direction=\"left\" animation_color=\"\" animation_speed=\"0.3\" animation_delay=\"0\" hide_on_mobile=\"small-visibility,medium-visibility,large-visibility\" sticky_display=\"normal,sticky\" filter_hue=\"0\" filter_saturation=\"100\" filter_brightness=\"100\" filter_contrast=\"100\" filter_invert=\"0\" filter_sepia=\"0\" filter_opacity=\"100\" filter_blur=\"0\" filter_hue_hover=\"0\" filter_saturation_hover=\"100\" filter_brightness_hover=\"100\" filter_contrast_hover=\"100\" filter_invert_hover=\"0\" filter_sepia_hover=\"0\" filter_opacity_hover=\"100\" filter_blur_hover=\"0\" dynamic_params=\"eyJlbGVtZW50X2NvbnRlbnQiOnsiZGF0YSI6InNob3J0Y29kZSIsInNob3J0Y29kZSI6IltpbWFnZU9wdGlvbiB2YWx1ZT1cIm9wdGlvbnNfZGlnaXRhbF9idXNpbmVzc19jYXJkX2dyb3VwX3Byb2ZpbGVfcGljdHVyZVwiXSJ9fQ==\" max_width=\"100px\" borderradius=\"50px\" /][fusion_title title_type=\"text\" rotation_effect=\"bounceIn\" display_time=\"1200\" highlight_effect=\"circle\" loop_animation=\"off\" highlight_width=\"9\" highlight_top_margin=\"0\" content_align=\"left\" size=\"2\" font_size=\"30px\" letter_spacing=\"-2px\" style_type=\"none\" hide_on_mobile=\"small-visibility,medium-visibility,large-visibility\" margin_bottom=\"10px\" margin_bottom_mobile=\"0px\" margin_top=\"-30px\" margin_top_mobile=\"-30px\" margin_top_small=\"-30px\" margin_bottom_small=\"0px\"][option value=\"options_digital_business_card_group_first_name\"] [option value=\"options_digital_business_card_group_last_name\"][/fusion_title][fusion_text rule_style=\"default\" animation_direction=\"left\" animation_speed=\"0.3\" hide_on_mobile=\"small-visibility,medium-visibility,large-visibility\"]\r\n<div id=\"title\">[option value=\"options_digital_business_card_group_title\"]</div>\r\n<div id=\"company\">[option value=\"options_digital_business_card_group_company\"]</div>\r\n[/fusion_text][fusion_text rule_style=\"default\" animation_direction=\"left\" animation_speed=\"0.3\" hide_on_mobile=\"small-visibility,medium-visibility,large-visibility\"]\r\n<div id=\"bio\">[option value=\"options_digital_business_card_group_biography\"]</div>\r\n[/fusion_text][fusion_button target=\"_self\" color=\"default\" linear_angle=\"180\" stretch=\"yes\" icon_position=\"left\" icon_divider=\"no\" hover_transition=\"none\" animation_direction=\"left\" animation_speed=\"0.3\" animation_delay=\"0\" hide_on_mobile=\"small-visibility,medium-visibility,large-visibility\" sticky_display=\"normal,sticky\" link=\"#\" alignment=\"center\"]Send Contact[/fusion_button][fusion_text animation_direction=\"left\" animation_speed=\"0.3\" animation_delay=\"0\" hide_on_mobile=\"small-visibility,medium-visibility,large-visibility\" sticky_display=\"normal,sticky\"][/fusion_text][/fusion_builder_column][/fusion_builder_row][/fusion_builder_container][fusion_builder_container admin_label=\"From The Blog\" type=\"flex\" hundred_percent=\"yes\" hundred_percent_height=\"no\" min_height_medium=\"\" min_height_small=\"\" min_height=\"\" hundred_percent_height_scroll=\"no\" align_content=\"stretch\" flex_align_items=\"flex-start\" flex_justify_content=\"flex-start\" flex_wrap_medium=\"\" flex_wrap_small=\"\" flex_wrap=\"wrap\" flex_column_spacing=\"\" hundred_percent_height_center_content=\"yes\" equal_height_columns=\"no\" container_tag=\"div\" menu_anchor=\"\" hide_on_mobile=\"small-visibility,medium-visibility,large-visibility\" status=\"published\" publish_date=\"\" class=\"\" id=\"\" margin_top_medium=\"\" margin_bottom_medium=\"\" margin_top_small=\"\" margin_bottom_small=\"\" margin_top=\"\" margin_bottom=\"\" padding_top_medium=\"\" padding_right_medium=\"\" padding_bottom_medium=\"\" padding_left_medium=\"\" padding_top_small=\"\" padding_right_small=\"\" padding_bottom_small=\"\" padding_left_small=\"\" padding_top=\"\" padding_right=\"10%\" padding_bottom=\"8%\" padding_left=\"10%\" link_hover_color=\"\" hue=\"\" saturation=\"\" lightness=\"\" alpha=\"\" link_color=\"\" border_sizes_top=\"\" border_sizes_right=\"\" border_sizes_bottom=\"\" border_sizes_left=\"\" border_color=\"\" border_style=\"solid\" border_radius_top_left=\"\" border_radius_top_right=\"\" border_radius_bottom_right=\"\" border_radius_bottom_left=\"\" box_shadow=\"no\" box_shadow_vertical=\"\" box_shadow_horizontal=\"\" box_shadow_blur=\"0\" box_shadow_spread=\"0\" box_shadow_color=\"\" box_shadow_style=\"\" z_index=\"\" overflow=\"\" gradient_start_color=\"var(--awb-color5)\" gradient_end_color=\"hsla(var(--awb-color5-h),var(--awb-color5-s),var(--awb-color5-l),calc(var(--awb-color5-a) - 20%))\" gradient_start_position=\"0\" gradient_end_position=\"78\" gradient_type=\"linear\" radial_direction=\"center center\" linear_angle=\"0\" background_color_medium=\"\" background_color_small=\"\" background_color=\"\" background_image_medium=\"\" background_image_small=\"\" background_image=\"\" skip_lazy_load=\"\" background_position_medium=\"\" background_position_small=\"\" background_position=\"center bottom\" background_repeat_medium=\"\" background_repeat_small=\"\" background_repeat=\"no-repeat\" background_size_medium=\"\" background_size_small=\"\" background_size=\"\" background_custom_size=\"\" background_custom_size_medium=\"\" background_custom_size_small=\"\" fade=\"no\" background_parallax=\"none\" enable_mobile=\"no\" parallax_speed=\"0.2\" background_blend_mode_medium=\"\" background_blend_mode_small=\"\" background_blend_mode=\"none\" video_mp4=\"\" video_webm=\"\" video_ogv=\"\" video_url=\"\" video_aspect_ratio=\"16:9\" video_loop=\"yes\" video_mute=\"yes\" video_preview_image=\"\" pattern_bg=\"none\" pattern_custom_bg=\"\" pattern_bg_color=\"\" pattern_bg_style=\"default\" pattern_bg_opacity=\"100\" pattern_bg_size=\"\" pattern_bg_blend_mode=\"normal\" mask_bg=\"none\" mask_custom_bg=\"\" mask_bg_color=\"\" mask_bg_accent_color=\"\" mask_bg_style=\"default\" mask_bg_opacity=\"100\" mask_bg_transform=\"left\" mask_bg_blend_mode=\"normal\" render_logics=\"W3sib3BlcmF0b3IiOiJhbmQiLCJjb21wYXJpc29uIjoiZXF1YWwiLCJmaWVsZCI6InVzZXJfc3RhdGUiLCJ2YWx1ZSI6ImxvZ2dlZF9pbiJ9XQ==\" logics=\"\" absolute=\"off\" absolute_devices=\"small,medium,large\" sticky=\"off\" sticky_devices=\"small-visibility,medium-visibility,large-visibility\" sticky_background_color=\"\" sticky_height=\"\" sticky_offset=\"\" sticky_transition_offset=\"0\" scroll_offset=\"0\" animation_type=\"\" animation_direction=\"left\" animation_color=\"\" animation_speed=\"0.3\" animation_delay=\"0\" animation_offset=\"\" filter_hue=\"0\" filter_saturation=\"100\" filter_brightness=\"100\" filter_contrast=\"100\" filter_invert=\"0\" filter_sepia=\"0\" filter_opacity=\"100\" filter_blur=\"0\" filter_hue_hover=\"0\" filter_saturation_hover=\"100\" filter_brightness_hover=\"100\" filter_contrast_hover=\"100\" filter_invert_hover=\"0\" filter_sepia_hover=\"0\" filter_opacity_hover=\"100\" filter_blur_hover=\"0\" dynamic_params=\"eyJiYWNrZ3JvdW5kX2ltYWdlIjp7ImRhdGEiOiJzaG9ydGNvZGUiLCJiYWNrZ3JvdW5kX2ltYWdlIjoiIiwic2hvcnRjb2RlIjoiW2ltYWdlT3B0aW9uIHZhbHVlPVwib3B0aW9uc19kaWdpdGFsX2J1c2luZXNzX2NhcmRfZ3JvdXBfaGVyb19iYWNrZ3JvdW5kXCJdIiwiYmVmb3JlIjoiIiwiYWZ0ZXIiOiIiLCJmYWxsYmFjayI6IiJ9fQ==\"][fusion_builder_row][fusion_builder_column type=\"1_1\" layout=\"1_1\" center_content=\"no\" target=\"_self\" hide_on_mobile=\"small-visibility,medium-visibility,large-visibility\" hover_type=\"none\" border_style=\"solid\" border_position=\"all\" box_shadow=\"no\" box_shadow_blur=\"0\" box_shadow_spread=\"0\" background_type=\"single\" gradient_start_position=\"0\" gradient_end_position=\"100\" gradient_type=\"linear\" radial_direction=\"center center\" linear_angle=\"180\" background_position=\"left top\" background_repeat=\"no-repeat\" background_blend_mode=\"none\" animation_direction=\"left\" animation_speed=\"0.3\" filter_type=\"regular\" filter_hue=\"0\" filter_saturation=\"100\" filter_brightness=\"100\" filter_contrast=\"100\" filter_invert=\"0\" filter_sepia=\"0\" filter_opacity=\"100\" filter_blur=\"0\" filter_hue_hover=\"0\" filter_saturation_hover=\"100\" filter_brightness_hover=\"100\" filter_contrast_hover=\"100\" filter_invert_hover=\"0\" filter_sepia_hover=\"0\" filter_opacity_hover=\"100\" filter_blur_hover=\"0\" first=\"true\" last=\"true\" border_sizes_top=\"0px\" border_sizes_bottom=\"0px\" border_sizes_left=\"0px\" border_sizes_right=\"0px\" min_height=\"\" link=\"\"][fusion_section_separator divider_type=\"waves\" divider_position=\"left\" divider_candy=\"bottom\" hide_on_mobile=\"small-visibility,medium-visibility,large-visibility\" /][/fusion_builder_column][/fusion_builder_row][/fusion_builder_container][fusion_builder_container type=\"flex\" hundred_percent=\"no\" hundred_percent_height=\"min\" min_height_medium=\"\" min_height_small=\"\" min_height=\"100%\" hundred_percent_height_scroll=\"no\" align_content=\"stretch\" flex_align_items=\"flex-start\" flex_justify_content=\"flex-start\" flex_wrap_medium=\"\" flex_wrap_small=\"\" flex_wrap=\"wrap\" flex_column_spacing=\"\" hundred_percent_height_center_content=\"yes\" equal_height_columns=\"no\" container_tag=\"div\" menu_anchor=\"\" hide_on_mobile=\"small-visibility,medium-visibility,large-visibility\" status=\"published\" publish_date=\"\" class=\"\" id=\"\" margin_top_medium=\"\" margin_bottom_medium=\"\" margin_top_small=\"\" margin_bottom_small=\"\" margin_top=\"\" margin_bottom=\"\" padding_top_medium=\"\" padding_right_medium=\"\" padding_bottom_medium=\"\" padding_left_medium=\"\" padding_top_small=\"\" padding_right_small=\"\" padding_bottom_small=\"\" padding_left_small=\"\" padding_top=\"\" padding_right=\"\" padding_bottom=\"\" padding_left=\"\" link_hover_color=\"\" hue=\"\" saturation=\"\" lightness=\"\" alpha=\"\" link_color=\"\" border_sizes_top=\"\" border_sizes_right=\"\" border_sizes_bottom=\"\" border_sizes_left=\"\" border_color=\"\" border_style=\"solid\" border_radius_top_left=\"\" border_radius_top_right=\"\" border_radius_bottom_right=\"\" border_radius_bottom_left=\"\" box_shadow=\"no\" box_shadow_vertical=\"\" box_shadow_horizontal=\"\" box_shadow_blur=\"0\" box_shadow_spread=\"0\" box_shadow_color=\"\" box_shadow_style=\"\" z_index=\"\" overflow=\"\" gradient_start_color=\"\" gradient_end_color=\"\" gradient_start_position=\"0\" gradient_end_position=\"100\" gradient_type=\"linear\" radial_direction=\"center center\" linear_angle=\"180\" background_color_medium=\"\" background_color_small=\"\" background_color=\"#ffffff\" background_image_medium=\"\" background_image_small=\"\" background_image=\"\" skip_lazy_load=\"\" background_position_medium=\"\" background_position_small=\"\" background_position=\"center center\" background_repeat_medium=\"\" background_repeat_small=\"\" background_repeat=\"no-repeat\" background_size_medium=\"\" background_size_small=\"\" background_size=\"\" background_custom_size=\"\" background_custom_size_medium=\"\" background_custom_size_small=\"\" fade=\"no\" background_parallax=\"none\" enable_mobile=\"no\" parallax_speed=\"0.3\" background_blend_mode_medium=\"\" background_blend_mode_small=\"\" background_blend_mode=\"none\" video_mp4=\"\" video_webm=\"\" video_ogv=\"\" video_url=\"\" video_aspect_ratio=\"16:9\" video_loop=\"yes\" video_mute=\"yes\" video_preview_image=\"\" pattern_bg=\"none\" pattern_custom_bg=\"\" pattern_bg_color=\"\" pattern_bg_style=\"default\" pattern_bg_opacity=\"100\" pattern_bg_size=\"\" pattern_bg_blend_mode=\"normal\" mask_bg=\"none\" mask_custom_bg=\"\" mask_bg_color=\"\" mask_bg_accent_color=\"\" mask_bg_style=\"default\" mask_bg_opacity=\"100\" mask_bg_transform=\"left\" mask_bg_blend_mode=\"normal\" render_logics=\"W3sib3BlcmF0b3IiOiJhbmQiLCJjb21wYXJpc29uIjoiZXF1YWwiLCJmaWVsZCI6InVzZXJfc3RhdGUiLCJ2YWx1ZSI6ImxvZ2dlZF9vdXQifV0=\" logics=\"\" absolute=\"off\" absolute_devices=\"small,medium,large\" sticky=\"off\" sticky_devices=\"small-visibility,medium-visibility,large-visibility\" sticky_background_color=\"\" sticky_height=\"\" sticky_offset=\"\" sticky_transition_offset=\"0\" scroll_offset=\"0\" animation_type=\"\" animation_direction=\"left\" animation_color=\"\" animation_speed=\"0.3\" animation_delay=\"0\" animation_offset=\"\" filter_hue=\"0\" filter_saturation=\"100\" filter_brightness=\"100\" filter_contrast=\"100\" filter_invert=\"0\" filter_sepia=\"0\" filter_opacity=\"100\" filter_blur=\"0\" filter_hue_hover=\"0\" filter_saturation_hover=\"100\" filter_brightness_hover=\"100\" filter_contrast_hover=\"100\" filter_invert_hover=\"0\" filter_sepia_hover=\"0\" filter_opacity_hover=\"100\" filter_blur_hover=\"0\"][fusion_builder_row][fusion_builder_column type=\"1_1\" layout=\"1_1\" align_self=\"auto\" content_layout=\"column\" align_content=\"flex-start\" valign_content=\"flex-start\" content_wrap=\"wrap\" spacing=\"\" center_content=\"no\" column_tag=\"div\" link=\"\" target=\"_self\" link_description=\"\" min_height=\"\" hide_on_mobile=\"small-visibility,medium-visibility,large-visibility\" sticky_display=\"normal,sticky\" class=\"\" id=\"\" background_image_id_medium=\"\" background_image_id_small=\"\" background_image_id=\"\" type_medium=\"\" type_small=\"\" flex_grow_medium=\"\" flex_grow_small=\"\" flex_grow=\"\" flex_shrink_medium=\"\" flex_shrink_small=\"\" flex_shrink=\"\" order_medium=\"0\" order_small=\"0\" spacing_left_medium=\"\" spacing_right_medium=\"\" spacing_left_small=\"\" spacing_right_small=\"\" spacing_left=\"\" spacing_right=\"\" margin_top_medium=\"\" margin_bottom_medium=\"\" margin_top_small=\"\" margin_bottom_small=\"\" margin_top=\"20px\" margin_bottom=\"\" padding_top_medium=\"\" padding_right_medium=\"\" padding_bottom_medium=\"\" padding_left_medium=\"\" padding_top_small=\"\" padding_right_small=\"\" padding_bottom_small=\"\" padding_left_small=\"\" padding_top=\"\" padding_right=\"\" padding_bottom=\"\" padding_left=\"\" hover_type=\"none\" border_sizes_top=\"\" border_sizes_right=\"\" border_sizes_bottom=\"\" border_sizes_left=\"\" border_color_hover=\"\" hue=\"\" saturation=\"\" lightness=\"\" alpha=\"\" border_color=\"\" border_style=\"solid\" border_radius_top_left=\"\" border_radius_top_right=\"\" border_radius_bottom_right=\"\" border_radius_bottom_left=\"\" box_shadow=\"no\" box_shadow_vertical=\"\" box_shadow_horizontal=\"\" box_shadow_blur=\"0\" box_shadow_spread=\"0\" box_shadow_color=\"\" box_shadow_style=\"\" z_index_hover=\"\" z_index=\"\" overflow=\"\" background_type=\"single\" gradient_start_color=\"\" gradient_end_color=\"\" gradient_start_position=\"0\" gradient_end_position=\"100\" gradient_type=\"linear\" radial_direction=\"center center\" linear_angle=\"180\" background_color_medium=\"\" background_color_small=\"\" background_color_medium_hover=\"\" background_color_small_hover=\"\" background_color_hover=\"\" background_color=\"\" background_image_medium=\"\" background_image_small=\"\" background_image=\"\" lazy_load=\"avada\" skip_lazy_load=\"\" background_position_medium=\"\" background_position_small=\"\" background_position=\"left top\" background_repeat_medium=\"\" background_repeat_small=\"\" background_repeat=\"no-repeat\" background_size_medium=\"\" background_size_small=\"\" background_size=\"\" background_custom_size=\"\" background_custom_size_medium=\"\" background_custom_size_small=\"\" background_blend_mode_medium=\"\" background_blend_mode_small=\"\" background_blend_mode=\"none\" render_logics=\"\" sticky=\"off\" sticky_devices=\"small-visibility,medium-visibility,large-visibility\" sticky_offset=\"\" absolute=\"off\" absolute_top=\"\" absolute_right=\"\" absolute_bottom=\"\" absolute_left=\"\" filter_type=\"regular\" filter_hover_element=\"self\" filter_hue=\"0\" filter_saturation=\"100\" filter_brightness=\"100\" filter_contrast=\"100\" filter_invert=\"0\" filter_sepia=\"0\" filter_opacity=\"100\" filter_blur=\"0\" filter_hue_hover=\"0\" filter_saturation_hover=\"100\" filter_brightness_hover=\"100\" filter_contrast_hover=\"100\" filter_invert_hover=\"0\" filter_sepia_hover=\"0\" filter_opacity_hover=\"100\" filter_blur_hover=\"0\" transform_type=\"regular\" transform_hover_element=\"self\" transform_scale_x=\"1\" transform_scale_y=\"1\" transform_translate_x=\"0\" transform_translate_y=\"0\" transform_rotate=\"0\" transform_skew_x=\"0\" transform_skew_y=\"0\" transform_origin=\"\" transform_scale_x_hover=\"1\" transform_scale_y_hover=\"1\" transform_translate_x_hover=\"0\" transform_translate_y_hover=\"0\" transform_rotate_hover=\"0\" transform_skew_x_hover=\"0\" transform_skew_y_hover=\"0\" transition_duration=\"300\" transition_easing=\"ease\" transition_custom_easing=\"\" motion_effects=\"W3sidHlwZSI6IiIsInNjcm9sbF90eXBlIjoidHJhbnNpdGlvbiIsInNjcm9sbF9kaXJlY3Rpb24iOiJ1cCIsInRyYW5zaXRpb25fc3BlZWQiOiIxIiwiZmFkZV90eXBlIjoiaW4iLCJzY2FsZV90eXBlIjoidXAiLCJpbml0aWFsX3NjYWxlIjoiMSIsIm1heF9zY2FsZSI6IjEuNSIsIm1pbl9zY2FsZSI6IjAuNSIsImluaXRpYWxfcm90YXRlIjoiMCIsImVuZF9yb3RhdGUiOiIzMCIsImluaXRpYWxfYmx1ciI6IjAiLCJlbmRfYmx1ciI6IjMiLCJzdGFydF9lbGVtZW50IjoidG9wIiwic3RhcnRfdmlld3BvcnQiOiJib3R0b20iLCJlbmRfZWxlbWVudCI6ImJvdHRvbSIsImVuZF92aWV3cG9ydCI6InRvcCIsIm1vdXNlX2VmZmVjdCI6InRyYWNrIiwibW91c2VfZWZmZWN0X2RpcmVjdGlvbiI6Im9wcG9zaXRlIiwibW91c2VfZWZmZWN0X3NwZWVkIjoiMiIsImluZmluaXRlX2FuaW1hdGlvbiI6ImZsb2F0IiwiaW5maW5pdGVfYW5pbWF0aW9uX3NwZWVkIjoiMiJ9XQ==\" scroll_motion_devices=\"small-visibility,medium-visibility,large-visibility\" animation_type=\"\" animation_direction=\"left\" animation_color=\"\" animation_speed=\"0.3\" animation_delay=\"0\" animation_offset=\"\" last=\"true\" border_position=\"all\" first=\"true\"][fusion_imageframe image_id=\"1092|medium\" aspect_ratio=\"\" custom_aspect_ratio=\"100\" aspect_ratio_position=\"\" skip_lazy_load=\"\" lightbox=\"no\" gallery_id=\"\" lightbox_image=\"\" lightbox_image_id=\"\" alt=\"\" link=\"\" linktarget=\"_self\" hide_on_mobile=\"small-visibility,medium-visibility,large-visibility\" sticky_display=\"normal,sticky\" class=\"\" id=\"\" max_width=\"\" sticky_max_width=\"\" align_medium=\"none\" align_small=\"none\" align=\"center\" mask=\"\" custom_mask=\"\" mask_size=\"\" mask_custom_size=\"\" mask_position=\"\" mask_custom_position=\"\" mask_repeat=\"\" style_type=\"\" blur=\"\" stylecolor=\"\" hue=\"\" saturation=\"\" lightness=\"\" alpha=\"\" hover_type=\"none\" magnify_full_img=\"\" magnify_duration=\"120\" scroll_height=\"100\" scroll_speed=\"1\" margin_top_medium=\"\" margin_right_medium=\"\" margin_bottom_medium=\"\" margin_left_medium=\"\" margin_top_small=\"\" margin_right_small=\"\" margin_bottom_small=\"\" margin_left_small=\"\" margin_top=\"\" margin_right=\"\" margin_bottom=\"\" margin_left=\"\" bordersize=\"\" bordercolor=\"\" borderradius=\"\" z_index=\"\" caption_style=\"off\" caption_align_medium=\"none\" caption_align_small=\"none\" caption_align=\"none\" caption_title=\"\" caption_text=\"\" caption_title_tag=\"2\" fusion_font_family_caption_title_font=\"\" fusion_font_variant_caption_title_font=\"\" caption_title_size=\"\" caption_title_line_height=\"\" caption_title_letter_spacing=\"\" caption_title_transform=\"\" caption_title_color=\"\" caption_background_color=\"\" fusion_font_family_caption_text_font=\"\" fusion_font_variant_caption_text_font=\"\" caption_text_size=\"\" caption_text_line_height=\"\" caption_text_letter_spacing=\"\" caption_text_transform=\"\" caption_text_color=\"\" caption_border_color=\"\" caption_overlay_color=\"\" caption_margin_top=\"\" caption_margin_right=\"\" caption_margin_bottom=\"\" caption_margin_left=\"\" animation_type=\"\" animation_direction=\"left\" animation_color=\"\" animation_speed=\"0.3\" animation_delay=\"0\" animation_offset=\"\" filter_hue=\"0\" filter_saturation=\"100\" filter_brightness=\"100\" filter_contrast=\"100\" filter_invert=\"0\" filter_sepia=\"0\" filter_opacity=\"100\" filter_blur=\"0\" filter_hue_hover=\"0\" filter_saturation_hover=\"100\" filter_brightness_hover=\"100\" filter_contrast_hover=\"100\" filter_invert_hover=\"0\" filter_sepia_hover=\"0\" filter_opacity_hover=\"100\" filter_blur_hover=\"0\"]https://taptopcard.com/unclaimed/wp-content/uploads/sites/15/2024/02/tt-cards-accurate-size-13-1-1-300x128.png[/fusion_imageframe][fusion_title title_type=\"text\" rotation_effect=\"bounceIn\" display_time=\"1200\" highlight_effect=\"circle\" loop_animation=\"off\" highlight_width=\"9\" highlight_top_margin=\"0\" before_text=\"\" rotation_text=\"\" highlight_text=\"\" after_text=\"\" title_link=\"off\" link_url=\"\" link_target=\"_self\" hide_on_mobile=\"small-visibility,medium-visibility,large-visibility\" sticky_display=\"normal,sticky\" class=\"\" id=\"\" content_align_medium=\"\" content_align_small=\"\" content_align=\"center\" size=\"2\" animated_font_size=\"\" fusion_font_family_title_font=\"\" fusion_font_variant_title_font=\"\" font_size=\"\" line_height=\"\" letter_spacing=\"\" text_transform=\"\" text_color=\"#000000\" hue=\"\" saturation=\"\" lightness=\"\" alpha=\"\" animated_text_color=\"\" text_shadow=\"no\" text_shadow_vertical=\"\" text_shadow_horizontal=\"\" text_shadow_blur=\"0\" text_shadow_color=\"\" text_stroke=\"no\" text_stroke_size=\"1\" text_stroke_color=\"\" text_overflow=\"none\" margin_top_medium=\"\" margin_right_medium=\"\" margin_bottom_medium=\"\" margin_left_medium=\"\" margin_top_small=\"\" margin_right_small=\"\" margin_bottom_small=\"\" margin_left_small=\"\" margin_top=\"\" margin_right=\"\" margin_bottom=\"\" margin_left=\"\" margin_top_mobile=\"\" margin_bottom_mobile=\"\" gradient_font=\"no\" gradient_start_color=\"\" gradient_end_color=\"\" gradient_start_position=\"0\" gradient_end_position=\"100\" gradient_type=\"linear\" radial_direction=\"center center\" linear_angle=\"180\" highlight_color=\"\" style_type=\"default\" sep_color=\"\" link_color=\"\" link_hover_color=\"\" animation_type=\"\" animation_direction=\"left\" animation_color=\"\" animation_speed=\"0.3\" animation_delay=\"0\" animation_offset=\"\"]\r\n\r\nClaim This Digital Business Card!\r\n\r\n[/fusion_title][fusion_code]W3VuY2xhaW1lZF9mb3JtXQ==[/fusion_code][/fusion_builder_column][/fusion_builder_row][/fusion_builder_container][fusion_builder_container type=\"flex\" hundred_percent=\"no\" hundred_percent_height=\"no\" min_height_medium=\"\" min_height_small=\"\" min_height=\"\" hundred_percent_height_scroll=\"no\" align_content=\"stretch\" flex_align_items=\"flex-start\" flex_justify_content=\"flex-start\" flex_wrap_medium=\"\" flex_wrap_small=\"\" flex_wrap=\"wrap\" flex_column_spacing=\"\" hundred_percent_height_center_content=\"yes\" equal_height_columns=\"no\" container_tag=\"div\" menu_anchor=\"\" hide_on_mobile=\"small-visibility,medium-visibility,large-visibility\" status=\"published\" publish_date=\"\" class=\"\" id=\"\" margin_top_medium=\"\" margin_bottom_medium=\"\" margin_top_small=\"\" margin_bottom_small=\"\" margin_top=\"\" margin_bottom=\"\" padding_top_medium=\"\" padding_right_medium=\"\" padding_bottom_medium=\"\" padding_left_medium=\"\" padding_top_small=\"\" padding_right_small=\"\" padding_bottom_small=\"\" padding_left_small=\"\" padding_top=\"\" padding_right=\"\" padding_bottom=\"\" padding_left=\"\" link_hover_color=\"\" hue=\"\" saturation=\"\" lightness=\"\" alpha=\"\" link_color=\"\" border_sizes_top=\"\" border_sizes_right=\"\" border_sizes_bottom=\"\" border_sizes_left=\"\" border_color=\"\" border_style=\"solid\" border_radius_top_left=\"\" border_radius_top_right=\"\" border_radius_bottom_right=\"\" border_radius_bottom_left=\"\" box_shadow=\"no\" box_shadow_vertical=\"\" box_shadow_horizontal=\"\" box_shadow_blur=\"0\" box_shadow_spread=\"0\" box_shadow_color=\"\" box_shadow_style=\"\" z_index=\"\" overflow=\"\" gradient_start_color=\"\" gradient_end_color=\"\" gradient_start_position=\"0\" gradient_end_position=\"100\" gradient_type=\"linear\" radial_direction=\"center center\" linear_angle=\"180\" background_color_medium=\"\" background_color_small=\"\" background_color=\"\" background_image_medium=\"\" background_image_small=\"\" background_image=\"\" skip_lazy_load=\"\" background_position_medium=\"\" background_position_small=\"\" background_position=\"center center\" background_repeat_medium=\"\" background_repeat_small=\"\" background_repeat=\"no-repeat\" background_size_medium=\"\" background_size_small=\"\" background_size=\"\" background_custom_size=\"\" background_custom_size_medium=\"\" background_custom_size_small=\"\" fade=\"no\" background_parallax=\"none\" enable_mobile=\"no\" parallax_speed=\"0.3\" background_blend_mode_medium=\"\" background_blend_mode_small=\"\" background_blend_mode=\"none\" video_mp4=\"\" video_webm=\"\" video_ogv=\"\" video_url=\"\" video_aspect_ratio=\"16:9\" video_loop=\"yes\" video_mute=\"yes\" video_preview_image=\"\" pattern_bg=\"none\" pattern_custom_bg=\"\" pattern_bg_color=\"\" pattern_bg_style=\"default\" pattern_bg_opacity=\"100\" pattern_bg_size=\"\" pattern_bg_blend_mode=\"normal\" mask_bg=\"none\" mask_custom_bg=\"\" mask_bg_color=\"\" mask_bg_accent_color=\"\" mask_bg_style=\"default\" mask_bg_opacity=\"100\" mask_bg_transform=\"left\" mask_bg_blend_mode=\"normal\" render_logics=\"W3sib3BlcmF0b3IiOiJvciIsImNvbXBhcmlzb24iOiJlcXVhbCIsImZpZWxkIjoidXNlcl9yb2xlIiwidmFsdWUiOiJhZG1pbmlzdHJhdG9yIn0seyJvcGVyYXRvciI6ImFuZCIsImNvbXBhcmlzb24iOiJlcXVhbCIsImZpZWxkIjoidXNlcl9yb2xlIiwidmFsdWUiOiJzaXRlX2FkbWluIn1d\" logics=\"\" absolute=\"off\" absolute_devices=\"small,medium,large\" sticky=\"off\" sticky_devices=\"small-visibility,medium-visibility,large-visibility\" sticky_background_color=\"\" sticky_height=\"\" sticky_offset=\"\" sticky_transition_offset=\"0\" scroll_offset=\"0\" animation_type=\"\" animation_direction=\"left\" animation_color=\"\" animation_speed=\"0.3\" animation_delay=\"0\" animation_offset=\"\" filter_hue=\"0\" filter_saturation=\"100\" filter_brightness=\"100\" filter_contrast=\"100\" filter_invert=\"0\" filter_sepia=\"0\" filter_opacity=\"100\" filter_blur=\"0\" filter_hue_hover=\"0\" filter_saturation_hover=\"100\" filter_brightness_hover=\"100\" filter_contrast_hover=\"100\" filter_invert_hover=\"0\" filter_sepia_hover=\"0\" filter_opacity_hover=\"100\" filter_blur_hover=\"0\"][fusion_builder_row][fusion_builder_column type=\"1_1\" align_self=\"auto\" content_layout=\"column\" align_content=\"flex-start\" valign_content=\"flex-start\" content_wrap=\"wrap\" spacing=\"\" center_content=\"no\" column_tag=\"div\" link=\"\" target=\"_self\" link_description=\"\" min_height=\"\" hide_on_mobile=\"small-visibility,medium-visibility,large-visibility\" sticky_display=\"normal,sticky\" class=\"\" id=\"\" type_medium=\"\" type_small=\"\" flex_grow_medium=\"\" flex_grow_small=\"\" flex_grow=\"\" flex_shrink_medium=\"\" flex_shrink_small=\"\" flex_shrink=\"\" order_medium=\"0\" order_small=\"0\" dimension_spacing_medium=\"\" dimension_spacing_small=\"\" dimension_spacing=\"\" dimension_margin_medium=\"\" dimension_margin_small=\"\" margin_top=\"\" margin_bottom=\"\" padding_medium=\"\" padding_small=\"\" padding_top=\"\" padding_right=\"\" padding_bottom=\"\" padding_left=\"\" hover_type=\"none\" border_sizes=\"\" border_color_hover=\"\" border_color=\"\" border_style=\"solid\" border_radius=\"\" box_shadow=\"no\" dimension_box_shadow=\"\" box_shadow_blur=\"0\" box_shadow_spread=\"0\" box_shadow_color=\"\" box_shadow_style=\"\" z_index_hover=\"\" z_index=\"\" overflow=\"\" background_type=\"single\" gradient_start_color=\"\" gradient_end_color=\"\" gradient_start_position=\"0\" gradient_end_position=\"100\" gradient_type=\"linear\" radial_direction=\"center center\" linear_angle=\"180\" background_color_medium=\"\" background_color_small=\"\" background_color_medium_hover=\"\" background_color_small_hover=\"\" background_color_hover=\"\" background_color=\"\" background_image_medium=\"\" background_image_small=\"\" background_image=\"\" background_image_id_medium=\"\" background_image_id_small=\"\" background_image_id=\"\" lazy_load=\"avada\" skip_lazy_load=\"\" background_position_medium=\"\" background_position_small=\"\" background_position=\"left top\" background_repeat_medium=\"\" background_repeat_small=\"\" background_repeat=\"no-repeat\" background_size_medium=\"\" background_size_small=\"\" background_size=\"\" background_custom_size=\"\" background_custom_size_medium=\"\" background_custom_size_small=\"\" background_blend_mode_medium=\"\" background_blend_mode_small=\"\" background_blend_mode=\"none\" render_logics=\"\" sticky=\"off\" sticky_devices=\"small-visibility,medium-visibility,large-visibility\" sticky_offset=\"\" absolute=\"off\" absolute_props=\"\" filter_type=\"regular\" filter_hover_element=\"self\" filter_hue=\"0\" filter_saturation=\"100\" filter_brightness=\"100\" filter_contrast=\"100\" filter_invert=\"0\" filter_sepia=\"0\" filter_opacity=\"100\" filter_blur=\"0\" filter_hue_hover=\"0\" filter_saturation_hover=\"100\" filter_brightness_hover=\"100\" filter_contrast_hover=\"100\" filter_invert_hover=\"0\" filter_sepia_hover=\"0\" filter_opacity_hover=\"100\" filter_blur_hover=\"0\" transform_type=\"regular\" transform_hover_element=\"self\" transform_scale_x=\"1\" transform_scale_y=\"1\" transform_translate_x=\"0\" transform_translate_y=\"0\" transform_rotate=\"0\" transform_skew_x=\"0\" transform_skew_y=\"0\" transform_scale_x_hover=\"1\" transform_scale_y_hover=\"1\" transform_translate_x_hover=\"0\" transform_translate_y_hover=\"0\" transform_rotate_hover=\"0\" transform_skew_x_hover=\"0\" transform_skew_y_hover=\"0\" transform_origin=\"\" transition_duration=\"300\" transition_easing=\"ease\" transition_custom_easing=\"\" motion_effects=\"\" scroll_motion_devices=\"small-visibility,medium-visibility,large-visibility\" animation_type=\"\" animation_direction=\"left\" animation_color=\"\" animation_speed=\"0.3\" animation_delay=\"0\" animation_offset=\"\" last=\"no\" border_position=\"all\"][fusion_button link=\"./settings\" title=\"\" target=\"_self\" link_attributes=\"\" alignment_medium=\"\" alignment_small=\"\" alignment=\"\" modal=\"\" hide_on_mobile=\"small-visibility,medium-visibility,large-visibility\" sticky_display=\"normal,sticky\" class=\"\" id=\"floatingsettingsbttn\" color=\"default\" button_gradient_top_color_hover=\"\" hue=\"\" saturation=\"\" lightness=\"\" alpha=\"\" button_gradient_top_color=\"\" button_gradient_bottom_color_hover=\"\" button_gradient_bottom_color=\"\" gradient_start_position=\"\" gradient_end_position=\"\" gradient_type=\"\" radial_direction=\"\" linear_angle=\"180\" accent_hover_color=\"\" accent_color=\"\" type=\"\" bevel_color=\"\" bevel_color_hover=\"\" border_top=\"\" border_right=\"\" border_bottom=\"\" border_left=\"\" border_radius_top_left=\"\" border_radius_top_right=\"\" border_radius_bottom_right=\"\" border_radius_bottom_left=\"\" border_hover_color=\"\" border_color=\"\" size=\"\" padding_top=\"\" padding_right=\"\" padding_bottom=\"\" padding_left=\"\" fusion_font_family_button_font=\"\" fusion_font_variant_button_font=\"\" font_size=\"\" line_height=\"\" letter_spacing=\"\" text_transform=\"\" stretch=\"default\" margin_top=\"\" margin_right=\"\" margin_bottom=\"\" margin_left=\"\" icon=\"\" icon_position=\"left\" icon_divider=\"no\" hover_transition=\"none\" animation_type=\"\" animation_direction=\"left\" animation_color=\"\" animation_speed=\"0.3\" animation_delay=\"0\" animation_offset=\"\"]Settings[/fusion_button][/fusion_builder_column][/fusion_builder_row][/fusion_builder_container]', 'Home', '', 'inherit', 'closed', 'closed', '', '315-revision-v1', '', '', '2024-03-14 23:40:36', '2024-03-15 03:40:36', '', 315, 'https://taptopcard.com/unclaimed/?p=1138', 0, 'revision', '', 0);

-- --------------------------------------------------------

--
-- Table structure for table `wphs_15_termmeta`
--

CREATE TABLE `wphs_15_termmeta` (
  `meta_id` bigint(20) UNSIGNED NOT NULL,
  `term_id` bigint(20) UNSIGNED NOT NULL DEFAULT 0,
  `meta_key` varchar(255) DEFAULT NULL,
  `meta_value` longtext DEFAULT NULL
) ENGINE=InnoDB DEFAULT CHARSET=utf8mb4 COLLATE=utf8mb4_unicode_520_ci;

--
-- Dumping data for table `wphs_15_termmeta`
--

INSERT INTO `wphs_15_termmeta` (`meta_id`, `term_id`, `meta_key`, `meta_value`) VALUES
(1, 1, '_fusion', 'a:0:{}'),
(6, 16, 'fusion_taxonomy_options', 'a:14:{s:18:\"fusion_tax_heading\";s:0:\"\";s:11:\"slider_type\";s:2:\"no\";s:20:\"fusion_tax_wooslider\";s:1:\"0\";s:24:\"fusion_tax_elasticslider\";s:1:\"0\";s:15:\"slider_position\";s:7:\"default\";s:16:\"main_padding_top\";s:0:\"\";s:19:\"main_padding_bottom\";s:0:\"\";s:15:\"header_bg_color\";s:0:\"\";s:22:\"mobile_header_bg_color\";s:0:\"\";s:14:\"page_title_bar\";s:7:\"default\";s:13:\"page_title_bg\";s:0:\"\";s:20:\"page_title_bg_retina\";s:0:\"\";s:17:\"page_title_height\";s:0:\"\";s:24:\"page_title_mobile_height\";s:0:\"\";}'),
(7, 16, '_fusion', 'a:3:{s:11:\"slider_type\";s:2:\"no\";s:9:\"wooslider\";s:1:\"0\";s:13:\"elasticslider\";s:1:\"0\";}'),
(8, 315, '_fusion', 'a:0:{}'),
(9, 819, '_fusion', 'a:0:{}'),
(10, 1110, '_fusion', 'a:0:{}'),
(11, 1127, '_fusion', 'a:0:{}'),
(12, 890, '_fusion', 'a:0:{}');

-- --------------------------------------------------------

--
-- Table structure for table `wphs_15_terms`
--

CREATE TABLE `wphs_15_terms` (
  `term_id` bigint(20) UNSIGNED NOT NULL,
  `name` varchar(200) NOT NULL DEFAULT '',
  `slug` varchar(200) NOT NULL DEFAULT '',
  `term_group` bigint(10) NOT NULL DEFAULT 0
) ENGINE=InnoDB DEFAULT CHARSET=utf8mb4 COLLATE=utf8mb4_unicode_520_ci;

--
-- Dumping data for table `wphs_15_terms`
--

INSERT INTO `wphs_15_terms` (`term_id`, `name`, `slug`, `term_group`) VALUES
(1, 'Uncategorized', 'uncategorized', 0),
(16, 'News', 'news', 0),
(17, 'columns', 'columns', 0),
(18, 'content', 'content', 0),
(19, 'footer', 'footer', 0),
(20, 'header', 'header', 0),
(21, 'page_title_bar', 'page_title_bar', 0),
(22, 'sections', 'sections', 0),
(23, 'Main Menu', 'main-menu', 0),
(24, 'Mobile Menu', 'mobile-menu', 0);

-- --------------------------------------------------------

--
-- Table structure for table `wphs_15_term_relationships`
--

CREATE TABLE `wphs_15_term_relationships` (
  `object_id` bigint(20) UNSIGNED NOT NULL DEFAULT 0,
  `term_taxonomy_id` bigint(20) UNSIGNED NOT NULL DEFAULT 0,
  `term_order` int(11) NOT NULL DEFAULT 0
) ENGINE=InnoDB DEFAULT CHARSET=utf8mb4 COLLATE=utf8mb4_unicode_520_ci;

--
-- Dumping data for table `wphs_15_term_relationships`
--

INSERT INTO `wphs_15_term_relationships` (`object_id`, `term_taxonomy_id`, `term_order`) VALUES
(19, 17, 0),
(31, 17, 0),
(226, 22, 0),
(822, 20, 0),
(853, 19, 0),
(890, 20, 0),
(914, 18, 0),
(924, 21, 0),
(937, 18, 0),
(944, 18, 0),
(951, 18, 0),
(1132, 23, 0),
(1133, 23, 0),
(1135, 24, 0),
(1136, 24, 0);

-- --------------------------------------------------------

--
-- Table structure for table `wphs_15_term_taxonomy`
--

CREATE TABLE `wphs_15_term_taxonomy` (
  `term_taxonomy_id` bigint(20) UNSIGNED NOT NULL,
  `term_id` bigint(20) UNSIGNED NOT NULL DEFAULT 0,
  `taxonomy` varchar(32) NOT NULL DEFAULT '',
  `description` longtext NOT NULL,
  `parent` bigint(20) UNSIGNED NOT NULL DEFAULT 0,
  `count` bigint(20) NOT NULL DEFAULT 0
) ENGINE=InnoDB DEFAULT CHARSET=utf8mb4 COLLATE=utf8mb4_unicode_520_ci;

--
-- Dumping data for table `wphs_15_term_taxonomy`
--

INSERT INTO `wphs_15_term_taxonomy` (`term_taxonomy_id`, `term_id`, `taxonomy`, `description`, `parent`, `count`) VALUES
(1, 1, 'category', '', 0, 0),
(16, 16, 'category', '', 0, 0),
(17, 17, 'element_category', '', 0, 2),
(18, 18, 'fusion_tb_category', '', 0, 4),
(19, 19, 'fusion_tb_category', '', 0, 1),
(20, 20, 'fusion_tb_category', '', 0, 2),
(21, 21, 'fusion_tb_category', '', 0, 1),
(22, 22, 'element_category', '', 0, 1),
(23, 23, 'nav_menu', '', 0, 2),
(24, 24, 'nav_menu', '', 0, 2);

-- --------------------------------------------------------

--
-- Table structure for table `wphs_15_wc_admin_notes`
--

CREATE TABLE `wphs_15_wc_admin_notes` (
  `note_id` bigint(20) UNSIGNED NOT NULL,
  `name` varchar(255) NOT NULL,
  `type` varchar(20) NOT NULL,
  `locale` varchar(20) NOT NULL,
  `title` longtext NOT NULL,
  `content` longtext NOT NULL,
  `content_data` longtext DEFAULT NULL,
  `status` varchar(200) NOT NULL,
  `source` varchar(200) NOT NULL,
  `date_created` datetime NOT NULL DEFAULT '0000-00-00 00:00:00',
  `date_reminder` datetime DEFAULT NULL,
  `is_snoozable` tinyint(1) NOT NULL DEFAULT 0,
  `layout` varchar(20) NOT NULL DEFAULT '',
  `image` varchar(200) DEFAULT NULL,
  `is_deleted` tinyint(1) NOT NULL DEFAULT 0,
  `is_read` tinyint(1) NOT NULL DEFAULT 0,
  `icon` varchar(200) NOT NULL DEFAULT 'info'
) ENGINE=InnoDB DEFAULT CHARSET=utf8mb4 COLLATE=utf8mb4_unicode_520_ci;

--
-- Dumping data for table `wphs_15_wc_admin_notes`
--

INSERT INTO `wphs_15_wc_admin_notes` (`note_id`, `name`, `type`, `locale`, `title`, `content`, `content_data`, `status`, `source`, `date_created`, `date_reminder`, `is_snoozable`, `layout`, `image`, `is_deleted`, `is_read`, `icon`) VALUES
(1, 'wc-refund-returns-page', 'info', 'en_US', 'Setup a Refund and Returns Policy page to boost your store\'s credibility.', 'We have created a sample draft Refund and Returns Policy page for you. Please have a look and update it to fit your store.', '{}', 'unactioned', 'woocommerce-core', '2024-01-08 03:21:55', NULL, 0, 'plain', '', 0, 1, 'info'),
(2, 'wc-admin-wc-helper-connection', 'info', 'en_US', 'Connect to Woo.com', 'Connect to get important product notifications and updates.', '{}', 'unactioned', 'woocommerce-admin', '2024-01-08 03:22:00', NULL, 0, 'plain', '', 0, 1, 'info'),
(3, 'wayflyer_bnpl_q4_2021', 'marketing', 'en_US', 'Grow your business with funding through Wayflyer', 'Fast, flexible financing to boost cash flow and help your business grow – one fee, no interest rates, penalties, equity, or personal guarantees. Based on your store’s performance, Wayflyer provides funding and analytical insights to invest in your business.', '{}', 'pending', 'woocommerce.com', '2024-01-08 03:23:06', NULL, 0, 'plain', '', 0, 0, 'info'),
(4, 'wc_shipping_mobile_app_usps_q4_2021', 'marketing', 'en_US', 'Print and manage your shipping labels with WooCommerce Shipping and the WooCommerce Mobile App', 'Save time by printing, purchasing, refunding, and tracking shipping labels generated by <a href=\"https://woo.com/woocommerce-shipping/\">WooCommerce Shipping</a> – all directly from your mobile device!', '{}', 'pending', 'woocommerce.com', '2024-01-08 03:23:06', NULL, 0, 'plain', '', 0, 0, 'info'),
(5, 'woocommerce-services', 'info', 'en_US', 'WooCommerce Shipping & Tax', 'WooCommerce Shipping &amp; Tax helps get your store \"ready to sell\" as quickly as possible. You create your products. We take care of tax calculation, payment processing, and shipping label printing! Learn more about the extension that you just installed.', '{}', 'pending', 'woocommerce.com', '2024-01-08 03:23:06', NULL, 0, 'plain', '', 0, 0, 'info'),
(6, 'your-first-product', 'info', 'en_US', 'Your first product', 'That’s huge! You’re well on your way to building a successful online store — now it’s time to think about how you’ll fulfill your orders.<br /><br />Read our shipping guide to learn best practices and options for putting together your shipping strategy. And for WooCommerce stores in the United States, you can print discounted shipping labels via USPS with <a href=\"https://href.li/?https://woo.com/shipping\" target=\"_blank\">WooCommerce Shipping</a>.', '{}', 'pending', 'woocommerce.com', '2024-01-08 03:23:06', NULL, 0, 'plain', '', 0, 0, 'info'),
(7, 'wc-admin-optimizing-the-checkout-flow', 'info', 'en_US', 'Optimizing the checkout flow', 'It’s crucial to get your store’s checkout as smooth as possible to avoid losing sales. Let’s take a look at how you can optimize the checkout experience for your shoppers.', '{}', 'pending', 'woocommerce.com', '2024-01-08 03:23:06', NULL, 0, 'plain', '', 0, 0, 'info'),
(8, 'wc-payments-qualitative-feedback', 'info', 'en_US', 'WooCommerce Payments setup - let us know what you think', 'Congrats on enabling WooCommerce Payments for your store. Please share your feedback in this 2 minute survey to help us improve the setup process.', '{}', 'pending', 'woocommerce.com', '2024-01-08 03:23:06', NULL, 0, 'plain', '', 0, 0, 'info'),
(9, 'share-your-feedback-on-paypal', 'info', 'en_US', 'Share your feedback on PayPal', 'Share your feedback in this 2 minute survey about how we can make the process of accepting payments more useful for your store.', '{}', 'pending', 'woocommerce.com', '2024-01-08 03:23:06', NULL, 0, 'plain', '', 0, 0, 'info'),
(10, 'google_listings_and_ads_install', 'marketing', 'en_US', 'Drive traffic and sales with Google', 'Reach online shoppers to drive traffic and sales for your store by showcasing products across Google, for free or with ads.', '{}', 'pending', 'woocommerce.com', '2024-01-08 03:23:06', NULL, 0, 'plain', '', 0, 0, 'info'),
(11, 'wc-subscriptions-security-update-3-0-15', 'info', 'en_US', 'WooCommerce Subscriptions security update!', 'We recently released an important security update to WooCommerce Subscriptions. To ensure your site’s data is protected, please upgrade <strong>WooCommerce Subscriptions to version 3.0.15</strong> or later.<br /><br />Click the button below to view and update to the latest Subscriptions version, or log in to <a href=\"https://woo.com/my-dashboard\">WooCommerce.com Dashboard</a> and navigate to your <strong>Downloads</strong> page.<br /><br />We recommend always using the latest version of WooCommerce Subscriptions, and other software running on your site, to ensure maximum security.<br /><br />If you have any questions we are here to help — just <a href=\"https://woo.com/my-account/create-a-ticket/\">open a ticket</a>.', '{}', 'pending', 'woocommerce.com', '2024-01-08 03:23:06', NULL, 0, 'plain', '', 0, 0, 'info'),
(12, 'woocommerce-core-update-5-4-0', 'info', 'en_US', 'Update to WooCommerce 5.4.1 now', 'WooCommerce 5.4.1 addresses a checkout issue discovered in WooCommerce 5.4. We recommend upgrading to WooCommerce 5.4.1 as soon as possible.', '{}', 'pending', 'woocommerce.com', '2024-01-08 03:23:06', NULL, 0, 'plain', '', 0, 0, 'info'),
(13, 'wcpay-promo-2020-11', 'marketing', 'en_US', 'wcpay-promo-2020-11', 'wcpay-promo-2020-11', '{}', 'pending', 'woocommerce.com', '2024-01-08 03:23:06', NULL, 0, 'plain', '', 0, 0, 'info'),
(14, 'wcpay-promo-2020-12', 'marketing', 'en_US', 'wcpay-promo-2020-12', 'wcpay-promo-2020-12', '{}', 'pending', 'woocommerce.com', '2024-01-08 03:23:06', NULL, 0, 'plain', '', 0, 0, 'info'),
(15, 'ppxo-pps-upgrade-paypal-payments-1', 'info', 'en_US', 'Get the latest PayPal extension for WooCommerce', 'Heads up! There’s a new PayPal on the block!<br /><br />Now is a great time to upgrade to our latest <a href=\"https://woo.com/products/woocommerce-paypal-payments/\" target=\"_blank\">PayPal extension</a> to continue to receive support and updates with PayPal.<br /><br />Get access to a full suite of PayPal payment methods, extensive currency and country coverage, and pay later options with the all-new PayPal extension for WooCommerce.', '{}', 'pending', 'woocommerce.com', '2024-01-08 03:23:06', NULL, 0, 'plain', '', 0, 0, 'info'),
(16, 'ppxo-pps-upgrade-paypal-payments-2', 'info', 'en_US', 'Upgrade your PayPal experience!', 'Get access to a full suite of PayPal payment methods, extensive currency and country coverage, offer subscription and recurring payments, and the new PayPal pay later options.<br /><br />Start using our <a href=\"https://woo.com/products/woocommerce-paypal-payments/\" target=\"_blank\">latest PayPal today</a> to continue to receive support and updates.', '{}', 'pending', 'woocommerce.com', '2024-01-08 03:23:06', NULL, 0, 'plain', '', 0, 0, 'info'),
(17, 'woocommerce-core-sqli-july-2021-need-to-update', 'update', 'en_US', 'Action required: Critical vulnerabilities in WooCommerce', 'In response to a critical vulnerability identified on July 13, 2021, we are working with the WordPress Plugins Team to deploy software updates to stores running WooCommerce (versions 3.3 to 5.5) and the WooCommerce Blocks feature plugin (versions 2.5 to 5.5).<br /><br />Our investigation into this vulnerability is ongoing, but <strong>we wanted to let you know now about the importance of updating immediately</strong>.<br /><br />For more information on which actions you should take, as well as answers to FAQs, please urgently review our blog post detailing this issue.', '{}', 'pending', 'woocommerce.com', '2024-01-08 03:23:06', NULL, 0, 'plain', '', 0, 0, 'info'),
(18, 'woocommerce-blocks-sqli-july-2021-need-to-update', 'update', 'en_US', 'Action required: Critical vulnerabilities in WooCommerce Blocks', 'In response to a critical vulnerability identified on July 13, 2021, we are working with the WordPress Plugins Team to deploy software updates to stores running WooCommerce (versions 3.3 to 5.5) and the WooCommerce Blocks feature plugin (versions 2.5 to 5.5).<br /><br />Our investigation into this vulnerability is ongoing, but <strong>we wanted to let you know now about the importance of updating immediately</strong>.<br /><br />For more information on which actions you should take, as well as answers to FAQs, please urgently review our blog post detailing this issue.', '{}', 'pending', 'woocommerce.com', '2024-01-08 03:23:06', NULL, 0, 'plain', '', 0, 0, 'info'),
(19, 'woocommerce-core-sqli-july-2021-store-patched', 'update', 'en_US', 'Solved: Critical vulnerabilities patched in WooCommerce', 'In response to a critical vulnerability identified on July 13, 2021, we worked with the WordPress Plugins Team to deploy software updates to stores running WooCommerce (versions 3.3 to 5.5) and the WooCommerce Blocks feature plugin (versions 2.5 to 5.5).<br /><br /><strong>Your store has been updated to the latest secure version(s)</strong>. For more information and answers to FAQs, please review our blog post detailing this issue.', '{}', 'pending', 'woocommerce.com', '2024-01-08 03:23:06', NULL, 0, 'plain', '', 0, 0, 'info'),
(20, 'woocommerce-blocks-sqli-july-2021-store-patched', 'update', 'en_US', 'Solved: Critical vulnerabilities patched in WooCommerce Blocks', 'In response to a critical vulnerability identified on July 13, 2021, we worked with the WordPress Plugins Team to deploy software updates to stores running WooCommerce (versions 3.3 to 5.5) and the WooCommerce Blocks feature plugin (versions 2.5 to 5.5).<br /><br /><strong>Your store has been updated to the latest secure version(s)</strong>. For more information and answers to FAQs, please review our blog post detailing this issue.', '{}', 'pending', 'woocommerce.com', '2024-01-08 03:23:06', NULL, 0, 'plain', '', 0, 0, 'info'),
(21, 'habit-moment-survey', 'marketing', 'en_US', 'We’re all ears! Share your experience so far with WooCommerce', 'We’d love your input to shape the future of WooCommerce together. Feel free to share any feedback, ideas or suggestions that you have.', '{}', 'pending', 'woocommerce.com', '2024-01-08 03:23:06', NULL, 0, 'plain', '', 0, 0, 'info'),
(22, 'woocommerce-core-paypal-march-2022-updated', 'update', 'en_US', 'Security auto-update of WooCommerce', '<strong>Your store has been updated to the latest secure version of WooCommerce</strong>. We worked with WordPress to deploy PayPal Standard security updates for stores running WooCommerce (version 3.5 to 6.3). It’s recommended to disable PayPal Standard, and use <a href=\"https://woo.com/products/woocommerce-paypal-payments/\" target=\"_blank\">PayPal Payments</a> to accept PayPal.', '{}', 'pending', 'woocommerce.com', '2024-01-08 03:23:06', NULL, 0, 'plain', '', 0, 0, 'info'),
(23, 'woocommerce-core-paypal-march-2022-updated-nopp', 'update', 'en_US', 'Security auto-update of WooCommerce', '<strong>Your store has been updated to the latest secure version of WooCommerce</strong>. We worked with WordPress to deploy security updates related to PayPal Standard payment gateway for stores running WooCommerce (version 3.5 to 6.3).', '{}', 'pending', 'woocommerce.com', '2024-01-08 03:23:06', NULL, 0, 'plain', '', 0, 0, 'info'),
(24, 'pinterest_03_2022_update', 'marketing', 'en_US', 'Your Pinterest for WooCommerce plugin is out of date!', 'Update to the latest version of Pinterest for WooCommerce to continue using this plugin and keep your store connected with Pinterest. To update, visit <strong>Plugins &gt; Installed Plugins</strong>, and click on “update now” under Pinterest for WooCommerce.', '{}', 'pending', 'woocommerce.com', '2024-01-08 03:23:06', NULL, 0, 'plain', '', 0, 0, 'info'),
(25, 'store_setup_survey_survey_q2_2022', 'survey', 'en_US', 'How is your store setup going?', 'Our goal is to make sure you have all the right tools to start setting up your store in the smoothest way possible.\r\nWe’d love to know if we hit our mark and how we can improve. To collect your thoughts, we made a 2-minute survey.', '{}', 'unactioned', 'woocommerce.com', '2024-01-15 03:38:37', NULL, 0, 'plain', '', 0, 0, 'info'),
(26, 'woocommerce-payments-august-2022-need-to-update', 'update', 'en_US', 'Action required: Please update WooCommerce Payments', 'An updated secure version of WooCommerce Payments is available – please ensure that you’re using the latest patch version. For more information on what action you need to take, please review the article below.', '{}', 'pending', 'woocommerce.com', '2024-01-08 03:23:06', NULL, 0, 'plain', '', 0, 0, 'info'),
(27, 'woocommerce-payments-august-2022-store-patched', 'update', 'en_US', 'WooCommerce Payments has been automatically updated', 'You’re now running the latest secure version of WooCommerce Payments. We’ve worked with the WordPress Plugins team to deploy a security update to stores running WooCommerce Payments (version 3.9 to 4.5). For further information, please review the article below.', '{}', 'pending', 'woocommerce.com', '2024-01-08 03:23:06', NULL, 0, 'plain', '', 0, 0, 'info'),
(28, 'needs-update-eway-payment-gateway-rin-2022-12-20', 'update', 'en_US', 'Security vulnerability patched in WooCommerce Eway Gateway', 'In response to a potential vulnerability identified in WooCommerce Eway Gateway versions 3.1.0 to 3.5.0, we’ve worked to deploy security fixes and have released an updated version.\r\nNo external exploits have been detected, but we recommend you update to your latest supported version 3.1.26, 3.2.3, 3.3.1, 3.4.6, or 3.5.1', '{}', 'pending', 'woocommerce.com', '2024-01-08 03:23:06', NULL, 0, 'plain', '', 0, 0, 'info'),
(29, 'updated-eway-payment-gateway-rin-2022-12-20', 'update', 'en_US', 'WooCommerce Eway Gateway has been automatically updated', 'Your store is now running the latest secure version of WooCommerce Eway Gateway. We worked with the WordPress Plugins team to deploy a software update to stores running WooCommerce Eway Gateway (versions 3.1.0 to 3.5.0) in response to a security vulnerability that was discovered.', '{}', 'pending', 'woocommerce.com', '2024-01-08 03:23:06', NULL, 0, 'plain', '', 0, 0, 'info'),
(30, 'ecomm-wc-navigation-survey-2023', 'info', 'en_US', 'Navigating WooCommerce on WordPress.com', 'We are improving the WooCommerce navigation on WordPress.com and would love your help to make it better! Please share your experience with us in this 2-minute survey.', '{}', 'pending', 'woocommerce.com', '2024-01-08 03:23:06', NULL, 0, 'plain', '', 0, 0, 'info'),
(31, 'woopay-beta-merchantrecruitment-04MAY23', 'info', 'en_US', 'Increase conversions with WooPay — our fastest checkout yet', 'WooPay, a new express checkout feature built into WooCommerce Payments, is now available —and we’re inviting you to be one of the first to try it. \r\n<br><br>\r\nBoost conversions by offering your customers a simple, secure way to pay with a single click.\r\n<br><br>\r\nGet started in seconds.', '{}', 'pending', 'woocommerce.com', '2024-01-08 03:23:06', NULL, 0, 'plain', '', 0, 0, 'info'),
(32, 'woocommerce-wcpay-march-2023-update-needed', 'update', 'en_US', 'Action required: Security update for WooCommerce Payments', '<strong>Your store requires a security update for WooCommerce Payments</strong>. Please update to the latest version of WooCommerce Payments immediately to address a potential vulnerability discovered on March 22. For more information on how to update, visit this WooCommerce Developer Blog Post.', '{}', 'pending', 'woocommerce.com', '2024-01-08 03:23:06', NULL, 0, 'plain', '', 0, 0, 'info'),
(33, 'tap_to_pay_iphone_q2_2023_no_wcpay', 'marketing', 'en_US', 'Accept in-person contactless payments on your iPhone', 'Tap to Pay on iPhone and WooCommerce Payments is quick, secure, and simple to set up — no extra terminals or card readers are needed. Accept contactless debit and credit cards, Apple Pay, and other NFC digital wallets in person.', '{}', 'unactioned', 'woocommerce.com', '2024-01-08 03:23:06', NULL, 0, 'plain', '', 0, 1, 'info'),
(34, 'woocommerce-WCPreOrders-april-2023-update-needed', 'update', 'en_US', 'Action required: Security update of WooCommerce Pre-Orders extension', '<strong>Your store requires a security update for the WooCommerce Pre-Orders extension</strong>. Please update the WooCommerce Pre-Orders extension immediately to address a potential vulnerability discovered on April 11.', '{}', 'pending', 'woocommerce.com', '2024-01-08 03:23:06', NULL, 0, 'plain', '', 0, 0, 'info'),
(35, 'woopay-beta-merchantrecruitment-update-04MAY23', 'info', 'en_US', 'Increase conversions with WooPay — our fastest checkout yet', 'WooPay, a new express checkout feature built into WooCommerce Payments, is now available — and you’re invited to try it. \r\n<br /><br />\r\nBoost conversions by offering your customers a simple, secure way to pay with a single click.\r\n<br /><br />\r\nUpdate WooCommerce Payments to get started.', '{}', 'pending', 'woocommerce.com', '2024-01-08 03:23:06', NULL, 0, 'plain', '', 0, 0, 'info'),
(36, 'woopay-beta-existingmerchants-noaction-27APR23', 'info', 'en_US', 'WooPay is back!', 'Thanks for previously trying WooPay, the express checkout feature built into WooCommerce Payments. We’re excited to announce that WooPay availability has resumed. No action is required on your part.\r\n<br /><br />\r\nYou can now continue boosting conversions by offering your customers a simple, secure way to pay with a single click.', '{}', 'pending', 'woocommerce.com', '2024-01-08 03:23:06', NULL, 0, 'plain', '', 0, 0, 'info'),
(37, 'woopay-beta-existingmerchants-update-27APR23', 'info', 'en_US', 'WooPay is back!', 'Thanks for previously trying WooPay, the express checkout feature built into WooCommerce Payments. We’re excited to announce that WooPay availability has resumed.\r\n<br /><br />\r\n\r\nUpdate to the latest WooCommerce Payments version to continue boosting conversions by offering your customers a simple, secure way to pay with a single click.', '{}', 'pending', 'woocommerce.com', '2024-01-08 03:23:06', NULL, 0, 'plain', '', 0, 0, 'info'),
(38, 'woopay-beta-merchantrecruitment-short-04MAY23', 'info', 'en_US', 'Increase conversions with WooPay — our fastest checkout yet', 'Be one of the first to try WooPay, a new express checkout feature for WooCommerce Payments. \r\n<br><br>\r\nBoost conversions by letting customers pay with a single click.', '{}', 'pending', 'woocommerce.com', '2024-01-08 03:23:06', NULL, 0, 'plain', '', 0, 0, 'info'),
(39, 'woopay-beta-merchantrecruitment-short-update-04MAY23', 'info', 'en_US', 'Increase conversions with WooPay — our fastest checkout yet', 'Be one of the first to try WooPay, our new express checkout feature. <br>Boost conversions by letting customers pay with a single click. <br><br>Update to the latest version of WooCommerce Payments to get started.', '{}', 'pending', 'woocommerce.com', '2024-01-08 03:23:06', NULL, 0, 'plain', '', 0, 0, 'info'),
(40, 'woopay-beta-merchantrecruitment-short-06MAY23-TESTA', 'info', 'en_US', 'Increase conversions with WooPay — our fastest checkout yet', 'Be one of the first to try WooPay, a new express checkout feature for WooCommerce Payments. \r\n<br><br>\r\nBoost conversions by letting customers pay with a single click.', '{}', 'pending', 'woocommerce.com', '2024-01-08 03:23:06', NULL, 0, 'plain', '', 0, 0, 'info'),
(41, 'woopay-beta-merchantrecruitment-short-06MAY23-TESTB', 'info', 'en_US', 'Increase conversions with WooPay — our fastest checkout yet', 'Be one of the first to try WooPay, a new express checkout feature for WooCommerce Payments. \r\n<br><br>\r\nBoost conversions by letting customers pay with a single click.', '{}', 'pending', 'woocommerce.com', '2024-01-08 03:23:06', NULL, 0, 'plain', '', 0, 0, 'info'),
(42, 'woopay-beta-merchantrecruitment-short-06MAY23-TESTC', 'info', 'en_US', 'Increase conversions with WooPay — our fastest checkout yet', 'Be one of the first to try WooPay, a new express checkout feature for WooCommerce Payments. \r\n<br><br>\r\nBoost conversions by letting customers pay with a single click.', '{}', 'pending', 'woocommerce.com', '2024-01-08 03:23:06', NULL, 0, 'plain', '', 0, 0, 'info'),
(43, 'woopay-beta-merchantrecruitment-short-06MAY23-TESTD', 'info', 'en_US', 'Increase conversions with WooPay — our fastest checkout yet', 'Be one of the first to try WooPay, a new express checkout feature for WooCommerce Payments. \r\n<br><br>\r\nBoost conversions by letting customers pay with a single click.', '{}', 'pending', 'woocommerce.com', '2024-01-08 03:23:06', NULL, 0, 'plain', '', 0, 0, 'info'),
(44, 'woopay-beta-merchantrecruitment-short-09MAY23', 'info', 'en_US', 'Increase conversions with WooPay — our fastest checkout yet', 'Be one of the first to try WooPay, a new express checkout feature for WooCommerce Payments. \r\n<br><br>\r\nBoost conversions by letting customers pay with a single click.', '{}', 'pending', 'woocommerce.com', '2024-01-08 03:23:06', NULL, 0, 'plain', '', 0, 0, 'info'),
(45, 'woopay-beta-merchantrecruitment-short-update-09MAY23', 'info', 'en_US', 'Increase conversions with WooPay — our fastest checkout yet', 'Be one of the first to try WooPay, our new express checkout feature. <br>Boost conversions by letting customers pay with a single click. <br><br>Update to the latest version of WooCommerce Payments to get started.', '{}', 'pending', 'woocommerce.com', '2024-01-08 03:23:06', NULL, 0, 'plain', '', 0, 0, 'info'),
(46, 'woocommerce-WCstripe-May-2023-updated-needed', 'update', 'en_US', 'Action required: Security update of WooCommerce Stripe plugin', '<strong>Your store requires a security update for the WooCommerce Stripe plugin</strong>. Please update the WooCommerce Stripe plugin immediately to address a potential vulnerability.', '{}', 'pending', 'woocommerce.com', '2024-01-08 03:23:06', NULL, 0, 'plain', '', 0, 0, 'info'),
(47, 'woocommerce-WCPayments-June-2023-updated-needed', 'update', 'en_US', 'Action required: Security update of WooCommerce Payments', '<strong>Your store requires a security update for the WooCommerce Payments plugin</strong>. Please update the WooCommerce Payments plugin immediately to address a potential vulnerability.', '{}', 'pending', 'woocommerce.com', '2024-01-08 03:23:06', NULL, 0, 'plain', '', 0, 0, 'info'),
(48, 'woocommerce-WCSubscriptions-June-2023-updated-needed', 'marketing', 'en_US', 'Action required: Security update of WooCommerce Subscriptions', '<strong>Your store requires a security update for the WooCommerce Subscriptions plugin</strong>. Please update the WooCommerce Subscriptions plugin immediately to address a potential vulnerability.', '{}', 'pending', 'woocommerce.com', '2024-01-08 03:23:06', NULL, 0, 'plain', '', 0, 0, 'info'),
(49, 'woocommerce-WCReturnsWarranty-June-2023-updated-needed', 'update', 'en_US', 'Action required: Security update of WooCommerce Returns and Warranty Requests extension', '<strong>Your store requires a security update for the Returns and Warranty Requests extension</strong>.  Please update to the latest version of the WooCommerce Returns and Warranty Requests extension immediately to address a potential vulnerability discovered on May 31.', '{}', 'pending', 'woocommerce.com', '2024-01-08 03:23:06', NULL, 0, 'plain', '', 0, 0, 'info'),
(50, 'woocommerce-WCOPC-June-2023-updated-needed', 'update', 'en_US', 'Action required: Security update of WooCommerce One Page Checkout', '<strong>Your shop requires a security update to address a vulnerability in the WooCommerce One Page Checkout extension</strong>. The fix for this vulnerability was released for this extension on June 13th. Please update immediately.', '{}', 'pending', 'woocommerce.com', '2024-01-08 03:23:06', NULL, 0, 'plain', '', 0, 0, 'info'),
(51, 'woocommerce-WCGC-July-2023-update-needed', 'update', 'en_US', 'Action required: Security update of WooCommerce GoCardless Extension', '<strong>Your shop requires a security update to address a vulnerability in the WooCommerce GoCardless extension</strong>. The fix for this vulnerability was released on July 4th. Please update immediately.', '{}', 'pending', 'woocommerce.com', '2024-01-08 03:23:06', NULL, 0, 'plain', '', 0, 0, 'info'),
(52, 'woocommerce-shipping-fedex-api-outage-2023-07-16', 'warning', 'en_US', 'Scheduled FedEx API outage — July 2023', 'On July 16 there will be a full outage of the FedEx API from 04:00 to 08:00 AM UTC. Due to planned maintenance by FedEx, you\'ll be unable to provide FedEx shipping rates during this time. Follow the link below for more information and recommendations on how to minimize impact.', '{}', 'pending', 'woocommerce.com', '2024-01-08 03:23:06', NULL, 0, 'plain', '', 0, 0, 'info'),
(53, 'wcship-2023-07-hazmat-update-needed', 'update', 'en_US', 'Action required: USPS HAZMAT compliance update for WooCommerce Shipping & Tax extension', '<strong>Your store requires an update for the WooCommerce Shipping extension</strong>. Please update to the latest version of the WooCommerce Shipping &amp; Tax extension immediately to ensure compliance with new USPS HAZMAT rules currently in effect.', '{}', 'pending', 'woocommerce.com', '2024-01-08 03:23:07', NULL, 0, 'plain', '', 0, 0, 'info'),
(54, 'woocommerce-WCStripe-Aug-2023-update-needed', 'update', 'en_US', 'Action required: Security update for WooCommerce Stripe plugin', '<strong>Your shop requires an important security update for the  WooCommerce Stripe plugin</strong>. The fix for this vulnerability was released on July 31. Please update immediately.', '{}', 'pending', 'woocommerce.com', '2024-01-08 03:23:07', NULL, 0, 'plain', '', 0, 0, 'info'),
(55, 'woocommerce-WCStripe-Aug-2023-security-updated', 'update', 'en_US', 'Security update of WooCommerce Stripe plugin', '<strong>Your store has been updated to the latest secure version of the WooCommerce Stripe plugin</strong>. This update was released on July 31.', '{}', 'pending', 'woocommerce.com', '2024-01-08 03:23:07', NULL, 0, 'plain', '', 0, 0, 'info'),
(56, 'woocommerce-WooPayments-Aug-2023-update-needed', 'update', 'en_US', 'Action required: Security update for WooPayments (WooCommerce Payments) plugin', '<strong>Your shop requires an important security update for the WooPayments (WooCommerce Payments) extension</strong>. The fix for this vulnerability was released on July 31. Please update immediately.', '{}', 'pending', 'woocommerce.com', '2024-01-08 03:23:07', NULL, 0, 'plain', '', 0, 0, 'info'),
(57, 'woocommerce-WooPayments-Aug-2023-security-updated', 'update', 'en_US', 'Security update of WooPayments (WooCommerce Payments) plugin', '<strong>Your store has been updated to the more secure version of WooPayments (WooCommerce Payments)</strong>. This update was released on July 31.', '{}', 'pending', 'woocommerce.com', '2024-01-08 03:23:07', NULL, 0, 'plain', '', 0, 0, 'info'),
(58, 'avalara_q3-2023_noAvaTax', 'marketing', 'en_US', 'Automatically calculate VAT in real time', 'Take the effort out of determining tax rates and sell confidently across borders with automated tax management from Avalara AvaTax— including built-in VAT calculation when you sell into or across the EU and UK. Save time and stay compliant when you let Avalara do the heavy lifting.', '{}', 'pending', 'woocommerce.com', '2024-01-08 03:23:07', NULL, 0, 'plain', '', 0, 0, 'info'),
(59, 'woo-activation-survey-blockers-22AUG23', 'info', 'en_US', 'How can we help you get that first sale?', 'Your feedback is vital. Please take a minute to share your experience of setting up your new store and whether anything is preventing you from making those first few sales. Together, we can make Woo even better!', '{}', 'unactioned', 'woocommerce.com', '2024-01-08 08:22:12', NULL, 0, 'plain', '', 0, 0, 'info'),
(60, 'woocommerce-usermeta-Sept2023-productvendors', 'update', 'en_US', 'Your store requires a security update', '<strong>Your shop needs an update to address a vulnerability in WooCommerce.</strong> The fix was released on Sept 15. Please update WooCommerce to the latest version immediately. <a href=\"https://developer.woocommerce.com/2023/09/16/woocommerce-vulnerability-reintroduced-from-7-0-1/\" />Read our developer update</a> for more information.', '{}', 'pending', 'woocommerce.com', '2024-01-08 03:23:07', NULL, 0, 'plain', '', 0, 0, 'info'),
(61, 'woocommerce-STRIPE-Oct-2023-update-needed', 'update', 'en_US', 'Action required: Security update for WooCommerce Stripe Gateway', '<strong>Your shop requires a security update to address a vulnerability in the WooCommerce Stripe Gateway</strong>. The fix for this vulnerability was released on October 17. Please update immediately.', '{}', 'pending', 'woocommerce.com', '2024-01-08 03:23:07', NULL, 0, 'plain', '', 0, 0, 'info'),
(62, 'amazon-mcf-reviews-2023-12-07', 'marketing', 'en_US', 'Enjoying Amazon MCF for WooCommerce?', 'We\'re Never Settle, the developers behind Amazon MCF for WooCommerce, and would be deeply honored to have your review. Reviews help immensely as other users can learn how MCF can solve their needs too! Not happy or need help? Please reach out for support and we’d love to make things right!', '{}', 'pending', 'woocommerce.com', '2024-01-08 03:23:07', NULL, 0, 'plain', '', 0, 0, 'info'),
(63, 'wc-admin-choosing-a-theme', 'marketing', 'en_US', 'Choosing a theme?', 'Check out the themes that are compatible with WooCommerce and choose one aligned with your brand and business needs.', '{}', 'unactioned', 'woocommerce-admin', '2024-01-09 03:23:38', NULL, 0, 'plain', '', 0, 0, 'info'),
(64, 'wc-admin-add-first-product-note', 'email', 'en_US', 'Add your first product', '{greetings}<br /><br />Nice one; you\'ve created a WooCommerce store! Now it\'s time to add your first product and get ready to start selling.<br /><br />There are three ways to add your products: you can <strong>create products manually, import them at once via CSV file</strong>, or <strong>migrate them from another service</strong>.<br /><br /><a href=\"https://woo.com/document/managing-products/?utm_source=help_panel&amp;utm_medium=product\">Explore our docs</a> for more information, or just get started!', '{\"role\":\"administrator\"}', 'unactioned', 'woocommerce-admin', '2024-01-10 03:38:04', NULL, 0, 'plain', 'https://taptopcard.com/unclaimed/wp-content/plugins/woocommerce/images/admin_notes/dashboard-widget-setup.png', 0, 0, 'info'),
(65, 'wc-admin-mobile-app', 'info', 'en_US', 'Install Woo mobile app', 'Install the WooCommerce mobile app to manage orders, receive sales notifications, and view key metrics — wherever you are.', '{}', 'unactioned', 'woocommerce-admin', '2024-01-10 03:38:04', NULL, 0, 'plain', '', 0, 0, 'info'),
(66, 'amazon_pay_reactivate_q1-24', 'marketing', 'en_US', 'Special offer: Activate 0% promo rate for Amazon Pay', 'For a limited time, Woo merchants who register with Amazon Pay can enjoy a promotional rate of 0% on all transaction fees for 30 days. Valid for businesses based in the United Kingdom. Terms and conditions apply.', '{}', 'pending', 'woocommerce.com', '2024-01-10 03:38:06', NULL, 0, 'plain', '', 0, 0, 'info'),
(67, 'wc-admin-onboarding-payments-reminder', 'info', 'en_US', 'Start accepting payments on your store!', 'Take payments with the provider that’s right for you - choose from 100+ payment gateways for WooCommerce.', '{}', 'unactioned', 'woocommerce-admin', '2024-01-13 05:49:37', NULL, 0, 'plain', '', 0, 0, 'info'),
(68, 'wc-admin-usage-tracking-opt-in', 'info', 'en_US', 'Help WooCommerce improve with usage tracking', 'Gathering usage data allows us to improve WooCommerce. Your store will be considered as we evaluate new features, judge the quality of an update, or determine if an improvement makes sense. You can always visit the <a href=\"https://taptopcard.com/unclaimed/wp-admin/admin.php?page=wc-settings&#038;tab=advanced&#038;section=woocommerce_com\" target=\"_blank\">Settings</a> and choose to stop sharing data. <a href=\"https://woo.com/usage-tracking?utm_medium=product\" target=\"_blank\">Read more</a> about what data we collect.', '{}', 'unactioned', 'woocommerce-admin', '2024-01-15 03:38:36', NULL, 0, 'plain', '', 0, 0, 'info'),
(69, 'wc-admin-woocommerce-payments', 'marketing', 'en_US', 'Try the new way to get paid', 'Securely accept credit and debit cards on your site. Manage transactions without leaving your WordPress dashboard. Only with <strong>WooPayments</strong>.<br><br>By clicking \"Get started\", you agree to our <a href=\"https://wordpress.com/tos/\" target=\"_blank\">Terms of Service</a>', '{}', 'unactioned', 'woocommerce-admin', '2024-01-15 03:38:36', NULL, 0, 'plain', '', 0, 0, 'info'),
(70, 'remove_estimated_deposits_2024', 'marketing', 'en_US', 'Estimated deposits are going away', 'To provide more accurate deposit information and support the expansion of instant deposits, estimated deposit details will no longer be available in WooPayments. We recommend upgrading to the latest version of WooPayments for more detailed balance status information.', '{}', 'pending', 'woocommerce.com', '2024-01-19 03:44:17', NULL, 0, 'plain', '', 0, 0, 'info'),
(71, 'custom_order_attribution_inbox_q1_2024', 'marketing', 'en_US', 'NEW: Custom Order Attribution', 'Order attribution tracking is now available for all Woo stores! See whether an order came from a search ad, video, or email. Make better marketing decisions and watch your products go from “maybe” to “must-have.”', '{}', 'pending', 'woocommerce.com', '2024-02-06 03:40:45', NULL, 0, 'plain', '', 0, 0, 'info');

-- --------------------------------------------------------

--
-- Table structure for table `wphs_15_wc_admin_note_actions`
--

CREATE TABLE `wphs_15_wc_admin_note_actions` (
  `action_id` bigint(20) UNSIGNED NOT NULL,
  `note_id` bigint(20) UNSIGNED NOT NULL,
  `name` varchar(255) NOT NULL,
  `label` varchar(255) NOT NULL,
  `query` longtext NOT NULL,
  `status` varchar(255) NOT NULL,
  `actioned_text` varchar(255) NOT NULL,
  `nonce_action` varchar(255) DEFAULT NULL,
  `nonce_name` varchar(255) DEFAULT NULL
) ENGINE=InnoDB DEFAULT CHARSET=utf8mb4 COLLATE=utf8mb4_unicode_520_ci;

--
-- Dumping data for table `wphs_15_wc_admin_note_actions`
--

INSERT INTO `wphs_15_wc_admin_note_actions` (`action_id`, `note_id`, `name`, `label`, `query`, `status`, `actioned_text`, `nonce_action`, `nonce_name`) VALUES
(1, 1, 'notify-refund-returns-page', 'Edit page', 'https://taptopcard.com/unclaimed/wp-admin/post.php?post=43&action=edit', 'actioned', '', NULL, NULL),
(2, 2, 'connect', 'Connect', '?page=wc-addons&section=helper', 'unactioned', '', NULL, NULL),
(1567, 63, 'visit-the-theme-marketplace', 'Visit the theme marketplace', 'https://woo.com/product-category/themes/?utm_source=inbox&utm_medium=product', 'actioned', '', NULL, NULL),
(1660, 64, 'add-first-product', 'Add a product', 'https://taptopcard.com/unclaimed/wp-admin/admin.php?page=wc-admin&task=products', 'actioned', '', NULL, NULL),
(1661, 65, 'learn-more', 'Learn more', 'https://woo.com/mobile/?utm_medium=product', 'actioned', '', NULL, NULL),
(1939, 67, 'view-payment-gateways', 'Learn more', 'https://woo.com/product-category/woocommerce-extensions/payment-gateways/?utm_medium=product', 'actioned', '', NULL, NULL),
(2124, 68, 'tracking-opt-in', 'Activate usage tracking', '', 'actioned', '', NULL, NULL),
(2125, 69, 'learn-more', 'Learn more', 'https://woo.com/payments/?utm_medium=product', 'unactioned', '', NULL, NULL),
(2126, 69, 'get-started', 'Get started', 'https://taptopcard.com/unclaimed/wp-admin/admin.php?page=wc-admin&action=setup-woocommerce-payments', 'actioned', '', 'setup-woocommerce-payments', ''),
(6829, 3, 'wayflyer_bnpl_q4_2021', 'Level up with funding', 'https://woo.com/products/wayflyer/?utm_source=inbox_note&utm_medium=product&utm_campaign=wayflyer_bnpl_q4_2021', 'actioned', '', NULL, NULL),
(6830, 4, 'wc_shipping_mobile_app_usps_q4_2021', 'Get WooCommerce Shipping', 'https://woo.com/woocommerce-shipping/?utm_source=inbox_note&utm_medium=product&utm_campaign=wc_shipping_mobile_app_usps_q4_2021', 'actioned', '', NULL, NULL),
(6831, 5, 'learn-more', 'Learn more', 'https://docs.woocommerce.com/document/woocommerce-shipping-and-tax/?utm_source=inbox', 'unactioned', '', NULL, NULL),
(6832, 6, 'learn-more', 'Learn more', 'https://woo.com/posts/ecommerce-shipping-solutions-guide/?utm_source=inbox_note&utm_medium=product&utm_campaign=learn-more', 'actioned', '', NULL, NULL),
(6833, 7, 'optimizing-the-checkout-flow', 'Learn more', 'https://woo.com/posts/optimizing-woocommerce-checkout?utm_source=inbox_note&utm_medium=product&utm_campaign=optimizing-the-checkout-flow', 'actioned', '', NULL, NULL),
(6834, 8, 'qualitative-feedback-from-new-users', 'Share feedback', 'https://automattic.survey.fm/wc-pay-new', 'actioned', '', NULL, NULL),
(6835, 9, 'share-feedback', 'Share feedback', 'http://automattic.survey.fm/paypal-feedback', 'unactioned', '', NULL, NULL),
(6836, 10, 'get-started', 'Get started', 'https://woo.com/products/google-listings-and-ads?utm_source=inbox_note&utm_medium=product&utm_campaign=get-started', 'actioned', '', NULL, NULL),
(6837, 11, 'update-wc-subscriptions-3-0-15', 'View latest version', 'https://taptopcard.com/unclaimed/wp-admin/&page=wc-addons&section=helper', 'actioned', '', NULL, NULL),
(6838, 12, 'update-wc-core-5-4-0', 'How to update WooCommerce', 'https://docs.woocommerce.com/document/how-to-update-woocommerce/', 'actioned', '', NULL, NULL),
(6839, 15, 'ppxo-pps-install-paypal-payments-1', 'View upgrade guide', 'https://docs.woocommerce.com/document/woocommerce-paypal-payments/paypal-payments-upgrade-guide/', 'actioned', '', NULL, NULL),
(6840, 16, 'ppxo-pps-install-paypal-payments-2', 'View upgrade guide', 'https://docs.woocommerce.com/document/woocommerce-paypal-payments/paypal-payments-upgrade-guide/', 'actioned', '', NULL, NULL),
(6841, 17, 'learn-more', 'Learn more', 'https://woo.com/posts/critical-vulnerability-detected-july-2021/?utm_source=inbox_note&utm_medium=product&utm_campaign=learn-more', 'unactioned', '', NULL, NULL),
(6842, 17, 'dismiss', 'Dismiss', '', 'actioned', '', NULL, NULL),
(6843, 18, 'learn-more', 'Learn more', 'https://woo.com/posts/critical-vulnerability-detected-july-2021/?utm_source=inbox_note&utm_medium=product&utm_campaign=learn-more', 'unactioned', '', NULL, NULL),
(6844, 18, 'dismiss', 'Dismiss', '', 'actioned', '', NULL, NULL),
(6845, 19, 'learn-more', 'Learn more', 'https://woo.com/posts/critical-vulnerability-detected-july-2021/?utm_source=inbox_note&utm_medium=product&utm_campaign=learn-more', 'unactioned', '', NULL, NULL),
(6846, 19, 'dismiss', 'Dismiss', '', 'actioned', '', NULL, NULL),
(6847, 20, 'learn-more', 'Learn more', 'https://woo.com/posts/critical-vulnerability-detected-july-2021/?utm_source=inbox_note&utm_medium=product&utm_campaign=learn-more', 'unactioned', '', NULL, NULL),
(6848, 20, 'dismiss', 'Dismiss', '', 'actioned', '', NULL, NULL),
(6849, 21, 'share-feedback', 'Share feedback', 'https://automattic.survey.fm/store-management', 'unactioned', '', NULL, NULL),
(6850, 22, 'learn-more', 'Learn more', 'https://developer.woocommerce.com/2022/03/10/woocommerce-3-5-10-6-3-1-security-releases/', 'unactioned', '', NULL, NULL),
(6851, 22, 'woocommerce-core-paypal-march-2022-dismiss', 'Dismiss', '', 'actioned', '', NULL, NULL),
(6852, 23, 'learn-more', 'Learn more', 'https://developer.woocommerce.com/2022/03/10/woocommerce-3-5-10-6-3-1-security-releases/', 'unactioned', '', NULL, NULL),
(6853, 23, 'dismiss', 'Dismiss', '', 'actioned', '', NULL, NULL),
(6854, 24, 'pinterest_03_2022_update', 'Update Instructions', 'https://woo.com/document/pinterest-for-woocommerce/?utm_source=inbox_note&utm_medium=product&utm_campaign=pinterest_03_2022_update#section-3', 'actioned', '', NULL, NULL),
(6855, 25, 'store_setup_survey_survey_q2_2022_share_your_thoughts', 'Tell us how it’s going', 'https://automattic.survey.fm/store-setup-survey-2022', 'actioned', '', NULL, NULL),
(6856, 26, 'learn-more', 'Find out more', 'https://developer.woocommerce.com/2022/08/09/woocommerce-payments-3-9-4-4-5-1-security-releases/', 'unactioned', '', NULL, NULL),
(6857, 26, 'dismiss', 'Dismiss', '', 'actioned', '', NULL, NULL),
(6858, 27, 'learn-more', 'Find out more', 'https://developer.woocommerce.com/2022/08/09/woocommerce-payments-3-9-4-4-5-1-security-releases/', 'unactioned', '', NULL, NULL),
(6859, 27, 'dismiss', 'Dismiss', '', 'actioned', '', NULL, NULL),
(6860, 28, 'needs-update-eway-payment-gateway-rin-action-button-2022-12-20', 'See available updates', 'https://taptopcard.com/unclaimed/wp-admin/update-core.php', 'unactioned', '', NULL, NULL),
(6861, 28, 'needs-update-eway-payment-gateway-rin-dismiss-button-2022-12-20', 'Dismiss', '#', 'actioned', '', NULL, NULL),
(6862, 29, 'updated-eway-payment-gateway-rin-action-button-2022-12-20', 'See all updates', 'https://taptopcard.com/unclaimed/wp-admin/update-core.php', 'unactioned', '', NULL, NULL),
(6863, 29, 'updated-eway-payment-gateway-rin-dismiss-button-2022-12-20', 'Dismiss', '#', 'actioned', '', NULL, NULL),
(6864, 30, 'share-navigation-survey-feedback', 'Share feedback', 'https://automattic.survey.fm/new-ecommerce-plan-navigation', 'actioned', '', NULL, NULL),
(6865, 31, 'woopay-beta-merchantrecruitment-activate-04MAY23', 'Activate WooPay', 'https://taptopcard.com/unclaimed/wp-admin/admin.php?page=wc-settings&tab=checkout&section=woocommerce_payments&method=platform_checkout', 'actioned', '', NULL, NULL),
(6866, 31, 'woopay-beta-merchantrecruitment-activate-learnmore-04MAY23', 'Learn More', 'https://woo.com/woopay-businesses/?utm_source=inbox_note&utm_medium=product&utm_campaign=woopay-beta-merchantrecruitment-activate-learnmore-04MAY23', 'unactioned', '', NULL, NULL),
(6867, 32, 'woocommerce-wcpay-march-2023-update-needed-button', 'See Blog Post', 'https://developer.woocommerce.com/2023/03/23/critical-vulnerability-detected-in-woocommerce-payments-what-you-need-to-know', 'unactioned', '', NULL, NULL),
(6868, 32, 'woocommerce-wcpay-march-2023-update-needed-dismiss-button', 'Dismiss', '#', 'actioned', '', NULL, NULL),
(6869, 33, 'tap_to_pay_iphone_q2_2023_no_wcpay', 'Simplify my payments', 'https://woo.com/products/woocommerce-payments/?utm_source=inbox_note&utm_medium=product&utm_campaign=tap_to_pay_iphone_q2_2023_no_wcpay', 'actioned', '', NULL, NULL),
(6870, 34, 'extension-settings', 'See available updates', 'https://taptopcard.com/unclaimed/wp-admin/update-core.php', 'unactioned', '', NULL, NULL),
(6871, 34, 'dismiss', 'Dismiss', '#', 'actioned', '', NULL, NULL),
(6872, 35, 'woopay-beta-merchantrecruitment-update-WCPay-04MAY23', 'Update WooCommerce Payments', 'https://taptopcard.com/unclaimed/wp-admin/plugins.php?plugin_status=all', 'unactioned', '', NULL, NULL),
(6873, 35, 'woopay-beta-merchantrecruitment-update-activate-04MAY23', 'Activate WooPay', 'https://taptopcard.com/unclaimed/wp-admin/admin.php?page=wc-settings&tab=checkout&section=woocommerce_payments&method=platform_checkout', 'actioned', '', NULL, NULL),
(6874, 36, 'woopay-beta-existingmerchants-noaction-documentation-27APR23', 'Documentation', 'https://woo.com/document/woopay-merchant-documentation/?utm_source=inbox_note&utm_medium=product&utm_campaign=woopay-beta-existingmerchants-noaction-documentation-27APR23', 'actioned', '', NULL, NULL),
(6875, 37, 'woopay-beta-existingmerchants-update-WCPay-27APR23', 'Update WooCommerce Payments', 'https://taptopcard.com/unclaimed/wp-admin/plugins.php?plugin_status=all', 'actioned', '', NULL, NULL),
(6876, 38, 'woopay-beta-merchantrecruitment-short-activate-04MAY23', 'Activate WooPay', 'https://taptopcard.com/unclaimed/wp-admin/admin.php?page=wc-settings&tab=checkout&section=woocommerce_payments&method=platform_checkout', 'actioned', '', NULL, NULL),
(6877, 38, 'woopay-beta-merchantrecruitment-short-activate-learnmore-04MAY23', 'Learn More', 'https://woo.com/woopay-businesses/?utm_source=inbox_note&utm_medium=product&utm_campaign=woopay-beta-merchantrecruitment-short-activate-learnmore-04MAY23', 'actioned', '', NULL, NULL),
(6878, 39, 'woopay-beta-merchantrecruitment-short-update-WCPay-04MAY23', 'Update WooCommerce Payments', 'https://taptopcard.com/unclaimed/wp-admin/plugins.php?plugin_status=all', 'unactioned', '', NULL, NULL),
(6879, 39, 'woopay-beta-merchantrecruitment-short-update-activate-04MAY23', 'Activate WooPay', 'https://taptopcard.com/unclaimed/wp-admin/admin.php?page=wc-settings&tab=checkout&section=woocommerce_payments&method=platform_checkout', 'actioned', '', NULL, NULL),
(6880, 40, 'woopay-beta-merchantrecruitment-short-activate-06MAY23-TESTA', 'Activate WooPay Test A', 'https://taptopcard.com/unclaimed/wp-admin/admin.php?page=wc-settings&tab=checkout&section=woocommerce_payments&method=platform_checkout', 'unactioned', '', NULL, NULL),
(6881, 40, 'woopay-beta-merchantrecruitment-short-activate-learnmore-06MAY23-TESTA', 'Learn More', 'https://woo.com/woopay-businesses/?utm_source=inbox_note&utm_medium=product&utm_campaign=woopay-beta-merchantrecruitment-short-activate-learnmore-06MAY23-TESTA', 'unactioned', '', NULL, NULL),
(6882, 41, 'woopay-beta-merchantrecruitment-short-activate-06MAY23-TESTB', 'Activate WooPay Test B', 'https://taptopcard.com/unclaimed/wp-admin/admin.php?page=wc-settings&tab=checkout&section=woocommerce_payments&method=platform_checkout', 'unactioned', '', NULL, NULL),
(6883, 41, 'woopay-beta-merchantrecruitment-short-activate-learnmore-06MAY23-TESTA', 'Learn More', 'https://woo.com/woopay-businesses/?utm_source=inbox_note&utm_medium=product&utm_campaign=woopay-beta-merchantrecruitment-short-activate-learnmore-06MAY23-TESTA', 'unactioned', '', NULL, NULL),
(6884, 42, 'woopay-beta-merchantrecruitment-short-activate-06MAY23-TESTC', 'Activate WooPay Test C', 'https://taptopcard.com/unclaimed/wp-admin/admin.php?page=wc-settings&tab=checkout&section=woocommerce_payments&method=platform_checkout', 'unactioned', '', NULL, NULL),
(6885, 42, 'woopay-beta-merchantrecruitment-short-activate-learnmore-06MAY23-TESTC', 'Learn More', 'https://woo.com/woopay-businesses/?utm_source=inbox_note&utm_medium=product&utm_campaign=woopay-beta-merchantrecruitment-short-activate-learnmore-06MAY23-TESTC', 'unactioned', '', NULL, NULL),
(6886, 43, 'woopay-beta-merchantrecruitment-short-activate-06MAY23-TESTD', 'Activate WooPay Test D', 'https://taptopcard.com/unclaimed/wp-admin/admin.php?page=wc-settings&tab=checkout&section=woocommerce_payments&method=platform_checkout', 'unactioned', '', NULL, NULL),
(6887, 43, 'woopay-beta-merchantrecruitment-short-activate-learnmore-06MAY23-TESTD', 'Learn More', 'https://woo.com/woopay-businesses/?utm_source=inbox_note&utm_medium=product&utm_campaign=woopay-beta-merchantrecruitment-short-activate-learnmore-06MAY23-TESTD', 'unactioned', '', NULL, NULL),
(6888, 44, 'woopay-beta-merchantrecruitment-short-activate-button-09MAY23', 'Activate WooPay', 'https://taptopcard.com/unclaimed/wp-admin/admin.php?page=wc-settings&tab=checkout&section=woocommerce_payments&method=platform_checkout', 'unactioned', '', NULL, NULL),
(6889, 44, 'woopay-beta-merchantrecruitment-short-activate-learnmore-button2-09MAY23', 'Learn More', 'https://woo.com/woopay-businesses/?utm_source=inbox_note&utm_medium=product&utm_campaign=woopay-beta-merchantrecruitment-short-activate-learnmore-button2-09MAY23', 'unactioned', '', NULL, NULL),
(6890, 45, 'woopay-beta-merchantrecruitment-short-update-WCPay-09MAY23', 'Update WooCommerce Payments', 'https://taptopcard.com/unclaimed/wp-admin/plugins.php?plugin_status=all', 'unactioned', '', NULL, NULL),
(6891, 45, 'woopay-beta-merchantrecruitment-short-update-activate-09MAY23', 'Activate WooPay', 'https://taptopcard.com/unclaimed/wp-admin/admin.php?page=wc-settings&tab=checkout&section=woocommerce_payments&method=platform_checkout', 'unactioned', '', NULL, NULL),
(6892, 46, 'woocommerce-WCStripe-May-2023-updated-needed-Plugin-Settings', 'See available updates', 'https://taptopcard.com/unclaimed/wp-admin/plugins.php?plugin_status=all', 'unactioned', '', NULL, NULL),
(6893, 46, 'woocommerce-WCStripe-May-2023-updated-needed-Plugin-Settings-dismiss', 'Dismiss', '#', 'actioned', '', NULL, NULL),
(6894, 47, 'woocommerce-WCPayments-June-2023-updated-needed-Plugin-Settings', 'See available updates', 'https://taptopcard.com/unclaimed/wp-admin/plugins.php?plugin_status=all', 'unactioned', '', NULL, NULL),
(6895, 47, 'woocommerce-WCPayments-June-2023-updated-needed-Dismiss', 'Dismiss', '#', 'actioned', '', NULL, NULL),
(6896, 48, 'woocommerce-WCSubscriptions-June-2023-updated-needed-Plugin-Settings', 'See available updates', 'https://taptopcard.com/unclaimed/wp-admin/plugins.php?plugin_status=all', 'unactioned', '', NULL, NULL),
(6897, 48, 'woocommerce-WCSubscriptions-June-2023-updated-needed-dismiss', 'Dismiss', '#', 'actioned', '', NULL, NULL),
(6898, 49, 'woocommerce-WCReturnsWarranty-June-2023-updated-needed', 'See available updates', 'https://taptopcard.com/unclaimed/wp-admin/plugins.php?plugin_status=all', 'unactioned', '', NULL, NULL),
(6899, 49, 'woocommerce-WCReturnsWarranty-June-2023-updated-needed', 'Dismiss', '#', 'actioned', '', NULL, NULL),
(6900, 50, 'woocommerce-WCOPC-June-2023-updated-needed', 'See available updates', 'https://taptopcard.com/unclaimed/wp-admin/plugins.php?plugin_status=all', 'actioned', '', NULL, NULL),
(6901, 50, 'woocommerce-WCOPC-June-2023-updated-needed', 'Dismiss', 'https://taptopcard.com/unclaimed/wp-admin/#', 'actioned', '', NULL, NULL),
(6902, 51, 'woocommerce-WCGC-July-2023-update-needed', 'See available updates', 'https://taptopcard.com/unclaimed/wp-admin/plugins.php?plugin_status=all', 'unactioned', '', NULL, NULL),
(6903, 51, 'woocommerce-WCGC-July-2023-update-needed', 'Dismiss', '#', 'actioned', '', NULL, NULL),
(6904, 52, 'learn-more', 'Learn more', 'https://woo.com/document/fedex/?utm_medium=product&utm_source=inbox_note&utm_campaign=learn-more#july-2023-api-outage', 'unactioned', '', NULL, NULL),
(6905, 53, 'plugin-list', 'See available updates', 'https://taptopcard.com/unclaimed/wp-admin/plugins.php?plugin_status=all', 'unactioned', '', NULL, NULL),
(6906, 53, 'dismiss', 'Dismiss', 'https://taptopcard.com/unclaimed/wp-admin/admin.php?page=wc-admin', 'actioned', '', NULL, NULL),
(6907, 54, 'woocommerce-WCStripe-Aug-2023-update-needed', 'See available updates', 'https://taptopcard.com/unclaimed/wp-admin/update-core.php?', 'unactioned', '', NULL, NULL),
(6908, 54, 'dismiss', 'Dismiss', '#', 'actioned', '', NULL, NULL),
(6909, 55, 'dismiss', 'Dismiss', '#', 'actioned', '', NULL, NULL),
(6910, 56, 'woocommerce-WooPayments-Aug-2023-update-needed', 'See available updates', 'https://taptopcard.com/unclaimed/wp-admin/update-core.php?', 'unactioned', '', NULL, NULL),
(6911, 56, 'dismiss', 'Dismiss', '#', 'actioned', '', NULL, NULL),
(6912, 57, 'dismiss', 'Dismiss', '#', 'actioned', '', NULL, NULL),
(6913, 58, 'avalara_q3-2023_noAvaTax', 'Automate my sales tax', 'https://woo.com/products/woocommerce-avatax/?utm_source=inbox_note&utm_medium=product&utm_campaign=avalara_q3-2023_noAvaTax', 'unactioned', '', NULL, NULL),
(6914, 59, 'woo-activation-survey-blockers-survey-button-22AUG23', 'Take our short survey', 'https://woocommerce.survey.fm/getting-started-with-woo', 'unactioned', '', NULL, NULL),
(6915, 60, 'woocommerce-usermeta-Sept2023-productvendors', 'See available updates', 'https://taptopcard.com/unclaimed/wp-admin/plugins.php', 'unactioned', '', NULL, NULL),
(6916, 60, 'dismiss', 'Dismiss', 'https://taptopcard.com/unclaimed/wp-admin/#', 'actioned', '', NULL, NULL),
(6917, 61, 'woocommerce-STRIPE-Oct-2023-update-needed', 'See available updates', 'https://taptopcard.com/unclaimed/wp-admin/update-core.php', 'unactioned', '', NULL, NULL),
(6918, 61, 'dismiss', 'Dismiss', '#', 'actioned', '', NULL, NULL),
(6919, 62, 'amazon-mcf-review-button-2023-12-07', 'Leave a review', 'https://woo.com/products/woocommerce-amazon-fulfillment/?review&utm_source=inbox_note&utm_medium=product&utm_campaign=amazon-mcf-review-button-2023-12-07', 'actioned', '', NULL, NULL),
(6920, 62, 'amazon-mcf-support-button-2023-12-07', 'Request support', 'https://woo.com/my-account/contact-support/?utm_source=inbox_note&utm_medium=product&utm_campaign=amazon-mcf-support-button-2023-12-07', 'actioned', '', NULL, NULL),
(6921, 66, 'amazon_pay_ext-link_q1-24', 'Register your account now', 'https://eu.amazonpayments.com/2024-uk-woopricepromoregistration?utm_campaign=woo_price_promo&utm_medium=EM&utm_source=direct&utm_content=cta&utm_creative=&ld=EMUKAPA-woo_price_promo-direct-24Q1', 'actioned', '', NULL, NULL),
(6922, 70, 'view_docs', 'Learn about Deposit schedules', 'https://woo.com/document/woopayments/deposits/deposit-schedule/?utm_source=inbox_note&utm_medium=product&utm_campaign=view_docs#available-funds', 'unactioned', '', NULL, NULL),
(6923, 71, 'custom_order_attribution_inbox_q1_2024', 'Find more clarity', 'https://woo.com/document/order-attribution-tracking/?utm_source=inbox_note&utm_medium=product&utm_campaign=custom_order_attribution_inbox_q1_2024', 'actioned', '', NULL, NULL);

-- --------------------------------------------------------

--
-- Table structure for table `wphs_15_wc_category_lookup`
--

CREATE TABLE `wphs_15_wc_category_lookup` (
  `category_tree_id` bigint(20) UNSIGNED NOT NULL,
  `category_id` bigint(20) UNSIGNED NOT NULL
) ENGINE=InnoDB DEFAULT CHARSET=utf8mb4 COLLATE=utf8mb4_unicode_520_ci;

--
-- Dumping data for table `wphs_15_wc_category_lookup`
--

INSERT INTO `wphs_15_wc_category_lookup` (`category_tree_id`, `category_id`) VALUES
(22, 22),
(23, 23),
(24, 24);

-- --------------------------------------------------------

--
-- Table structure for table `wphs_15_wc_customer_lookup`
--

CREATE TABLE `wphs_15_wc_customer_lookup` (
  `customer_id` bigint(20) UNSIGNED NOT NULL,
  `user_id` bigint(20) UNSIGNED DEFAULT NULL,
  `username` varchar(60) NOT NULL DEFAULT '',
  `first_name` varchar(255) NOT NULL,
  `last_name` varchar(255) NOT NULL,
  `email` varchar(100) DEFAULT NULL,
  `date_last_active` timestamp NULL DEFAULT NULL,
  `date_registered` timestamp NULL DEFAULT NULL,
  `country` char(2) NOT NULL DEFAULT '',
  `postcode` varchar(20) NOT NULL DEFAULT '',
  `city` varchar(100) NOT NULL DEFAULT '',
  `state` varchar(100) NOT NULL DEFAULT ''
) ENGINE=InnoDB DEFAULT CHARSET=utf8mb4 COLLATE=utf8mb4_unicode_520_ci;

-- --------------------------------------------------------

--
-- Table structure for table `wphs_15_wc_download_log`
--

CREATE TABLE `wphs_15_wc_download_log` (
  `download_log_id` bigint(20) UNSIGNED NOT NULL,
  `timestamp` datetime NOT NULL,
  `permission_id` bigint(20) UNSIGNED NOT NULL,
  `user_id` bigint(20) UNSIGNED DEFAULT NULL,
  `user_ip_address` varchar(100) DEFAULT ''
) ENGINE=InnoDB DEFAULT CHARSET=utf8mb4 COLLATE=utf8mb4_unicode_520_ci;

-- --------------------------------------------------------

--
-- Table structure for table `wphs_15_wc_orders`
--

CREATE TABLE `wphs_15_wc_orders` (
  `id` bigint(20) UNSIGNED NOT NULL,
  `status` varchar(20) DEFAULT NULL,
  `currency` varchar(10) DEFAULT NULL,
  `type` varchar(20) DEFAULT NULL,
  `tax_amount` decimal(26,8) DEFAULT NULL,
  `total_amount` decimal(26,8) DEFAULT NULL,
  `customer_id` bigint(20) UNSIGNED DEFAULT NULL,
  `billing_email` varchar(320) DEFAULT NULL,
  `date_created_gmt` datetime DEFAULT NULL,
  `date_updated_gmt` datetime DEFAULT NULL,
  `parent_order_id` bigint(20) UNSIGNED DEFAULT NULL,
  `payment_method` varchar(100) DEFAULT NULL,
  `payment_method_title` text DEFAULT NULL,
  `transaction_id` varchar(100) DEFAULT NULL,
  `ip_address` varchar(100) DEFAULT NULL,
  `user_agent` text DEFAULT NULL,
  `customer_note` text DEFAULT NULL
) ENGINE=InnoDB DEFAULT CHARSET=utf8mb4 COLLATE=utf8mb4_unicode_520_ci;

-- --------------------------------------------------------

--
-- Table structure for table `wphs_15_wc_orders_meta`
--

CREATE TABLE `wphs_15_wc_orders_meta` (
  `id` bigint(20) UNSIGNED NOT NULL,
  `order_id` bigint(20) UNSIGNED DEFAULT NULL,
  `meta_key` varchar(255) DEFAULT NULL,
  `meta_value` text DEFAULT NULL
) ENGINE=InnoDB DEFAULT CHARSET=utf8mb4 COLLATE=utf8mb4_unicode_520_ci;

-- --------------------------------------------------------

--
-- Table structure for table `wphs_15_wc_order_addresses`
--

CREATE TABLE `wphs_15_wc_order_addresses` (
  `id` bigint(20) UNSIGNED NOT NULL,
  `order_id` bigint(20) UNSIGNED NOT NULL,
  `address_type` varchar(20) DEFAULT NULL,
  `first_name` text DEFAULT NULL,
  `last_name` text DEFAULT NULL,
  `company` text DEFAULT NULL,
  `address_1` text DEFAULT NULL,
  `address_2` text DEFAULT NULL,
  `city` text DEFAULT NULL,
  `state` text DEFAULT NULL,
  `postcode` text DEFAULT NULL,
  `country` text DEFAULT NULL,
  `email` varchar(320) DEFAULT NULL,
  `phone` varchar(100) DEFAULT NULL
) ENGINE=InnoDB DEFAULT CHARSET=utf8mb4 COLLATE=utf8mb4_unicode_520_ci;

-- --------------------------------------------------------

--
-- Table structure for table `wphs_15_wc_order_coupon_lookup`
--

CREATE TABLE `wphs_15_wc_order_coupon_lookup` (
  `order_id` bigint(20) UNSIGNED NOT NULL,
  `coupon_id` bigint(20) NOT NULL,
  `date_created` datetime NOT NULL DEFAULT '0000-00-00 00:00:00',
  `discount_amount` double NOT NULL DEFAULT 0
) ENGINE=InnoDB DEFAULT CHARSET=utf8mb4 COLLATE=utf8mb4_unicode_520_ci;

-- --------------------------------------------------------

--
-- Table structure for table `wphs_15_wc_order_operational_data`
--

CREATE TABLE `wphs_15_wc_order_operational_data` (
  `id` bigint(20) UNSIGNED NOT NULL,
  `order_id` bigint(20) UNSIGNED DEFAULT NULL,
  `created_via` varchar(100) DEFAULT NULL,
  `woocommerce_version` varchar(20) DEFAULT NULL,
  `prices_include_tax` tinyint(1) DEFAULT NULL,
  `coupon_usages_are_counted` tinyint(1) DEFAULT NULL,
  `download_permission_granted` tinyint(1) DEFAULT NULL,
  `cart_hash` varchar(100) DEFAULT NULL,
  `new_order_email_sent` tinyint(1) DEFAULT NULL,
  `order_key` varchar(100) DEFAULT NULL,
  `order_stock_reduced` tinyint(1) DEFAULT NULL,
  `date_paid_gmt` datetime DEFAULT NULL,
  `date_completed_gmt` datetime DEFAULT NULL,
  `shipping_tax_amount` decimal(26,8) DEFAULT NULL,
  `shipping_total_amount` decimal(26,8) DEFAULT NULL,
  `discount_tax_amount` decimal(26,8) DEFAULT NULL,
  `discount_total_amount` decimal(26,8) DEFAULT NULL,
  `recorded_sales` tinyint(1) DEFAULT NULL
) ENGINE=InnoDB DEFAULT CHARSET=utf8mb4 COLLATE=utf8mb4_unicode_520_ci;

-- --------------------------------------------------------

--
